{"id":7,"date":"2024-09-19T10:19:01","date_gmt":"2024-09-19T13:19:01","guid":{"rendered":"https:\/\/eventos.ifbaiano.edu.br\/portal\/snct-2024-alagoinhas\/?page_id=7"},"modified":"2025-04-13T19:02:26","modified_gmt":"2025-04-13T22:02:26","slug":"pagina-inicial","status":"publish","type":"page","link":"https:\/\/eventos.ifbaiano.edu.br\/portal\/snct-2024-alagoinhas\/","title":{"rendered":"P\u00e1gina Inicial"},"content":{"rendered":"\n<div class=\"wp-block-columns alignfull home-header-parent has-background is-layout-flex wp-container-core-columns-is-layout-2 wp-block-columns-is-layout-flex\" style=\"background:linear-gradient(180deg,rgb(0,30,51) 0%,rgb(15,74,105) 100%)\">\n<div class=\"wp-block-column is-layout-flow wp-block-column-is-layout-flow\">\n<div class=\"wp-block-columns home-header is-layout-flex wp-container-core-columns-is-layout-1 wp-block-columns-is-layout-flex\">\n<div class=\"wp-block-column is-vertically-aligned-center is-layout-flow wp-block-column-is-layout-flow\">\n<figure class=\"wp-block-image size-medium\"><img loading=\"lazy\" decoding=\"async\" width=\"300\" height=\"82\" src=\"https:\/\/eventos.ifbaiano.edu.br\/portal\/snct-2024-alagoinhas\/files\/2024\/09\/marca-if-baiano-campus-alagoinhas-horizontal-300x82.png\" alt=\"IF Baiano - Campus Alagoinhas\" class=\"wp-image-45\" srcset=\"https:\/\/eventos.ifbaiano.edu.br\/portal\/snct-2024-alagoinhas\/files\/2024\/09\/marca-if-baiano-campus-alagoinhas-horizontal-300x82.png 300w, https:\/\/eventos.ifbaiano.edu.br\/portal\/snct-2024-alagoinhas\/files\/2024\/09\/marca-if-baiano-campus-alagoinhas-horizontal.png 500w\" sizes=\"(max-width: 300px) 100vw, 300px\" \/><\/figure>\n\n\n\n<div style=\"height:50px\" aria-hidden=\"true\" class=\"wp-block-spacer\"><\/div>\n\n\n\n<h2 class=\"wp-block-heading has-nv-text-dark-bg-color has-text-color has-link-color wp-elements-efc20f116f9f23e36e7c8ad57d647581\">21\u00aa Semana Nacional<br>de Ci\u00eancia<br>e Tecnologia<\/h2>\n\n\n\n<p class=\"has-text-color has-link-color wp-elements-96636a17b447d941dc266a342f43f787\" style=\"color:#e5f4fe\">O Instituto Federal de Educa\u00e7\u00e3o, Ci\u00eancia e Tecnologia Baiano &#8211; <em>Campus<\/em> Alagoinhas &#8211; apresenta a SNCT 2024!<\/p>\n\n\n\n<p class=\"has-text-color has-link-color wp-elements-f8079634ec4fc1e156d69674b0ecaec6\" style=\"color:#e5f4fe\">Abertura oficial &#8211; 14 de outubro de 2024<\/p>\n\n\n\n<p class=\"has-nv-text-dark-bg-color has-text-color has-link-color wp-elements-a89fe979167665d1057f8b230a8dc601\"><strong>Palestra, apresenta\u00e7\u00f5es, feiras e oficinas &#8211; de 25 a 29 de novembro de 2024<\/strong><\/p>\n\n\n\n<div class=\"wp-block-buttons is-layout-flex wp-block-buttons-is-layout-flex\">\n<div class=\"wp-block-button is-style-default\"><a class=\"wp-block-button__link has-neve-text-color-color has-nv-light-bg-background-color has-text-color has-background has-link-color wp-element-button\" href=\"https:\/\/eventos.ifbaiano.edu.br\/portal\/snct-2024-alagoinhas\/programacao\/\">Confira a Programa\u00e7\u00e3o<\/a><\/div>\n\n\n\n<div class=\"wp-block-button is-style-default\"><a class=\"wp-block-button__link has-neve-text-color-color has-nv-light-bg-background-color has-text-color has-background has-link-color wp-element-button\" href=\"https:\/\/eventos.ifbaiano.edu.br\/portal\/snct-2024-alagoinhas\/wp-admin\/post.php?post=294&amp;action=edit\">Certificados<\/a><\/div>\n\n\n\n<div class=\"wp-block-button is-style-default\"><a class=\"wp-block-button__link has-neve-text-color-color has-nv-light-bg-background-color has-text-color has-background has-link-color wp-element-button\" href=\"https:\/\/eventos.ifbaiano.edu.br\/portal\/snct-2024-alagoinhas\/wp-admin\/post.php?post=325&amp;action=edit\">Fotos<\/a><\/div>\n<\/div>\n<\/div>\n\n\n\n<div class=\"wp-block-column is-layout-flow wp-block-column-is-layout-flow\">\n<figure class=\"wp-block-image size-full is-resized\"><img loading=\"lazy\" decoding=\"async\" width=\"635\" height=\"670\" src=\"https:\/\/eventos.ifbaiano.edu.br\/portal\/snct-2024-alagoinhas\/files\/2024\/09\/scnt-arte-principal-v2.png\" alt=\"SNCT\" class=\"wp-image-9\" style=\"width:703px;height:auto\" srcset=\"https:\/\/eventos.ifbaiano.edu.br\/portal\/snct-2024-alagoinhas\/files\/2024\/09\/scnt-arte-principal-v2.png 635w, https:\/\/eventos.ifbaiano.edu.br\/portal\/snct-2024-alagoinhas\/files\/2024\/09\/scnt-arte-principal-v2-284x300.png 284w\" sizes=\"(max-width: 635px) 100vw, 635px\" \/><\/figure>\n<\/div>\n<\/div>\n<\/div>\n<\/div>\n\n\n\n<p>A 21\u00aa Semana Nacional de Ci\u00eancia e Tecnologia (SNCT) se aproxima, trazendo uma oportunidade inestim\u00e1vel para promover o conhecimento e a inova\u00e7\u00e3o em nosso pa\u00eds. Este ano, o IF Baiano <em>Campus<\/em> Alagoinhas, sendo, pelo sexto ano consecutivo, realiza este evento t\u00e3o significativo.<\/p>\n\n\n\n<p>Durante a SNCT, nosso <em>campus<\/em> se transforma em um vibrante espa\u00e7o de aprendizado e troca de ideias, onde ci\u00eancia, tecnologia e cultura se entrela\u00e7am. Especialistas de diversas \u00e1reas ministrar\u00e3o palestras que estimulam o pensamento cr\u00edtico e despertam o interesse dos participantes em temas contempor\u00e2neos e relevantes. As oficinas pr\u00e1ticas oferecer\u00e3o experi\u00eancias enriquecedoras, permitindo que os alunos coloquem a m\u00e3o na massa e experimentem na pr\u00e1tica os conceitos discutidos.<\/p>\n\n\n\n<p>Al\u00e9m das atividades acad\u00eamicas, as apresenta\u00e7\u00f5es culturais trar\u00e3o um toque especial ao evento, ressaltando a import\u00e2ncia da arte e da cultura no desenvolvimento da ci\u00eancia. Essa fus\u00e3o de saberes e express\u00f5es fortalece o senso de comunidade e engajamento entre corpo acad\u00eamico e a sociedade.<\/p>\n\n\n\n<p>Em 2024, a SNCT completa 21 anos e traz como tema \u201cBiomas do Brasil: diversidade, saberes e tecnologias sociais\u201d. A abertura oficial em nosso <em>campus<\/em> ocorrer\u00e1 no dia <strong>14 de outubro de 2024<\/strong>, dando in\u00edcio a um ciclo de aprendizado que se ocorrer\u00e1 de <strong>25 a 29 de novembro de 2024<\/strong>, com uma variedade de atividades envolventes:<\/p>\n\n\n\n<ul>\n<li><strong>Palestras:<\/strong> Especialistas compartilhar\u00e3o <em>insights<\/em>, discutindo a import\u00e2ncia e os desafios que enfrentam.<\/li>\n\n\n\n<li><strong>Apresenta\u00e7\u00f5es:<\/strong> Estudantes e convidados exibir\u00e3o projetos de ensino, pesquisa e extens\u00e3o que exploram uma pluralidade de temas.<\/li>\n\n\n\n<li><strong>Feiras:<\/strong> Um espa\u00e7o para exposi\u00e7\u00f5es interativas ser\u00e3o apresentadas.<\/li>\n\n\n\n<li><strong>Oficinas:<\/strong> Atividades pr\u00e1ticas que permitir\u00e3o aos participantes experimentar, aprender e aprofundar-se em diversos temas relacionados \u00e0 ci\u00eancia e tecnologia, promovendo a educa\u00e7\u00e3o ativa e colaborativa.<\/li>\n<\/ul>\n\n\n\n<p>Convidamos toda a comunidade a se envolver na SNCT 2024 no IF Baiano <em>Campus<\/em> Alagoinhas. Venha fazer parte deste grande evento que celebra o conhecimento e a inova\u00e7\u00e3o! Juntos, vamos inspirar novas gera\u00e7\u00f5es a explorar, descobrir e inovar.<\/p>\n\n\n\n<p><strong>Informa\u00e7\u00f5es adicionais, d\u00favidas e\/ou sugest\u00f5es: <\/strong>snct@alagoinhas.ifbaiano.edu.br<\/p>\n\n\n\n<div class=\"wp-block-group alignwide\"><div class=\"wp-block-group__inner-container is-layout-constrained wp-block-group-is-layout-constrained\">\n<div class=\"wp-block-buttons alignwide is-content-justification-center is-layout-flex wp-container-core-buttons-is-layout-2 wp-block-buttons-is-layout-flex\">\n<div class=\"wp-block-button is-style-default\"><a class=\"wp-block-button__link wp-element-button\" href=\"https:\/\/eventos.ifbaiano.edu.br\/portal\/snct-2024-alagoinhas\/programacao\/\"><mark class=\"has-inline-color has-nv-site-bg-color\">Confira a programa\u00e7\u00e3o completa do evento<\/mark><\/a><\/div>\n\n\n\n<div class=\"wp-block-button is-style-default\"><a class=\"wp-block-button__link wp-element-button\" href=\"https:\/\/suap.ifbaiano.edu.br\/eventos\/inscricao\/2033\/\">Inscri\u00e7\u00f5es &#8211; Ouvintes<\/a><\/div>\n\n\n\n<div class=\"wp-block-button is-style-default\"><a class=\"wp-block-button__link wp-element-button\" href=\"https:\/\/eventos.ifbaiano.edu.br\/portal\/snct-2024-alagoinhas\/submissao-de-trabalhos\/\">Submiss\u00e3o de Trabalhos<\/a><\/div>\n\n\n\n<div class=\"wp-block-button is-style-default\"><a class=\"wp-block-button__link wp-element-button\" href=\"https:\/\/suap.ifbaiano.edu.br\/eventos\/inscricao\/1968\/\">Inscri\u00e7\u00f5es &#8211; Minicursos e Oficinas<\/a><\/div>\n<\/div>\n<\/div><\/div>\n\n\n\n<div class=\"wp-block-buttons alignwide is-content-justification-center is-layout-flex wp-container-core-buttons-is-layout-3 wp-block-buttons-is-layout-flex\">\n<div class=\"wp-block-button\"><a class=\"wp-block-button__link wp-element-button\" href=\"https:\/\/eventos.ifbaiano.edu.br\/portal\/snct-2024-alagoinhas\/gincana-da-semana-nacional-de-ciencia-e-tecnologia-2024\/\">Gincana<\/a><\/div>\n<\/div>\n","protected":false},"excerpt":{"rendered":"<p>21\u00aa Semana Nacionalde Ci\u00eanciae Tecnologia O Instituto Federal de Educa\u00e7\u00e3o, Ci\u00eancia e Tecnologia Baiano &#8211; Campus Alagoinhas &#8211; apresenta a SNCT 2024! Abertura oficial &#8211; 14 de outubro de 2024 Palestra, apresenta\u00e7\u00f5es, feiras e oficinas &#8211; de 25 a 29 de novembro de 2024 A 21\u00aa Semana Nacional de Ci\u00eancia e Tecnologia (SNCT) se aproxima,&hellip;&nbsp;<a href=\"https:\/\/eventos.ifbaiano.edu.br\/portal\/snct-2024-alagoinhas\/\" rel=\"bookmark\">Continue a ler &raquo;<span class=\"screen-reader-text\">P\u00e1gina Inicial<\/span><\/a><\/p>\n","protected":false},"author":20,"featured_media":0,"parent":0,"menu_order":0,"comment_status":"closed","ping_status":"closed","template":"","meta":{"neve_meta_sidebar":"","neve_meta_container":"full-width","neve_meta_enable_content_width":"","neve_meta_content_width":0,"neve_meta_title_alignment":"center","neve_meta_author_avatar":"","neve_post_elements_order":"","neve_meta_disable_header":"","neve_meta_disable_footer":"","neve_meta_disable_title":"on","footnotes":""},"_links":{"self":[{"href":"https:\/\/eventos.ifbaiano.edu.br\/portal\/snct-2024-alagoinhas\/wp-json\/wp\/v2\/pages\/7"}],"collection":[{"href":"https:\/\/eventos.ifbaiano.edu.br\/portal\/snct-2024-alagoinhas\/wp-json\/wp\/v2\/pages"}],"about":[{"href":"https:\/\/eventos.ifbaiano.edu.br\/portal\/snct-2024-alagoinhas\/wp-json\/wp\/v2\/types\/page"}],"author":[{"embeddable":true,"href":"https:\/\/eventos.ifbaiano.edu.br\/portal\/snct-2024-alagoinhas\/wp-json\/wp\/v2\/users\/20"}],"replies":[{"embeddable":true,"href":"https:\/\/eventos.ifbaiano.edu.br\/portal\/snct-2024-alagoinhas\/wp-json\/wp\/v2\/comments?post=7"}],"version-history":[{"count":45,"href":"https:\/\/eventos.ifbaiano.edu.br\/portal\/snct-2024-alagoinhas\/wp-json\/wp\/v2\/pages\/7\/revisions"}],"predecessor-version":[{"id":328,"href":"https:\/\/eventos.ifbaiano.edu.br\/portal\/snct-2024-alagoinhas\/wp-json\/wp\/v2\/pages\/7\/revisions\/328"}],"wp:attachment":[{"href":"https:\/\/eventos.ifbaiano.edu.br\/portal\/snct-2024-alagoinhas\/wp-json\/wp\/v2\/media?parent=7"}],"curies":[{"name":"wp","href":"https:\/\/api.w.org\/{rel}","templated":true}]}}