{"id":8,"date":"2018-07-23T12:24:14","date_gmt":"2018-07-23T15:24:14","guid":{"rendered":"http:\/\/eventos.ifbaiano.edu.br\/portal\/encontrodecaprinoseovinos\/?page_id=8"},"modified":"2021-10-15T10:31:22","modified_gmt":"2021-10-15T13:31:22","slug":"programacao","status":"publish","type":"page","link":"https:\/\/eventos.ifbaiano.edu.br\/portal\/encontrodecaprinoseovinos\/programacao\/","title":{"rendered":"Programa\u00e7\u00e3o"},"content":{"rendered":"\n<h2 class=\"wp-block-heading\">10 de Novembro de 2021<\/h2>\n\n\n\n<p><strong>Manh\u00e3<\/strong><\/p>\n\n\n\n<p><strong>8h <\/strong>&#8211; Apresenta\u00e7\u00e3o Cultural (<strong><a rel=\"noreferrer noopener\" href=\"https:\/\/www.instagram.com\/annapaulaoficial__\/\" target=\"_blank\">@ANNAPAULAOFICIAL__<\/a><\/strong>)<\/p>\n\n\n\n<p><strong>8h10<\/strong> &#8211; Mesa de Abertura<\/p>\n\n\n\n<p><strong>8h40<\/strong> &#8211; Palestra: <strong>Estrat\u00e9gias de Produ\u00e7\u00e3o, Conserva\u00e7\u00e3o e Utiliza\u00e7\u00e3o de Forrageiras para Alimenta\u00e7\u00e3o Animal<\/strong> &#8211; Edson Mauro Santos &#8211; Professor da Universidade Federal da Para\u00edba (UFPB) &#8211; Zootecnista, doutor em Zootecnia.<\/p>\n\n\n\n<p><strong>9h30<\/strong> &#8211; Palestra: <strong>Ovinos Morada Nova:<\/strong> <strong>Um Grande Potencial para Gera\u00e7\u00e3o de Renda no Semi\u00e1rido <\/strong>&#8211; <span style=\"color: var(--nv-text-color);font-family: var(--bodyFontFamily);font-size: var(--bodyFontSize);font-weight: var(--bodyFontWeight);letter-spacing: var(--bodyLetterSpacing);text-transform: var(--bodyTextTransform);background-color: var(--nv-site-bg)\">D\u00e9bora Andr\u00e9a Evangelista Fa\u00e7anha<\/span> &#8211; Professora da <span style=\"color: var(--nv-text-color);font-family: var(--bodyFontFamily);font-size: var(--bodyFontSize);font-weight: var(--bodyFontWeight);letter-spacing: var(--bodyLetterSpacing);text-transform: var(--bodyTextTransform);background-color: var(--nv-site-bg)\">Universidade Federal Rural do Semi\u00e1<span style=\"color: var(--nv-text-color);font-family: var(--bodyFontFamily);font-size: var(--bodyFontSize);font-weight: var(--bodyFontWeight);letter-spacing: var(--bodyLetterSpacing);text-transform: var(--bodyTextTransform);background-color: var(--nv-site-bg)\">rido<\/span> &#8211;<\/span> Zootecnista, doutora em Zootecnia com p\u00f3s-doutorado na \u00e1rea de <span style=\"color: var(--nv-text-color);font-family: var(--bodyFontFamily);font-size: var(--bodyFontSize);font-weight: var(--bodyFontWeight);letter-spacing: var(--bodyLetterSpacing);text-transform: var(--bodyTextTransform);background-color: var(--nv-site-bg)\">Gen\u00e9tica e Melhoramento animal, com \u00eanfase e<\/span><span style=\"color: var(--nv-text-color);font-family: var(--bodyFontFamily);font-size: var(--bodyFontSize);font-weight: var(--bodyFontWeight);letter-spacing: var(--bodyLetterSpacing);text-transform: var(--bodyTextTransform)\"> conserva\u00e7\u00e3o de recursos gen\u00e9ticos e ferramentas gen\u00f4micas sele\u00e7\u00e3o<\/span><\/p>\n\n\n\n<p><strong>10h20<\/strong> &#8211; Palestras: <strong>Processamento de Queijo Frescal e com Especiarias Elaborado com Leite de Cabra <\/strong>&#8211; Gilson Pinto Martioli &#8211; Professor do IF Baiano Campus Guanambi &#8211; <span style=\"color: var(--nv-text-color);font-family: var(--bodyFontFamily);font-size: var(--bodyFontSize);font-weight: var(--bodyFontWeight);letter-spacing: var(--bodyLetterSpacing);text-transform: var(--bodyTextTransform);background-color: var(--nv-site-bg)\">Engenheiro Qu\u00edmico com Habilita\u00e7\u00e3o em Engenharia de Alimentos<\/span>, doutor em Ci\u00eancia de Alimentos<\/p>\n\n\n\n<hr class=\"wp-block-separator\" \/>\n\n\n\n<p><strong>Tarde<\/strong><\/p>\n\n\n\n<p><strong>14h <\/strong>&#8211; Palestra: <strong>Cortes Comerciais na Carca\u00e7a de Cordeiros<\/strong> &#8211; Cristiane Leal &#8211; Professora da Universidade Estadual do Sudoeste da Bahia (Uesb) &#8211; Engenheira Agr\u00f4noma, doutora em Zootecnia com p\u00f3s doutorado na mesma \u00e1rea.  <\/p>\n\n\n\n<p><strong>14h50 &#8211; <\/strong>Palestra: <strong>Charcutaria Artesanal na Caprinovionocultura, Import\u00e2ncia!<\/strong> &#8211; Anderson Luiz Rocha da Silva &#8211; Chefe Internacional de Gastronomia titular do Restaurante Carneio &amp; Cia &#8211; Zootecnista, mestre em Tecnologia de Produ\u00e7\u00e3o de Alimentos e especialista em Cortes Nobres de Caprinos e Ovinos<\/p>\n\n\n\n<p><strong>15h30 &#8211; <\/strong>Palestra: <strong>Redaco: Rede de Neg\u00f3cios na Cadeia Produtiva da Carne Caprina e Ovina na Bahia<\/strong> &#8211; Roberis Ribeiro da Silva &#8211; Diretor Presidente e fundador da Abreaco (<span style=\"color: var(--nv-text-color);font-family: var(--bodyFontFamily);font-size: var(--bodyFontSize);font-weight: var(--bodyFontWeight);letter-spacing: var(--bodyLetterSpacing);text-transform: var(--bodyTextTransform);background-color: var(--nv-site-bg)\">Associa\u00e7\u00e3o Brasileira de Empresa do Agroneg\u00f3cio Caprino e Ovinos<\/span>), Professor da UniFTC &#8211; M\u00e9dico Veterin\u00e1rio, especialista em <span style=\"color: var(--nv-text-color);font-family: var(--bodyFontFamily);font-size: var(--bodyFontSize);font-weight: var(--bodyFontWeight);letter-spacing: var(--bodyLetterSpacing);text-transform: var(--bodyTextTransform);background-color: var(--nv-site-bg)\">Agribusiness<\/span> <\/p>\n\n\n\n<p><strong>16h20 &#8211;<\/strong> Palestra: <strong>Linhas de Cr\u00e9dito para Caprinocultura e Ovinocultura<\/strong> &#8211; Representantes do Banco do Nordeste<\/p>\n\n\n\n<p><strong>17h00<\/strong> &#8211; Encerramento <\/p>\n","protected":false},"excerpt":{"rendered":"<p>10 de Novembro de 2021 Manh\u00e3 8h &#8211; Apresenta\u00e7\u00e3o Cultural (@ANNAPAULAOFICIAL__) 8h10 &#8211; Mesa de Abertura 8h40 &#8211; Palestra: Estrat\u00e9gias de Produ\u00e7\u00e3o, Conserva\u00e7\u00e3o e Utiliza\u00e7\u00e3o de Forrageiras para Alimenta\u00e7\u00e3o Animal &#8211; Edson Mauro Santos &#8211; Professor da Universidade Federal da Para\u00edba (UFPB) &#8211; Zootecnista, doutor em Zootecnia. 9h30 &#8211; Palestra: Ovinos Morada Nova: Um Grande&hellip;&nbsp;<a href=\"https:\/\/eventos.ifbaiano.edu.br\/portal\/encontrodecaprinoseovinos\/programacao\/\" rel=\"bookmark\"><span class=\"screen-reader-text\">Programa\u00e7\u00e3o<\/span><\/a><\/p>\n","protected":false},"author":48,"featured_media":0,"parent":0,"menu_order":0,"comment_status":"closed","ping_status":"closed","template":"","meta":{"neve_meta_sidebar":"","neve_meta_container":"","neve_meta_enable_content_width":"","neve_meta_content_width":0,"neve_meta_title_alignment":"","neve_meta_author_avatar":"","neve_post_elements_order":"","neve_meta_disable_header":"","neve_meta_disable_footer":"","neve_meta_disable_title":"","footnotes":""},"_links":{"self":[{"href":"https:\/\/eventos.ifbaiano.edu.br\/portal\/encontrodecaprinoseovinos\/wp-json\/wp\/v2\/pages\/8"}],"collection":[{"href":"https:\/\/eventos.ifbaiano.edu.br\/portal\/encontrodecaprinoseovinos\/wp-json\/wp\/v2\/pages"}],"about":[{"href":"https:\/\/eventos.ifbaiano.edu.br\/portal\/encontrodecaprinoseovinos\/wp-json\/wp\/v2\/types\/page"}],"author":[{"embeddable":true,"href":"https:\/\/eventos.ifbaiano.edu.br\/portal\/encontrodecaprinoseovinos\/wp-json\/wp\/v2\/users\/48"}],"replies":[{"embeddable":true,"href":"https:\/\/eventos.ifbaiano.edu.br\/portal\/encontrodecaprinoseovinos\/wp-json\/wp\/v2\/comments?post=8"}],"version-history":[{"count":23,"href":"https:\/\/eventos.ifbaiano.edu.br\/portal\/encontrodecaprinoseovinos\/wp-json\/wp\/v2\/pages\/8\/revisions"}],"predecessor-version":[{"id":164,"href":"https:\/\/eventos.ifbaiano.edu.br\/portal\/encontrodecaprinoseovinos\/wp-json\/wp\/v2\/pages\/8\/revisions\/164"}],"wp:attachment":[{"href":"https:\/\/eventos.ifbaiano.edu.br\/portal\/encontrodecaprinoseovinos\/wp-json\/wp\/v2\/media?parent=8"}],"curies":[{"name":"wp","href":"https:\/\/api.w.org\/{rel}","templated":true}]}}