{"id":2,"date":"2025-10-07T13:07:06","date_gmt":"2025-10-07T16:07:06","guid":{"rendered":"https:\/\/eventos.ifbaiano.edu.br\/portal\/encontro-servidores-2025\/?page_id=2"},"modified":"2025-10-17T21:43:04","modified_gmt":"2025-10-18T00:43:04","slug":"evento","status":"publish","type":"page","link":"https:\/\/eventos.ifbaiano.edu.br\/portal\/encontro-servidores-2025\/","title":{"rendered":"O Encontro dos Servidores 2025"},"content":{"rendered":"\n<p>O <strong>Encontro dos Servidores do IF Baiano<\/strong> chega \u00e0 sua <strong>quinta edi\u00e7\u00e3o<\/strong> em 2025, consolidado como um dos momentos mais esperados do nosso calend\u00e1rio institucional. O evento nasceu como <strong>Jogos dos Servidores<\/strong>, com foco inicial na integra\u00e7\u00e3o por meio do esporte e do lazer. A partir do segundo ano, ganhou novo formato e prop\u00f3sito, transformando-se no Encontro dos Servidores \u2014 um espa\u00e7o plural de conviv\u00eancia, forma\u00e7\u00e3o, celebra\u00e7\u00e3o e constru\u00e7\u00e3o coletiva.<\/p>\n\n\n\n<p>Mais do que um evento anual, o Encontro representa a oportunidade de <strong>reconhecer o papel fundamental dos(as) servidores(as)<\/strong> na trajet\u00f3ria do IF Baiano, promovendo momentos de aprendizado, troca de experi\u00eancias e fortalecimento dos la\u00e7os que sustentam nossa rede.<\/p>\n\n\n\n<p>Nesta edi\u00e7\u00e3o, a programa\u00e7\u00e3o acontecer\u00e1 na cidade de <strong>Remanso (BA)<\/strong>, que em breve receber\u00e1 um novo <strong>campus do IF Baiano<\/strong> \u2014 um s\u00edmbolo de expans\u00e3o e compromisso com a interioriza\u00e7\u00e3o da educa\u00e7\u00e3o p\u00fablica, gratuita e de qualidade. O encontro em Remanso marca tamb\u00e9m a presen\u00e7a cada vez mais forte do Instituto em diferentes territ\u00f3rios, aproximando ainda mais a comunidade e reafirmando nossa miss\u00e3o de transformar vidas por meio da educa\u00e7\u00e3o.<\/p>\n\n\n\n<p>Prepare-se para dias de integra\u00e7\u00e3o, conhecimento e celebra\u00e7\u00e3o da nossa hist\u00f3ria. <strong>O Encontro dos Servidores do IF Baiano \u00e9 feito por todos n\u00f3s \u2014 e para todos n\u00f3s.<\/strong><\/p>\n\n\n\n<hr class=\"wp-block-separator has-text-color has-base-color has-alpha-channel-opacity has-base-background-color has-background\"\/>\n\n\n\n<h2 class=\"wp-block-heading\" id=\"programacao\">Programa\u00e7\u00e3o Resumida do Encontro<\/h2>\n\n\n\n<figure class=\"wp-block-image size-large\"><img loading=\"lazy\" decoding=\"async\" width=\"819\" height=\"1024\" src=\"https:\/\/eventos.ifbaiano.edu.br\/portal\/encontro-servidores-2025\/files\/2025\/10\/Programacao-Encontro-1-819x1024.jpg\" alt=\"\" class=\"wp-image-70\" srcset=\"https:\/\/eventos.ifbaiano.edu.br\/portal\/encontro-servidores-2025\/files\/2025\/10\/Programacao-Encontro-1-819x1024.jpg 819w, https:\/\/eventos.ifbaiano.edu.br\/portal\/encontro-servidores-2025\/files\/2025\/10\/Programacao-Encontro-1-240x300.jpg 240w, https:\/\/eventos.ifbaiano.edu.br\/portal\/encontro-servidores-2025\/files\/2025\/10\/Programacao-Encontro-1-768x960.jpg 768w, https:\/\/eventos.ifbaiano.edu.br\/portal\/encontro-servidores-2025\/files\/2025\/10\/Programacao-Encontro-1.jpg 1080w\" sizes=\"(max-width: 819px) 100vw, 819px\" \/><\/figure>\n\n\n\n<hr class=\"wp-block-separator has-text-color has-alpha-channel-opacity has-background\" style=\"background-color:#dddddd;color:#dddddd\"\/>\n\n\n\n<h2 class=\"wp-block-heading\" id=\"programacao\">Programa\u00e7\u00e3o Destalhada dos Jogos<\/h2>\n\n\n\n<p>Modalidades variadas garantem espa\u00e7o para todos participarem, estimulando a pr\u00e1tica esportiva, a sa\u00fade e a integra\u00e7\u00e3o de forma leve e participativa. Confira os hor\u00e1rios e locais das atividades:<\/p>\n\n\n\n<div data-wp-interactive=\"core\/file\" class=\"wp-block-file aligncenter\"><object data-wp-bind--hidden=\"!state.hasPdfPreview\"  class=\"wp-block-file__embed\" data=\"https:\/\/eventos.ifbaiano.edu.br\/portal\/encontro-servidores-2025\/files\/2025\/10\/PROGRAMACAO_DOS_JOGOS_DOS_SERVIDORES_2025.pdf\" type=\"application\/pdf\" style=\"width:100%;height:600px\" aria-label=\"Incorporado de <strong&gt;PROGRAMA\u00c7\u00c3O_DOS_JOGOS_DOS_SERVIDORES_2025<\/strong&gt;.\"><\/object><a id=\"wp-block-file--media-5224f086-8054-478f-a70c-95db294d8553\" href=\"https:\/\/eventos.ifbaiano.edu.br\/portal\/encontro-servidores-2025\/files\/2025\/10\/PROGRAMACAO_DOS_JOGOS_DOS_SERVIDORES_2025.pdf\" target=\"_blank\" rel=\"noreferrer noopener\"><strong>PROGRAMA\u00c7\u00c3O_DOS_JOGOS_DOS_SERVIDORES_2025<\/strong><\/a><a href=\"https:\/\/eventos.ifbaiano.edu.br\/portal\/encontro-servidores-2025\/files\/2025\/10\/PROGRAMACAO_DOS_JOGOS_DOS_SERVIDORES_2025.pdf\" class=\"wp-block-file__button wp-element-button\" download aria-describedby=\"wp-block-file--media-5224f086-8054-478f-a70c-95db294d8553\">Baixar<\/a><\/div>\n\n\n\n<hr class=\"wp-block-separator has-text-color has-alpha-channel-opacity has-background\" style=\"background-color:#dddddd;color:#dddddd\"\/>\n\n\n\n<h2 class=\"wp-block-heading\" id=\"roteiro-de-servicos\">Roteiro de Servi\u00e7os<\/h2>\n\n\n\n<p>Durante o Encontro dos Servidores, al\u00e9m da programa\u00e7\u00e3o oficial, voc\u00ea tamb\u00e9m poder\u00e1 aproveitar a culin\u00e1ria local e conhecer os sabores de Remanso. Para facilitar sua experi\u00eancia na cidade, reunimos aqui algumas sugest\u00f5es de lugares para <strong>almo\u00e7ar e jantar<\/strong>, com op\u00e7\u00f5es que v\u00e3o do regional ao contempor\u00e2neo \u2014 perfeitas para momentos de conviv\u00eancia e boas conversas fora das atividades do evento.<\/p>\n\n\n\n<div class=\"wp-block-file\"><a id=\"wp-block-file--media-0f847cac-2920-4fda-80fc-b382495f7b73\" href=\"https:\/\/eventos.ifbaiano.edu.br\/portal\/encontro-servidores-2025\/files\/2025\/10\/Restaurantes-de-Remanso-Ba.pdf.pdf\"><strong>Lista de Restaurantes em Remanso<\/strong><\/a><a href=\"https:\/\/eventos.ifbaiano.edu.br\/portal\/encontro-servidores-2025\/files\/2025\/10\/Restaurantes-de-Remanso-Ba.pdf.pdf\" class=\"wp-block-file__button wp-element-button\" download aria-describedby=\"wp-block-file--media-0f847cac-2920-4fda-80fc-b382495f7b73\">Baixar<\/a><\/div>\n\n\n\n<p><\/p>\n\n\n\n<hr class=\"wp-block-separator has-text-color has-base-color has-alpha-channel-opacity has-base-background-color has-background\"\/>\n\n\n\n<h2 class=\"wp-block-heading\" id=\"concurso-de-fotografia\">Concurso de Fotografia<\/h2>\n\n\n\n<figure class=\"wp-block-image size-large\"><img loading=\"lazy\" decoding=\"async\" width=\"819\" height=\"1024\" src=\"https:\/\/eventos.ifbaiano.edu.br\/portal\/encontro-servidores-2025\/files\/2025\/10\/foto_site-819x1024.jpg\" alt=\"\" class=\"wp-image-45\" srcset=\"https:\/\/eventos.ifbaiano.edu.br\/portal\/encontro-servidores-2025\/files\/2025\/10\/foto_site-819x1024.jpg 819w, https:\/\/eventos.ifbaiano.edu.br\/portal\/encontro-servidores-2025\/files\/2025\/10\/foto_site-240x300.jpg 240w, https:\/\/eventos.ifbaiano.edu.br\/portal\/encontro-servidores-2025\/files\/2025\/10\/foto_site-768x960.jpg 768w, https:\/\/eventos.ifbaiano.edu.br\/portal\/encontro-servidores-2025\/files\/2025\/10\/foto_site.jpg 1080w\" sizes=\"(max-width: 819px) 100vw, 819px\" \/><\/figure>\n\n\n\n<p><\/p>\n\n\n\n<p>Pela primeira vez, o Encontro dos Servidores contar\u00e1 com um <strong>Concurso de Fotografia<\/strong>, abrindo espa\u00e7o para que cada participante possa registrar e compartilhar diferentes perspectivas sobre nossa institui\u00e7\u00e3o e sobre o pr\u00f3prio evento.<\/p>\n\n\n\n<p>O objetivo \u00e9 valorizar o olhar criativo dos(as) servidores(as), estimulando a sensibilidade art\u00edstica e fortalecendo a identidade do IF Baiano por meio das imagens.<\/p>\n\n\n\n<p>O <strong>edital do concurso<\/strong> re\u00fane todas as informa\u00e7\u00f5es necess\u00e1rias para quem deseja participar \u2014 desde as regras at\u00e9 os prazos e crit\u00e9rios de avalia\u00e7\u00e3o. Confira e inscreva-se!<\/p>\n\n\n\n<div class=\"wp-block-file aligncenter\"><a id=\"wp-block-file--media-c6bc0911-ab67-4ede-8ee8-f3afe2ca89b1\" href=\"https:\/\/eventos.ifbaiano.edu.br\/portal\/encontro-servidores-2025\/files\/2025\/10\/Edital_Concurso_Fotografia_Encontro_2025_VE.pdf\" target=\"_blank\" rel=\"noreferrer noopener\"><strong>Edital_Concurso_Fotografia_Encontro_2025<\/strong><\/a><a href=\"https:\/\/eventos.ifbaiano.edu.br\/portal\/encontro-servidores-2025\/files\/2025\/10\/Edital_Concurso_Fotografia_Encontro_2025_VE.pdf\" class=\"wp-block-file__button wp-element-button\" download aria-describedby=\"wp-block-file--media-c6bc0911-ab67-4ede-8ee8-f3afe2ca89b1\">Baixar<\/a><\/div>\n\n\n\n<h3 class=\"wp-block-heading\"><strong><em>Jurados<\/em><\/strong><\/h3>\n\n\n\n<figure class=\"wp-block-gallery has-nested-images columns-default is-cropped wp-block-gallery-1 is-layout-flex wp-block-gallery-is-layout-flex\">\n<figure class=\"wp-block-image size-large\"><a href=\"https:\/\/eventos.ifbaiano.edu.br\/portal\/encontro-servidores-2025\/files\/2025\/10\/3.jpg\"><img loading=\"lazy\" decoding=\"async\" width=\"819\" height=\"1024\" data-id=\"52\" src=\"https:\/\/eventos.ifbaiano.edu.br\/portal\/encontro-servidores-2025\/files\/2025\/10\/3-819x1024.jpg\" alt=\"\" class=\"wp-image-52\" srcset=\"https:\/\/eventos.ifbaiano.edu.br\/portal\/encontro-servidores-2025\/files\/2025\/10\/3-819x1024.jpg 819w, https:\/\/eventos.ifbaiano.edu.br\/portal\/encontro-servidores-2025\/files\/2025\/10\/3-240x300.jpg 240w, https:\/\/eventos.ifbaiano.edu.br\/portal\/encontro-servidores-2025\/files\/2025\/10\/3-768x960.jpg 768w, https:\/\/eventos.ifbaiano.edu.br\/portal\/encontro-servidores-2025\/files\/2025\/10\/3.jpg 1080w\" sizes=\"(max-width: 819px) 100vw, 819px\" \/><\/a><\/figure>\n\n\n\n<figure class=\"wp-block-image size-large\"><a href=\"https:\/\/eventos.ifbaiano.edu.br\/portal\/encontro-servidores-2025\/files\/2025\/10\/4.jpg\"><img loading=\"lazy\" decoding=\"async\" width=\"1080\" height=\"1350\" data-id=\"53\" src=\"https:\/\/eventos.ifbaiano.edu.br\/portal\/encontro-servidores-2025\/files\/2025\/10\/4-819x1024.jpg\" alt=\"\" class=\"wp-image-53\" srcset=\"https:\/\/eventos.ifbaiano.edu.br\/portal\/encontro-servidores-2025\/files\/2025\/10\/4-819x1024.jpg 819w, https:\/\/eventos.ifbaiano.edu.br\/portal\/encontro-servidores-2025\/files\/2025\/10\/4-240x300.jpg 240w, https:\/\/eventos.ifbaiano.edu.br\/portal\/encontro-servidores-2025\/files\/2025\/10\/4-768x960.jpg 768w, https:\/\/eventos.ifbaiano.edu.br\/portal\/encontro-servidores-2025\/files\/2025\/10\/4.jpg 1080w\" sizes=\"(max-width: 1080px) 100vw, 1080px\" \/><\/a><\/figure>\n\n\n\n<figure class=\"wp-block-image size-large\"><a href=\"https:\/\/eventos.ifbaiano.edu.br\/portal\/encontro-servidores-2025\/files\/2025\/10\/5.jpg\"><img loading=\"lazy\" decoding=\"async\" width=\"819\" height=\"1024\" data-id=\"54\" src=\"https:\/\/eventos.ifbaiano.edu.br\/portal\/encontro-servidores-2025\/files\/2025\/10\/5-819x1024.jpg\" alt=\"\" class=\"wp-image-54\" srcset=\"https:\/\/eventos.ifbaiano.edu.br\/portal\/encontro-servidores-2025\/files\/2025\/10\/5-819x1024.jpg 819w, https:\/\/eventos.ifbaiano.edu.br\/portal\/encontro-servidores-2025\/files\/2025\/10\/5-240x300.jpg 240w, https:\/\/eventos.ifbaiano.edu.br\/portal\/encontro-servidores-2025\/files\/2025\/10\/5-768x960.jpg 768w, https:\/\/eventos.ifbaiano.edu.br\/portal\/encontro-servidores-2025\/files\/2025\/10\/5.jpg 1080w\" sizes=\"(max-width: 819px) 100vw, 819px\" \/><\/a><\/figure>\n<\/figure>\n\n\n\n<hr class=\"wp-block-separator has-text-color has-base-color has-alpha-channel-opacity has-base-background-color has-background\"\/>\n\n\n\n<h3 class=\"wp-block-heading\"><em><strong>Inscri\u00e7\u00f5es Homologadas<\/strong><\/em><\/h3>\n\n\n\n<div data-wp-interactive=\"core\/file\" class=\"wp-block-file\"><object data-wp-bind--hidden=\"!state.hasPdfPreview\"  class=\"wp-block-file__embed\" data=\"https:\/\/eventos.ifbaiano.edu.br\/portal\/encontro-servidores-2025\/files\/2025\/10\/Homologacao_das_Inscricoes_assinado.pdf\" type=\"application\/pdf\" style=\"width:100%;height:600px\" aria-label=\"Incorporado de Lista das Inscri\u00e7\u00f5es_Homologadas.\"><\/object><a id=\"wp-block-file--media-e4f1c07a-8d90-40c2-86fe-19d01616e289\" href=\"https:\/\/eventos.ifbaiano.edu.br\/portal\/encontro-servidores-2025\/files\/2025\/10\/Homologacao_das_Inscricoes_assinado.pdf\">Lista das Inscri\u00e7\u00f5es_Homologadas<\/a><a href=\"https:\/\/eventos.ifbaiano.edu.br\/portal\/encontro-servidores-2025\/files\/2025\/10\/Homologacao_das_Inscricoes_assinado.pdf\" class=\"wp-block-file__button wp-element-button\" download aria-describedby=\"wp-block-file--media-e4f1c07a-8d90-40c2-86fe-19d01616e289\">Baixar<\/a><\/div>\n\n\n\n<p><\/p>\n\n\n\n<h3 class=\"wp-block-heading\"><em><strong>Resultado<\/strong><\/em><\/h3>\n\n\n\n<div data-wp-interactive=\"core\/file\" class=\"wp-block-file\"><object data-wp-bind--hidden=\"!state.hasPdfPreview\"  class=\"wp-block-file__embed\" data=\"https:\/\/eventos.ifbaiano.edu.br\/portal\/encontro-servidores-2025\/files\/2025\/10\/Resultado-Concurso-de-Fotografia.pdf\" type=\"application\/pdf\" style=\"width:100%;height:600px\" aria-label=\"Incorporado de Resultado-Concurso-de-Fotografia.\"><\/object><a id=\"wp-block-file--media-2f62c65e-3274-48da-b888-e12945a7c792\" href=\"https:\/\/eventos.ifbaiano.edu.br\/portal\/encontro-servidores-2025\/files\/2025\/10\/Resultado-Concurso-de-Fotografia.pdf\">Resultado-Concurso-de-Fotografia<\/a><a href=\"https:\/\/eventos.ifbaiano.edu.br\/portal\/encontro-servidores-2025\/files\/2025\/10\/Resultado-Concurso-de-Fotografia.pdf\" class=\"wp-block-file__button wp-element-button\" download aria-describedby=\"wp-block-file--media-2f62c65e-3274-48da-b888-e12945a7c792\">Baixar<\/a><\/div>\n\n\n\n<p><\/p>\n\n\n\n<p><strong><em>1\u00ba Lugar &#8211; O pescador do Tempo de Dentro &#8211; Jo\u00e3o Batista Botton<\/em><\/strong><\/p>\n\n\n\n<figure class=\"wp-block-image size-large\"><img loading=\"lazy\" decoding=\"async\" width=\"1024\" height=\"768\" src=\"https:\/\/eventos.ifbaiano.edu.br\/portal\/encontro-servidores-2025\/files\/2025\/10\/WhatsApp-Image-2025-10-17-at-20.32.01-1024x768.jpeg\" alt=\"\" class=\"wp-image-74\" srcset=\"https:\/\/eventos.ifbaiano.edu.br\/portal\/encontro-servidores-2025\/files\/2025\/10\/WhatsApp-Image-2025-10-17-at-20.32.01-1024x768.jpeg 1024w, https:\/\/eventos.ifbaiano.edu.br\/portal\/encontro-servidores-2025\/files\/2025\/10\/WhatsApp-Image-2025-10-17-at-20.32.01-300x225.jpeg 300w, https:\/\/eventos.ifbaiano.edu.br\/portal\/encontro-servidores-2025\/files\/2025\/10\/WhatsApp-Image-2025-10-17-at-20.32.01-768x576.jpeg 768w, https:\/\/eventos.ifbaiano.edu.br\/portal\/encontro-servidores-2025\/files\/2025\/10\/WhatsApp-Image-2025-10-17-at-20.32.01.jpeg 1280w\" sizes=\"(max-width: 1024px) 100vw, 1024px\" \/><\/figure>\n\n\n\n<p><strong><em>2\u00ba Lugar &#8211; Espera das \u00c1guas &#8211; J\u00falia Siqueira Moreau<\/em><\/strong><\/p>\n\n\n\n<figure class=\"wp-block-image size-large\"><img loading=\"lazy\" decoding=\"async\" width=\"1024\" height=\"768\" src=\"https:\/\/eventos.ifbaiano.edu.br\/portal\/encontro-servidores-2025\/files\/2025\/10\/WhatsApp-Image-2025-10-17-at-20.32.37-1024x768.jpeg\" alt=\"\" class=\"wp-image-75\" srcset=\"https:\/\/eventos.ifbaiano.edu.br\/portal\/encontro-servidores-2025\/files\/2025\/10\/WhatsApp-Image-2025-10-17-at-20.32.37-1024x768.jpeg 1024w, https:\/\/eventos.ifbaiano.edu.br\/portal\/encontro-servidores-2025\/files\/2025\/10\/WhatsApp-Image-2025-10-17-at-20.32.37-300x225.jpeg 300w, https:\/\/eventos.ifbaiano.edu.br\/portal\/encontro-servidores-2025\/files\/2025\/10\/WhatsApp-Image-2025-10-17-at-20.32.37-768x576.jpeg 768w, https:\/\/eventos.ifbaiano.edu.br\/portal\/encontro-servidores-2025\/files\/2025\/10\/WhatsApp-Image-2025-10-17-at-20.32.37-1536x1152.jpeg 1536w, https:\/\/eventos.ifbaiano.edu.br\/portal\/encontro-servidores-2025\/files\/2025\/10\/WhatsApp-Image-2025-10-17-at-20.32.37.jpeg 1600w\" sizes=\"(max-width: 1024px) 100vw, 1024px\" \/><\/figure>\n\n\n\n<p><strong><em>3\u00ba Lugar &#8211; Remanso do Chico &#8211; Leonardo Cerqueira Freitas<\/em><\/strong><\/p>\n\n\n\n<figure class=\"wp-block-image size-large\"><img loading=\"lazy\" decoding=\"async\" width=\"739\" height=\"1024\" src=\"https:\/\/eventos.ifbaiano.edu.br\/portal\/encontro-servidores-2025\/files\/2025\/10\/WhatsApp-Image-2025-10-17-at-20.33.06-739x1024.jpeg\" alt=\"\" class=\"wp-image-76\" srcset=\"https:\/\/eventos.ifbaiano.edu.br\/portal\/encontro-servidores-2025\/files\/2025\/10\/WhatsApp-Image-2025-10-17-at-20.33.06-739x1024.jpeg 739w, https:\/\/eventos.ifbaiano.edu.br\/portal\/encontro-servidores-2025\/files\/2025\/10\/WhatsApp-Image-2025-10-17-at-20.33.06-216x300.jpeg 216w, https:\/\/eventos.ifbaiano.edu.br\/portal\/encontro-servidores-2025\/files\/2025\/10\/WhatsApp-Image-2025-10-17-at-20.33.06-768x1065.jpeg 768w, https:\/\/eventos.ifbaiano.edu.br\/portal\/encontro-servidores-2025\/files\/2025\/10\/WhatsApp-Image-2025-10-17-at-20.33.06-1108x1536.jpeg 1108w, https:\/\/eventos.ifbaiano.edu.br\/portal\/encontro-servidores-2025\/files\/2025\/10\/WhatsApp-Image-2025-10-17-at-20.33.06.jpeg 1154w\" sizes=\"(max-width: 739px) 100vw, 739px\" \/><\/figure>\n","protected":false},"excerpt":{"rendered":"<p>O Encontro dos Servidores do IF Baiano chega \u00e0 sua quinta edi\u00e7\u00e3o em 2025, consolidado como um dos momentos mais esperados do nosso calend\u00e1rio institucional. O evento nasceu como Jogos dos Servidores, com foco inicial na integra\u00e7\u00e3o por meio do esporte e do lazer. A partir do segundo ano, ganhou novo formato e prop\u00f3sito, transformando-se &#8230; <a title=\"O Encontro dos Servidores 2025\" class=\"read-more\" href=\"https:\/\/eventos.ifbaiano.edu.br\/portal\/encontro-servidores-2025\/\" aria-label=\"Read more about O Encontro dos Servidores 2025\">Ler mais<\/a><\/p>\n","protected":false},"author":20,"featured_media":0,"parent":0,"menu_order":0,"comment_status":"closed","ping_status":"closed","template":"","meta":{"footnotes":""},"_links":{"self":[{"href":"https:\/\/eventos.ifbaiano.edu.br\/portal\/encontro-servidores-2025\/wp-json\/wp\/v2\/pages\/2"}],"collection":[{"href":"https:\/\/eventos.ifbaiano.edu.br\/portal\/encontro-servidores-2025\/wp-json\/wp\/v2\/pages"}],"about":[{"href":"https:\/\/eventos.ifbaiano.edu.br\/portal\/encontro-servidores-2025\/wp-json\/wp\/v2\/types\/page"}],"author":[{"embeddable":true,"href":"https:\/\/eventos.ifbaiano.edu.br\/portal\/encontro-servidores-2025\/wp-json\/wp\/v2\/users\/20"}],"replies":[{"embeddable":true,"href":"https:\/\/eventos.ifbaiano.edu.br\/portal\/encontro-servidores-2025\/wp-json\/wp\/v2\/comments?post=2"}],"version-history":[{"count":23,"href":"https:\/\/eventos.ifbaiano.edu.br\/portal\/encontro-servidores-2025\/wp-json\/wp\/v2\/pages\/2\/revisions"}],"predecessor-version":[{"id":77,"href":"https:\/\/eventos.ifbaiano.edu.br\/portal\/encontro-servidores-2025\/wp-json\/wp\/v2\/pages\/2\/revisions\/77"}],"wp:attachment":[{"href":"https:\/\/eventos.ifbaiano.edu.br\/portal\/encontro-servidores-2025\/wp-json\/wp\/v2\/media?parent=2"}],"curies":[{"name":"wp","href":"https:\/\/api.w.org\/{rel}","templated":true}]}}