{"id":23,"date":"2025-05-06T15:23:44","date_gmt":"2025-05-06T18:23:44","guid":{"rendered":"https:\/\/eventos.ifbaiano.edu.br\/portal\/encontec-2025\/?page_id=23"},"modified":"2025-06-11T18:40:34","modified_gmt":"2025-06-11T21:40:34","slug":"programacao","status":"publish","type":"page","link":"https:\/\/eventos.ifbaiano.edu.br\/portal\/encontectx\/programacao\/","title":{"rendered":"Programa\u00e7\u00e3o"},"content":{"rendered":"\n<h2 class=\"wp-block-heading has-background\" style=\"background-color:#ffa601\">12\/06 (Quinta-feira)<\/h2>\n\n\n\n<p><strong>Inscri\u00e7\u00f5es presencias a partir das 7h no IF Baiano Campus Teixeira de Freitas<\/strong><\/p>\n\n\n\n<p><strong>Credenciamento:<\/strong> Das 07h00 \u00e0s 08h30<\/p>\n\n\n\n<p><strong>M\u00daSICA AO VIVO COM O CANTOR WAGNER ROSA<\/strong><br>Das 07h30 \u00e0s 08h30<br><strong>Local:<\/strong> Espa\u00e7o Multiuso<\/p>\n\n\n\n<h2 class=\"wp-block-heading\"><strong>Cerim\u00f4nia de Abertura: Das 8h30 \u00e0s 9h00<\/strong><\/h2>\n\n\n\n<p class=\"has-background\" style=\"background-color:#bbff00\"><strong>As 09h &#8211; PALESTRA DE ABERTURA<\/strong> &#8211; Uso e Ocupa\u00e7\u00e3o do Solo no Brasil<br><strong>Palestrante:<\/strong> Dra. Luc\u00edola Alves Magalh\u00e3es Chefe de Pesquisa e Desenvolvimento (EMBRAPA Territorial &#8211; Campinas SP)<br><strong>Coment\u00e1rios:<\/strong> Gilson Liberato de Miranda &#8211; Federa\u00e7\u00e3o da Agricultura do Estado da Bahia &#8211; FAEB<br><strong>Moderador:<\/strong> Professor J\u00f3bson Pimentel &#8211; IF Baiano<br><strong>Local:<\/strong> Espa\u00e7o Multiuso<\/p>\n\n\n\n<p class=\"has-background\" style=\"background-color:#ffebc3\"><strong>TURNO DA MANH\u00c3<\/strong><\/p>\n\n\n\n<p><strong>Das 07h30 \u00e0s 11h30 &#8211; MINICURSOS<\/strong><\/p>\n\n\n\n<ul>\n<li>Curso do Senar (Operador de Ro\u00e7adeira) &#8211; Isamire Silva Andrade (SENAR) &#8211; CH 16h (1\/4) &#8211; <strong>Local: Sala 04<\/strong><\/li>\n\n\n\n<li>Curso do Senar (Enxertia do Cacau) &#8211; Josiane Oliveira da Silva (SENAR) &#8211; CH 16h (1\/4) &#8211; <strong>Local: Sala 05<\/strong><\/li>\n\n\n\n<li>Curso do Senar (Gest\u00e3o da Propriedade Rural) &#8211; Elan Rodrigues Teixeira (SENAR) &#8211; CH 16h (1\/4) &#8211; <strong>Local: Sala 06<\/strong><\/li>\n<\/ul>\n\n\n\n<p><strong>M\u00daSICA AO VIVO COM O CANTOR WAGNER ROSA<\/strong><br>Das 11h30 \u00e0s 13h30<br><strong>Local:<\/strong> Espa\u00e7o Multiuso<\/p>\n\n\n\n<p class=\"has-background\" style=\"background-color:#ffebc3\"><strong>TURNO DA TARDE<\/strong><\/p>\n\n\n\n<p><strong>Das 13h30 \u00e0s 17h00 &#8211; PAIN\u00c9IS TEM\u00c1TICOS<\/strong><\/p>\n\n\n\n<ul>\n<li><strong>Das 13h30 \u00e1s 15h00 &#8211; Caf\u00e9<\/strong> &#8211; 1. Renan Reisen (Presidente do Sindicato dos Produtores Rurais de Teixeira de Freitas); 2. Bruno Soares &#8211; Eng. Agr\u00f4nomo Especialista em Caf\u00e9 | <strong>Moderador: <\/strong> Prof\u00ba Erllens | <strong> Local: <\/strong>Espa\u00e7o Multiuso<\/li>\n<\/ul>\n\n\n\n<p><strong>Das 13h30 \u00e0s 17h30 &#8211; MINICURSOS<\/strong><\/p>\n\n\n\n<ul>\n<li><em>Curso do Senar (Operador de Ro\u00e7adeira) &#8211; Isamire Silva Andrade (SENAR) &#8211; CH 16h<\/em> <em>(2\/4) &#8211; <strong>Local: Sala 04<\/strong><\/em><\/li>\n\n\n\n<li><em>Curso do Senar (Enxertia do Cacau) &#8211; Josiane Oliveira da Silva (SENAR) &#8211; CH 16h<\/em> <em>(2\/4) &#8211; <strong>Local: Sala 05<\/strong><\/em><\/li>\n\n\n\n<li><em>Curso do Senar (Gest\u00e3o da Propriedade Rural) &#8211; Elan Rodrigues Teixeira (SENAR) &#8211; CH 16h (2\/4) &#8211; <strong>Local: Sala 06<\/strong><\/em><\/li>\n\n\n\n<li>Educa\u00e7\u00e3o financeira: pague o d\u00edzimo para voc\u00ea &#8211; Ivanildo R. Porto &#8211; CH 8h <em>(1\/2) &#8211; <strong>Local: Sala 0<\/strong><\/em><strong>3<\/strong><\/li>\n\n\n\n<li>Dom\u00ednio da Calculadora Cient\u00edfica na Engenharia Agron\u00f4mica &#8211; Hugo Luiz &#8211; CH 8h <em>(1\/2) &#8211; <strong>Local: <\/strong><\/em><strong><em>Lab. de Inform\u00e1tica<\/em><\/strong><\/li>\n\n\n\n<li>Boas Pr\u00e1ticas no cultivo de mandioca &#8211; Jerlane, Riquilino, Maria Eduarda Medeiros, Jos\u00e9 Bernado Medeiros e Lourival Costa (Discentes do IF Baiano) &#8211; CH 4h &#8211; <strong><em>Local: Sala Ambiente 2<\/em><\/strong> <strong><em>e area de plantio<\/em><\/strong><\/li>\n\n\n\n<li>Diagn\u00f3stico Rural Participativo &#8211; Alexandro Rocha da Silva Junior (Engenheiro Agr\u00f4nomo) &#8211; CH 4h &#8211; <strong><em>Local: Sala 2<\/em><\/strong><\/li>\n\n\n\n<li>A multifuncionalidade da Agricultura Familiar no setor agropecu\u00e1rio e Casos de Sucesso &#8211; Lorena Barobosa Varj\u00e3o &#8211; Engenheira Agr\u00f4nomo &#8211; CH 4h &#8211; <strong><em>Local: Sala A<\/em><\/strong><em><strong>vi\u00e1rio 1<\/strong><\/em><\/li>\n\n\n\n<li>Agroflorestas &#8211; Jeilly Viviane Ribeiro &#8211; Engenheira Agr\u00f4noma (Pol\u00edmata) &#8211; CH 4h &#8211; <strong><em>Local: Sala A<\/em><\/strong><em><strong>vi\u00e1rio 2<\/strong><\/em><\/li>\n\n\n\n<li>Controle das viroses do mamoeiro &#8211; Flavia Fernandes Lopes &#8211; Engenheira Agr\u00f4noma &#8211; ADAB &#8211; CH 4h &#8211; <strong><em>Local: Sala Ambiente 3<\/em><\/strong><\/li>\n\n\n\n<li>Do campo a mesa do consumidor &#8211; A import\u00e2ncia do Servi\u00e7o e Inspe\u00e7\u00e3o Municipal Consorciado &#8211; SIM &#8211; Alessandra Brambini (Cons\u00f3rcio Construir) &#8211; CH 4h &#8211; <strong><em>Local: Sala Container 2<\/em><\/strong><\/li>\n\n\n\n<li>Plante Certo, Colha Mais: Cana-de-a\u00e7\u00fa\u00e7ar na pr\u00e1tica &#8211; J\u00falio C\u00e9sar e Giovana Santana &#8211; Usina Santa Maria &#8211; CH 4h &#8211; <strong><em>Local: Sala 7<\/em><\/strong><\/li>\n<\/ul>\n\n\n\n<h2 class=\"wp-block-heading has-background\" style=\"background-color:#ff6800\">13\/06 (Sexta-feira)<\/h2>\n\n\n\n<p class=\"has-background\" style=\"background-color:#ffb580\"><strong>TURNO DA MANH\u00c3<\/strong><\/p>\n\n\n\n<p><strong>Das 07h30 \u00e0s 11h30 &#8211; PAIN\u00c9IS TEM\u00c1TICOS<\/strong><\/p>\n\n\n\n<ul>\n<li><strong>Das 07h30 \u00e0s 11h30 &#8211; Bovinocultura de Leite<\/strong> &#8211; O Brasil e o Leite: &#8221; Para onde Vamos&#8221; &#8211; 1. Jonas Batista Ferreira Filho &#8211; Pecu\u00e1ria &amp; Lucro; 2. Marcelo Rodrigues Martins &#8211; EMATER MG 3. Jean Carlos Mezarila &#8211;<br>CONSIPA\/Alian\u00e7a SIPA 4. George Quaresma Sales &#8211; Engenheiro Agr\u00f4nomo | <strong>Moderador: <\/strong> Prof\u00ba Jonson | <strong> Local: <\/strong>Espa\u00e7o Multiuso<\/li>\n\n\n\n<li><strong>Das 08h00 \u00e0s 10h00 &#8211; Do jogo \u00e0 jornada; Como o Desafio Liga Jovem prepara voc\u00ea para empreender no mundo real &#8211; <\/strong>Renata Carvalho &#8211; SEBRAE | <strong>Moderador<\/strong>: Prof\u00aa Patr\u00edcia Pimentel | <strong>Local: <\/strong>Sala Container 2<\/li>\n\n\n\n<li><strong>Das 08h \u00e0s 12h &#8211; Painel Agroeocologia e AgroFloresta &#8211; floreSer &#8211; FEIRA DE SEMENTES CRIOULAS E MUDAS FLORESTAIS<\/strong> &#8211; 1. Rodrigo Diego Quoos &#8211; Prof. IF Baiano; 2.Meriely Oliveira de Jesus (Arboretum); 3.Carielli Souza Santos (Natureza Bela); 4.Mois\u00e9s de Souza Marcelino (Viveiro<br>Eco Nativas e Ex\u00f3ticas) 5. Edson Felipe (Viviero AMA); 6. Renata Lopes Carvalho (Arboretum) | <strong>Moderador: <\/strong>Rodrigo Quoos | <strong>Local: <\/strong>Sala de Artes<\/li>\n<\/ul>\n\n\n\n<p><strong>Das 07h30 \u00e0s 11h30 &#8211; MINICURSOS<\/strong><\/p>\n\n\n\n<ul>\n<li><em>Curso do Senar (Operador de Ro\u00e7adeira) &#8211; Isamire Silva Andrade (SENAR) &#8211; CH 16h<\/em> <em>(3\/4) &#8211; <strong>Local: Sala 04<\/strong><\/em><\/li>\n\n\n\n<li><em>Curso do Senar (Enxertia do Cacau) &#8211; Josiane Oliveira da Silva (SENAR) &#8211; CH 16h<\/em> <em>(3\/4) &#8211; <strong>Local: Sala 05<\/strong><\/em><\/li>\n\n\n\n<li><em>Curso do Senar (Gest\u00e3o da Propriedade Rural) &#8211; Elan Rodrigues Teixeira (SENAR) &#8211; CH 16h (3\/4) &#8211; <strong>Local: Sala 06<\/strong><\/em><\/li>\n\n\n\n<li><em>Educa\u00e7\u00e3o financeira: pague o d\u00edzimo para voc\u00ea &#8211; Ivanildo R. Porto &#8211; CH 8h (2\/2) &#8211; <strong>Local: Sala 03<\/strong><\/em><\/li>\n\n\n\n<li><em>Dom\u00ednio da Calculadora Cient\u00edfica na Engenharia Agron\u00f4mica &#8211; Hugo Luiz &#8211; CH 8h (2\/2) &#8211; <strong>Local: Lab. de Inform\u00e1tica<\/strong><\/em><\/li>\n\n\n\n<li>Cerca eletrificada rural &#8211; Thamires Neves (M\u00e9dica Veterin\u00e1ria) &#8211; CH 8h <em>(1\/2) &#8211; <strong>Local: Sala Ambiente 01<\/strong><\/em><\/li>\n\n\n\n<li>Implanta\u00e7\u00e3o e Manejo de Pastagem &#8211; L\u00e1zaro Samir Abrantes Raslan (Agente de Extens\u00e3o do Incaper de Ecoporanga) &#8211; CH 8h <em>(1\/2)<\/em> &#8211; <em><strong>Local: Sala Ambiente 02<\/strong><\/em><\/li>\n\n\n\n<li>Sistemas agroflorestais: uma alternativa sustent\u00e1vel com recupera\u00e7\u00e3o ambiental e produ\u00e7\u00e3o de alimentos &#8211; Rafael Passos Rangel, Engenheiro Agr\u00f4nomo Doutorado em Agronomia Ci\u00eancias do Solo &#8211; CH 8h <em>(1\/2) <\/em>&#8211; <em><strong>Local: Sala Ambiente 03<\/strong><\/em><\/li>\n\n\n\n<li>Desmistifica\u00e7\u00e3o dos defensivos &#8211; Mateus Soares &#8211; Engenheiro Agr\u00f4nomo (Polo Agr\u00edcola) &#8211; CH 4h &#8211; <em><strong>Local: Sala Avi\u00e1rio 02<\/strong><\/em><\/li>\n\n\n\n<li>Prote\u00e7\u00e3o e outorga de uso dos recurso h\u00eddricos &#8211; Prof Wanderlei de Jesus Souza (UFSB) &#8211; CH 4h &#8211; <em><strong>Local: Lab de Inform\u00e1tica<\/strong><\/em><\/li>\n\n\n\n<li>Poda, condu\u00e7\u00e3o e comercializa\u00e7\u00e3o do cacau &#8211; Samuel Chaves &#8211; Empres\u00e1rio e Produtr de Cacau &#8211; CH 4h &#8211; <em><strong>Local: Sala 02<\/strong><\/em><\/li>\n<\/ul>\n\n\n\n<p class=\"has-background\" style=\"background-color:#ffb580\"><strong>TURNO DA TARDE<\/strong><\/p>\n\n\n\n<p><strong>Das 13h30 \u00e0s 17h00 &#8211; PAIN\u00c9IS TEM\u00c1TICOS<\/strong><\/p>\n\n\n\n<ul>\n<li><strong>Das 13h30 \u00e0s 15h00 &#8211; Componentes florestal em SIPA<\/strong> &#8211; Sistemas Integrados de Produ\u00e7\u00e3o Agropecu\u00e1ria  &#8211; 1. Paulo Roberto Oliveira de Andrade (ADAB); 2. Charles Leonel &#8211; Prof. IF Baiano | <strong>Moderador: <\/strong>Prof\u00ba Charles Lionel | <strong>Local: <\/strong>Espa\u00e7o Multiuso<\/li>\n\n\n\n<li><strong>Das 13h30 \u00e0s 15h00 &#8211; Gado de corte e Reprodu\u00e7\u00e3o de Bonivos (&#8220;Melhor Gen\u00e9tica = Gen\u00e9tica mais Adequada)<\/strong> &#8211; 1. Maur\u00edcio Vieira &#8211; Consulte Embri\u00f5es\/Latic\u00ednios Da Vaca; 2. Samuel Guaran\u00e1 &#8211; Futura Embri\u00f5es | <strong>Moderador: <\/strong>Prof\u00ba Jobson | <strong>Local: <\/strong>Container 02<\/li>\n\n\n\n<li><strong>Das 15h30 \u00e0s 17h00 &#8211; Fruteiras e Defesa Vegetal<\/strong> &#8211; 1. Ulisses Brambini &#8211; Bello Fruit; 2. Marcos Vinicius Videira de Santana &#8211; Diretor de Defesa Vegetal &#8211; ADAB | <strong>Moderador: <\/strong>Prof\u00ba Dionei | <strong>Local: <\/strong>Espa\u00e7o Multiuso<\/li>\n\n\n\n<li><strong>Das 15h30 \u00e0s 17h00 &#8211; Milho e Soja<\/strong> &#8211; 1. Genildo Santos (Fiscal Estadual Agropecu\u00e1rio e Coordenador do programa da Soja &#8211; ADAB); 2. Ivana Lemos Souza (Eng\u00aa. Agr\u00f4noma e Dr\u00aa. em Entomologia\/UFLA) | <strong>Moderador: <\/strong>Prof\u00ba Erllens | <strong>Local: <\/strong>Container 02<\/li>\n<\/ul>\n\n\n\n<p><strong>Das 13h30 \u00e0s 17h30 &#8211; MINICURSOS<\/strong><\/p>\n\n\n\n<ul>\n<li><em>Curso do Senar (Operador de Ro\u00e7adeira) &#8211; Isamire Silva Andrade (SENAR) &#8211; CH 16h<\/em> <em>(4\/4) &#8211; <strong>Local: Sala 04<\/strong><\/em><\/li>\n\n\n\n<li><em>Curso do Senar (Enxertia do Cacau) &#8211; Josiane Oliveira da Silva (SENAR) &#8211; CH 16h<\/em> <em>(4\/4) &#8211; <strong>Local: Sala 05<\/strong><\/em><\/li>\n\n\n\n<li><em>Curso do Senar (Gest\u00e3o da Propriedade Rural) &#8211; Elan Rodrigues Teixeira (SENAR) &#8211; CH 16h (4\/4) &#8211; <strong>Local: Sala 06<\/strong><\/em><\/li>\n\n\n\n<li><em>Cerca eletrificada rural &#8211; Thamires Neves (M\u00e9dica Veterin\u00e1ri) &#8211; CH 8h (2\/2) &#8211; <strong>Local: Sala Ambiente 01<\/strong><\/em><\/li>\n\n\n\n<li><em>Implanta\u00e7\u00e3o e Manejo de Pastagem &#8211; L\u00e1zaro Samir Abrantes Raslan (Agente de Extens\u00e3o do Incaper de Ecoporanga) &#8211; CH 8h (2\/2) &#8211; <strong>Local: Sala Ambiente 02<\/strong><\/em><\/li>\n\n\n\n<li><em>Sistemas agroflorestais: uma alternativa sustent\u00e1vel com recupera\u00e7\u00e3o ambiental e produ\u00e7\u00e3o de alimentos &#8211; Rafael Passos Rangel, Engenheiro Agr\u00f4nomo Doutorado em Agronomia Ci\u00eancias do Solo &#8211; CH 8h (2\/2) &#8211; <strong>Local: Sala Ambiente 03<\/strong><\/em><\/li>\n\n\n\n<li>Da Ordenha ao Abate: Quanto custa produzir um litro de Leite e Uma Arroba de Carne? &#8211; Kaique Gigante\/UFSB &#8211; CH 4h<em> &#8211; <strong>Local:<\/strong><\/em><strong><em> <\/em><\/strong><strong><em>Sala 01<\/em><\/strong><\/li>\n\n\n\n<li>As principais pragas da citricultura baiana e suas amea\u00e7as &#8211; 1. Ricardo Santos Motta &#8211; Eng. Agr\u00f4nomo &#8211; ADAB; 2. Ant\u00f4nio Lopes &#8211; Eng. Agr\u00f4nomo &#8211; ADAB &#8211; CH 4h &#8211; <em>&#8211; <strong>Local:<\/strong><\/em> <strong><em>Sala 02<\/em><\/strong><\/li>\n\n\n\n<li>Controle da Brucelose e Raiva em bovinos &#8211; Raiva: 1. Joesley Ramalho Santana, M\u00e9dico Veterin\u00e1rio &#8211; ADAB; Brucelose: 2. S\u00e9rgio Para\u00edso &#8211; M\u00e9dico Veterin\u00e1rio- ADAB &#8211; CH 4h <em>&#8211; <strong>Local:<\/strong><\/em> <strong><em>Sala Avi\u00e1rio 01<\/em><\/strong><\/li>\n\n\n\n<li>Monil\u00edase do Cacaueiro e Cupua\u00e7uzeiro: riscos, preven\u00e7\u00e3o e controle &#8211; David Costa Ramos -Eng. Agr\u00f4nomo (ADAB) &#8211; CH 4h <em>&#8211; <strong>Local:<\/strong><\/em> <strong><em>Sala Avi\u00e1rio 02<\/em><\/strong><\/li>\n\n\n\n<li>Responsabilidades pertante as Legisla\u00e7\u00f5es Federla e Estadual de Agrot\u00f3xicos &#8211; Fabiano Veloso Massimo &#8211; Eng. Agr\u00f4nomo &#8211; ADAB &#8211; CH 4h <em>&#8211; <strong>Local:<\/strong><\/em> <strong><em>Sala 03<\/em><\/strong><\/li>\n\n\n\n<li>Meliponicultura voc\u00ea sabe o que \u00e9? Inicia\u00e7\u00e3o na cria\u00e7\u00e3o de abelhas sem ferr\u00e3o &#8211; Werlles Gomes &#8211; Tecnologo em Gest\u00e3o Ambiental e Agropecu\u00e1ria &#8211; CH 4h <em>&#8211; <strong>Local:<\/strong><\/em> <strong><em>Sala 07<\/em><\/strong><\/li>\n<\/ul>\n\n\n\n<h2 class=\"wp-block-heading has-background\" style=\"background-color:#00d366\">14\/06 (S\u00e1bado)<\/h2>\n\n\n\n<p class=\"has-background\" style=\"background-color:#ccff80\"><strong>TURNO DA MANH\u00c3<\/strong><\/p>\n\n\n\n<p><strong>Das 08h \u00e0s 12h &#8211; ENCONTRO DE ENGRESSOS DO CURSO T\u00c9CNICO EM AGROPECU\u00c1RIA<\/strong><\/p>\n\n\n\n<ul>\n<li>Das 08h00 \u00e0s 9h00 \u2013 <strong>Palestra de Abertura: Qualidade do Leite no Extremo Sul da Bahia<\/strong> \u2013 Dra. Patricia Gusm\u00e3o Guimar\u00e3es Giuriato (MS Universidade Federal do Sul da Bahia \u2013 PPGCS) |\u00a0<strong>Moderador:<\/strong>\u00a0 Professora Luanna Ch\u00e1cara Pires \u2013 UFSB\/PPGCS |\u00a0<strong>Local:<\/strong>\u00a0Espa\u00e7o Multiuso<\/li>\n<\/ul>\n\n\n\n<p>D\u00e1s 09h \u00e0s 09h30 &#8211;  Lanche\/Intervalo<\/p>\n\n\n\n<ul>\n<li>Das 9h30 \u00e0s 10h00 \u2013 <strong>Palestra: Ra\u00edzes Fortes, Futuro Sustent\u00e1vel: O Papel da Associa\u00e7\u00e3o Rural. Apresenta\u00e7\u00e3o da Associa\u00e7\u00e3o de Cafeicultores do Extremo Sul da Bahia \u2013 ACESB<\/strong>. Thayn\u00e1 Jesus de Souza (Diretora da ACESB e Produtora Rural) |\u00a0<strong>Moderador:<\/strong>\u00a0Ravena Alves Coutinho (Cafeicultora e Barista) | <strong>Local:<\/strong> Espa\u00e7o Multiuso<\/li>\n\n\n\n<li>Das 10h00 \u00e0s 10h40 \u2013 <strong>Palestra: Empreendedorismo Jove<\/strong>m &#8211; Renata Carvalho (SEBRAE) | <strong>Local:<\/strong> Espa\u00e7o Multiuso<\/li>\n\n\n\n<li>Das 10h40 \u00e0s 11h00 \u2013 Palestra: O ser T\u00e9cnico em Agropecu\u00e1ria &#8211; Dr\u00aa. Ana Rosa Alves de Oliveira \u2013 IFBaiano \/Teixeira de Freitas.<\/li>\n\n\n\n<li>Das 10h00 \u00e0s 11h30 &#8211; Mesa Redonda: Ser T\u00e9cnico em Agropecu\u00e1ria &#8211; Mercado de Trabalho e Desafios &#8211; Egressos | <strong>Moderador: <\/strong>Prof\u00aa Ana Rosa | <strong>Local: <\/strong>Espa\u00e7o Multiuso<\/li>\n\n\n\n<li>Das 11h00 \u00e0s 12h00 \u2013 Apresenta\u00e7\u00e3o Cultural<\/li>\n<\/ul>\n\n\n\n<p><strong>Das 08h00 \u00e0s 11h00 &#8211; PAIN\u00c9IS TEM\u00c1TICOS<\/strong><\/p>\n\n\n\n<ul>\n<li><strong>Das 08h00 \u00e0s 11h00 &#8211; Dia de Campo &#8211; Milho<\/strong> &#8211; 1. Charles Leonel (IF Baiano) | <strong>Local: <\/strong>Campo de Experimental e Sala de Artes<\/li>\n<\/ul>\n\n\n\n<p><strong>Das 07h30 \u00e0s 11h30 &#8211; MINICURSOS<\/strong><\/p>\n\n\n\n<ul>\n<li>Forma\u00e7\u00e3o e manejo de pastagens &#8211; Xisto Fran\u00e7a &#8211; Zootecnista &#8211; CH 4h &#8211; <em>&#8211; <strong>Local:<\/strong><\/em> <strong><em>Sala Avi\u00e1rio 01<\/em><\/strong><\/li>\n\n\n\n<li>Drone de Pulveriza\u00e7\u00f5a DJI Agras &#8211; Ismael Tavares &#8211; Tecnoparts &#8211; CH 4h &#8211; <em>&#8211; <strong>Local:<\/strong><\/em> <strong><em>Sala Avi\u00e1rio 02<\/em><\/strong><\/li>\n<\/ul>\n","protected":false},"excerpt":{"rendered":"<p>12\/06 (Quinta-feira) Inscri\u00e7\u00f5es presencias a partir das 7h no IF Baiano Campus Teixeira de Freitas Credenciamento: Das 07h00 \u00e0s 08h30 M\u00daSICA AO VIVO COM O CANTOR WAGNER ROSADas 07h30 \u00e0s 08h30Local: Espa\u00e7o Multiuso Cerim\u00f4nia de Abertura: Das 8h30 \u00e0s 9h00 As 09h &#8211; PALESTRA DE ABERTURA &#8211; Uso e Ocupa\u00e7\u00e3o do Solo no BrasilPalestrante: Dra. &#8230; <a title=\"Programa\u00e7\u00e3o\" class=\"read-more\" href=\"https:\/\/eventos.ifbaiano.edu.br\/portal\/encontectx\/programacao\/\" aria-label=\"Read more about Programa\u00e7\u00e3o\">Ler mais<\/a><\/p>\n","protected":false},"author":20,"featured_media":0,"parent":0,"menu_order":0,"comment_status":"closed","ping_status":"closed","template":"","meta":{"footnotes":""},"_links":{"self":[{"href":"https:\/\/eventos.ifbaiano.edu.br\/portal\/encontectx\/wp-json\/wp\/v2\/pages\/23"}],"collection":[{"href":"https:\/\/eventos.ifbaiano.edu.br\/portal\/encontectx\/wp-json\/wp\/v2\/pages"}],"about":[{"href":"https:\/\/eventos.ifbaiano.edu.br\/portal\/encontectx\/wp-json\/wp\/v2\/types\/page"}],"author":[{"embeddable":true,"href":"https:\/\/eventos.ifbaiano.edu.br\/portal\/encontectx\/wp-json\/wp\/v2\/users\/20"}],"replies":[{"embeddable":true,"href":"https:\/\/eventos.ifbaiano.edu.br\/portal\/encontectx\/wp-json\/wp\/v2\/comments?post=23"}],"version-history":[{"count":28,"href":"https:\/\/eventos.ifbaiano.edu.br\/portal\/encontectx\/wp-json\/wp\/v2\/pages\/23\/revisions"}],"predecessor-version":[{"id":129,"href":"https:\/\/eventos.ifbaiano.edu.br\/portal\/encontectx\/wp-json\/wp\/v2\/pages\/23\/revisions\/129"}],"wp:attachment":[{"href":"https:\/\/eventos.ifbaiano.edu.br\/portal\/encontectx\/wp-json\/wp\/v2\/media?parent=23"}],"curies":[{"name":"wp","href":"https:\/\/api.w.org\/{rel}","templated":true}]}}