{"id":4617,"date":"2025-06-05T09:04:02","date_gmt":"2025-06-05T12:04:02","guid":{"rendered":"https:\/\/eventos.ifbaiano.edu.br\/portal\/congresso\/?page_id=4617"},"modified":"2025-06-05T09:04:03","modified_gmt":"2025-06-05T12:04:03","slug":"comissao-organizadora-2024","status":"publish","type":"page","link":"https:\/\/eventos.ifbaiano.edu.br\/portal\/congresso\/cepex2024\/comissao-organizadora-2024\/","title":{"rendered":"COMISS\u00c3O ORGANIZADORA 2024"},"content":{"rendered":"\n<p><strong>Comiss\u00e3o Organizadora da 3\u00aa Edi\u00e7\u00e3o do Congresso de Ensino, Pesquisa e Extens\u00e3o<\/strong> <strong>do IF Baiano<\/strong><\/p>\n\n\n\n<p><\/p>\n\n\n\n<p>Rafael Oliva Trocoli<br>Luis Henrique Alves Gomes<br>Fernanda Alves de Santana<br>Larissa Fernanda Peixoto dos Santos Silva<br>Diogo Pinho Santos Macedo<br>Thais Andrade de Sampaio Lopes<br>Jorge Luiz Peixoto Bispo<br>Hildonice de Souza Batista<br>Cinira de Araujo Farias Fernandes<br>Vania Pimentel Luz<br>Camila Magalhaes Goes<br>Katia de Fatima Vilela<br>Andreia Rego da Silva Reis<br>Patricia Vaz Sampaio<br>Adailde do Carmo Santos<br>Calila Teixeira Santos<br>Marcos Antonio Marques de Brito<br>Juracir Silva Santos<br>Airam Oliveira Santos<br>Ana Paula Marques de Figueredo<br>Ramon de Araujo<br>Celeste Maria de Queiroz Martinez<br><\/p>\n\n\n\n<p><a href=\"https:\/\/eventos.ifbaiano.edu.br\/portal\/congresso\/files\/2024\/07\/Portaria-no-151-Constitui-Comissao-Responsavel-Pelo-Planejamento-e-Organizacao-do-III-Congresso-de-Ensino-Pesquisa-e-Extensao-do-IF-BAIANO-III-CEPEX.pdf\">Portaria n\u00ba 151 &#8211; Constitui Comiss\u00e3o Respons\u00e1vel Pelo Planejamento e Organiza\u00e7\u00e3o do III Congresso de Ensino, Pesquisa e Extens\u00e3o do IF BAIANO &#8211; III CEPEX.<\/a><\/p>\n","protected":false},"excerpt":{"rendered":"<p>Comiss\u00e3o Organizadora da 3\u00aa Edi\u00e7\u00e3o do Congresso de Ensino, Pesquisa e Extens\u00e3o do IF Baiano Rafael Oliva TrocoliLuis Henrique Alves GomesFernanda Alves de SantanaLarissa Fernanda Peixoto dos Santos SilvaDiogo Pinho Santos MacedoThais Andrade de Sampaio LopesJorge Luiz Peixoto BispoHildonice de Souza BatistaCinira de Araujo Farias FernandesVania Pimentel LuzCamila Magalhaes GoesKatia de Fatima VilelaAndreia Rego da&hellip;&nbsp;<a href=\"https:\/\/eventos.ifbaiano.edu.br\/portal\/congresso\/cepex2024\/comissao-organizadora-2024\/\" rel=\"bookmark\">Continue a ler &raquo;<span class=\"screen-reader-text\">COMISS\u00c3O ORGANIZADORA 2024<\/span><\/a><\/p>\n","protected":false},"author":74,"featured_media":0,"parent":4607,"menu_order":0,"comment_status":"closed","ping_status":"closed","template":"","meta":{"neve_meta_sidebar":"","neve_meta_container":"","neve_meta_enable_content_width":"","neve_meta_content_width":0,"neve_meta_title_alignment":"","neve_meta_author_avatar":"","neve_post_elements_order":"","neve_meta_disable_header":"","neve_meta_disable_footer":"","neve_meta_disable_title":"","footnotes":""},"_links":{"self":[{"href":"https:\/\/eventos.ifbaiano.edu.br\/portal\/congresso\/wp-json\/wp\/v2\/pages\/4617"}],"collection":[{"href":"https:\/\/eventos.ifbaiano.edu.br\/portal\/congresso\/wp-json\/wp\/v2\/pages"}],"about":[{"href":"https:\/\/eventos.ifbaiano.edu.br\/portal\/congresso\/wp-json\/wp\/v2\/types\/page"}],"author":[{"embeddable":true,"href":"https:\/\/eventos.ifbaiano.edu.br\/portal\/congresso\/wp-json\/wp\/v2\/users\/74"}],"replies":[{"embeddable":true,"href":"https:\/\/eventos.ifbaiano.edu.br\/portal\/congresso\/wp-json\/wp\/v2\/comments?post=4617"}],"version-history":[{"count":1,"href":"https:\/\/eventos.ifbaiano.edu.br\/portal\/congresso\/wp-json\/wp\/v2\/pages\/4617\/revisions"}],"predecessor-version":[{"id":4618,"href":"https:\/\/eventos.ifbaiano.edu.br\/portal\/congresso\/wp-json\/wp\/v2\/pages\/4617\/revisions\/4618"}],"up":[{"embeddable":true,"href":"https:\/\/eventos.ifbaiano.edu.br\/portal\/congresso\/wp-json\/wp\/v2\/pages\/4607"}],"wp:attachment":[{"href":"https:\/\/eventos.ifbaiano.edu.br\/portal\/congresso\/wp-json\/wp\/v2\/media?parent=4617"}],"curies":[{"name":"wp","href":"https:\/\/api.w.org\/{rel}","templated":true}]}}