{"id":4607,"date":"2025-06-05T08:48:49","date_gmt":"2025-06-05T11:48:49","guid":{"rendered":"https:\/\/eventos.ifbaiano.edu.br\/portal\/congresso\/?page_id=4607"},"modified":"2025-08-25T11:06:35","modified_gmt":"2025-08-25T14:06:35","slug":"cepex2024","status":"publish","type":"page","link":"https:\/\/eventos.ifbaiano.edu.br\/portal\/congresso\/cepex2024\/","title":{"rendered":"3\u00aa Edi\u00e7\u00e3o do Congresso de Ensino, Pesquisa e Extens\u00e3o do IF Baiano &#8211; Ano 2024"},"content":{"rendered":"\n<p class=\"has-text-align-center\"><strong>3\u00aa Edi\u00e7\u00e3o do Congresso de Ensino, Pesquisa e Extens\u00e3o do IF Baiano <\/strong>\u2013 15 a 17 de outubro de 2024<\/p>\n\n\n\n<h5 class=\"wp-block-heading has-text-align-center has-background\" style=\"background-color:#b8ffbd\">Tema: Populariza\u00e7\u00e3o da ci\u00eancia e tecnologia para o desenvolvimento sustent\u00e1vel<\/h5>\n\n\n\n<hr class=\"wp-block-separator has-text-color has-nv-light-bg-color has-css-opacity has-nv-light-bg-background-color has-background is-style-wide\" \/>\n\n\n\n<div class=\"wp-block-columns is-layout-flex wp-container-core-columns-is-layout-1 wp-block-columns-is-layout-flex\">\n<div class=\"wp-block-column is-layout-flow wp-block-column-is-layout-flow\"><\/div>\n\n\n\n<div class=\"wp-block-column is-layout-flow wp-block-column-is-layout-flow\"><div class=\"wp-block-image\">\n<figure class=\"aligncenter size-large is-resized\"><img loading=\"lazy\" decoding=\"async\" width=\"1024\" height=\"1024\" src=\"https:\/\/eventos.ifbaiano.edu.br\/portal\/congresso\/files\/2024\/08\/Divulgacao-Congresso-1-1024x1024.png\" alt=\"\" class=\"wp-image-3521\" style=\"width:546px;height:auto\" srcset=\"https:\/\/eventos.ifbaiano.edu.br\/portal\/congresso\/files\/2024\/08\/Divulgacao-Congresso-1-1024x1024.png 1024w, https:\/\/eventos.ifbaiano.edu.br\/portal\/congresso\/files\/2024\/08\/Divulgacao-Congresso-1-300x300.png 300w, https:\/\/eventos.ifbaiano.edu.br\/portal\/congresso\/files\/2024\/08\/Divulgacao-Congresso-1-150x150.png 150w, https:\/\/eventos.ifbaiano.edu.br\/portal\/congresso\/files\/2024\/08\/Divulgacao-Congresso-1-768x768.png 768w, https:\/\/eventos.ifbaiano.edu.br\/portal\/congresso\/files\/2024\/08\/Divulgacao-Congresso-1-1536x1536.png 1536w, https:\/\/eventos.ifbaiano.edu.br\/portal\/congresso\/files\/2024\/08\/Divulgacao-Congresso-1-2048x2048.png 2048w\" sizes=\"(max-width: 1024px) 100vw, 1024px\" \/><\/figure><\/div><\/div>\n\n\n\n<div class=\"wp-block-column is-layout-flow wp-block-column-is-layout-flow\"><\/div>\n<\/div>\n\n\n\n<p>O Congresso de Ensino, Pesquisa e Extens\u00e3o do IF Baiano \u00e9 um evento acad\u00eamico-cient\u00edfico que objetiva divulgar a produ\u00e7\u00e3o de conhecimento entre discentes, extensionistas, profissionais da educa\u00e7\u00e3o, pesquisadores(as), gestores(as) e demais interessados(as).<\/p>\n\n\n\n<p>Visa fortalecer por meio de experi\u00eancias inovadoras a indissolubilidade entre ensino, pesquisa e extens\u00e3o, tendo como eixos de integra\u00e7\u00e3o o desenvolvimento territorial e institucional, contemplando diversidade, inclus\u00e3o, g\u00eanero, internacionaliza\u00e7\u00e3o e diferentes culturas.<\/p>\n\n\n\n<p>Em sua 3\u00aa Edi\u00e7\u00e3o, o congresso ser\u00e1 sediado no Campus Senhor do Bonfim, de forma presencial, no per\u00edodo 15 a 17 de outubro de 2024, contemplando em sua programa\u00e7\u00e3o oficinas, minicursos, palestras, mesas-redondas, atra\u00e7\u00f5es art\u00edsticas, apresenta\u00e7\u00e3o de comunica\u00e7\u00f5es e premia\u00e7\u00f5es.<\/p>\n\n\n\n<p>Voc\u00ea \u00e9 nosso(a) convidado(a) para acompanhar, compartilhar experi\u00eancias e construir conhecimento neste espa\u00e7o que evidencia a ci\u00eancia, cultura e inova\u00e7\u00e3o.<\/p>\n\n\n\n<hr class=\"wp-block-separator has-text-color has-nv-light-bg-color has-css-opacity has-nv-light-bg-background-color has-background is-style-wide\" \/>\n\n\n\n<div class=\"wp-block-buttons is-content-justification-center is-layout-flex wp-container-core-buttons-is-layout-1 wp-block-buttons-is-layout-flex\">\n<div class=\"wp-block-button has-custom-width wp-block-button__width-25 has-custom-font-size is-style-primary has-small-font-size\"><a class=\"wp-block-button__link has-midnight-gradient-background has-background wp-element-button\" href=\"https:\/\/eventos.ifbaiano.edu.br\/portal\/congresso\/cepex2024\/programacao-2024\/\" style=\"border-radius:100px\">PROGRAMA\u00c7\u00c3O &#8211; ANO 2024<\/a><\/div>\n\n\n\n<div class=\"wp-block-button has-custom-font-size is-style-primary has-small-font-size\"><a class=\"wp-block-button__link has-nv-site-bg-color has-midnight-gradient-background has-text-color has-background has-link-color wp-element-button\" href=\"https:\/\/eventos.ifbaiano.edu.br\/portal\/congresso\/cepex2024\/comissao-organizadora-2024\/\" style=\"border-radius:100px\">COMISS\u00c3O DO EVENTO &#8211; ANO 2024<\/a><\/div>\n<\/div>\n\n\n\n<div style=\"height:50px\" aria-hidden=\"true\" class=\"wp-block-spacer\"><\/div>\n","protected":false},"excerpt":{"rendered":"<p>3\u00aa Edi\u00e7\u00e3o do Congresso de Ensino, Pesquisa e Extens\u00e3o do IF Baiano \u2013 15 a 17 de outubro de 2024 Tema: Populariza\u00e7\u00e3o da ci\u00eancia e tecnologia para o desenvolvimento sustent\u00e1vel O Congresso de Ensino, Pesquisa e Extens\u00e3o do IF Baiano \u00e9 um evento acad\u00eamico-cient\u00edfico que objetiva divulgar a produ\u00e7\u00e3o de conhecimento entre discentes, extensionistas, profissionais&hellip;&nbsp;<a href=\"https:\/\/eventos.ifbaiano.edu.br\/portal\/congresso\/cepex2024\/\" rel=\"bookmark\">Continue a ler &raquo;<span class=\"screen-reader-text\">3\u00aa Edi\u00e7\u00e3o do Congresso de Ensino, Pesquisa e Extens\u00e3o do IF Baiano &#8211; Ano 2024<\/span><\/a><\/p>\n","protected":false},"author":74,"featured_media":0,"parent":0,"menu_order":0,"comment_status":"closed","ping_status":"closed","template":"","meta":{"neve_meta_sidebar":"","neve_meta_container":"","neve_meta_enable_content_width":"","neve_meta_content_width":0,"neve_meta_title_alignment":"","neve_meta_author_avatar":"","neve_post_elements_order":"","neve_meta_disable_header":"","neve_meta_disable_footer":"","neve_meta_disable_title":"","footnotes":""},"_links":{"self":[{"href":"https:\/\/eventos.ifbaiano.edu.br\/portal\/congresso\/wp-json\/wp\/v2\/pages\/4607"}],"collection":[{"href":"https:\/\/eventos.ifbaiano.edu.br\/portal\/congresso\/wp-json\/wp\/v2\/pages"}],"about":[{"href":"https:\/\/eventos.ifbaiano.edu.br\/portal\/congresso\/wp-json\/wp\/v2\/types\/page"}],"author":[{"embeddable":true,"href":"https:\/\/eventos.ifbaiano.edu.br\/portal\/congresso\/wp-json\/wp\/v2\/users\/74"}],"replies":[{"embeddable":true,"href":"https:\/\/eventos.ifbaiano.edu.br\/portal\/congresso\/wp-json\/wp\/v2\/comments?post=4607"}],"version-history":[{"count":4,"href":"https:\/\/eventos.ifbaiano.edu.br\/portal\/congresso\/wp-json\/wp\/v2\/pages\/4607\/revisions"}],"predecessor-version":[{"id":4759,"href":"https:\/\/eventos.ifbaiano.edu.br\/portal\/congresso\/wp-json\/wp\/v2\/pages\/4607\/revisions\/4759"}],"wp:attachment":[{"href":"https:\/\/eventos.ifbaiano.edu.br\/portal\/congresso\/wp-json\/wp\/v2\/media?parent=4607"}],"curies":[{"name":"wp","href":"https:\/\/api.w.org\/{rel}","templated":true}]}}