{"id":3272,"date":"2024-05-20T09:13:43","date_gmt":"2024-05-20T12:13:43","guid":{"rendered":"https:\/\/eventos.ifbaiano.edu.br\/portal\/congresso\/?page_id=3272"},"modified":"2025-06-16T14:16:51","modified_gmt":"2025-06-16T17:16:51","slug":"simposio-de-internacionalizacao","status":"publish","type":"page","link":"https:\/\/eventos.ifbaiano.edu.br\/portal\/congresso\/simposio-de-internacionalizacao\/","title":{"rendered":"Simp\u00f3sio de Internacionaliza\u00e7\u00e3o do IF Baiano"},"content":{"rendered":"\n<p>O V Simp\u00f3sio de Internacionaliza\u00e7\u00e3o do IF Baiano (V SINTER) \u00e9 uma iniciativa estrat\u00e9gica que reafirma o compromisso da institui\u00e7\u00e3o com uma educa\u00e7\u00e3o p\u00fablica, inclusiva e globalmente conectada. Promovido pela Pr\u00f3-Reitoria de Desenvolvimento Institucional (PRODIN) e coordenado pela Assessoria de Rela\u00e7\u00f5es Internacionais (ARINTER), o evento integra o Congresso de Ensino, Pesquisa e Extens\u00e3o, ampliando os horizontes acad\u00eamicos e culturais de estudantes e servidores.<\/p>\n\n\n\n<p>O SINTER se consolida como um espa\u00e7o essencial para o debate sobre interculturalidade, mobilidade acad\u00eamica e coopera\u00e7\u00e3o internacional. Nesta edi\u00e7\u00e3o, ganham destaque a implanta\u00e7\u00e3o dos Centros de L\u00ednguas (CeLin) e o fortalecimento das parcerias com pa\u00edses da Am\u00e9rica Latina e \u00c1frica, iniciativas que impulsionam a forma\u00e7\u00e3o de compet\u00eancias globais e ampliam o alcance das a\u00e7\u00f5es institucionais.<\/p>\n\n\n\n<p>Mais do que um evento, o SINTER \u00e9 uma ponte entre o IF Baiano e o mundo, contribuindo ativamente para a constru\u00e7\u00e3o de redes internacionais de conhecimento e para o avan\u00e7o dos Objetivos de Desenvolvimento Sustent\u00e1vel (ODS), especialmente nas \u00e1reas de educa\u00e7\u00e3o de qualidade, igualdade de oportunidades e parcerias globais.<\/p>\n\n\n\n<p class=\"has-text-align-center\">Participe e seja parte dessa transforma\u00e7\u00e3o global!<\/p>\n","protected":false},"excerpt":{"rendered":"<p>O V Simp\u00f3sio de Internacionaliza\u00e7\u00e3o do IF Baiano (V SINTER) \u00e9 uma iniciativa estrat\u00e9gica que reafirma o compromisso da institui\u00e7\u00e3o com uma educa\u00e7\u00e3o p\u00fablica, inclusiva e globalmente conectada. Promovido pela Pr\u00f3-Reitoria de Desenvolvimento Institucional (PRODIN) e coordenado pela Assessoria de Rela\u00e7\u00f5es Internacionais (ARINTER), o evento integra o Congresso de Ensino, Pesquisa e Extens\u00e3o, ampliando os&hellip;&nbsp;<a href=\"https:\/\/eventos.ifbaiano.edu.br\/portal\/congresso\/simposio-de-internacionalizacao\/\" rel=\"bookmark\">Continue a ler &raquo;<span class=\"screen-reader-text\">Simp\u00f3sio de Internacionaliza\u00e7\u00e3o do IF Baiano<\/span><\/a><\/p>\n","protected":false},"author":74,"featured_media":0,"parent":0,"menu_order":0,"comment_status":"closed","ping_status":"closed","template":"","meta":{"neve_meta_sidebar":"","neve_meta_container":"","neve_meta_enable_content_width":"","neve_meta_content_width":0,"neve_meta_title_alignment":"","neve_meta_author_avatar":"","neve_post_elements_order":"","neve_meta_disable_header":"","neve_meta_disable_footer":"","neve_meta_disable_title":"","footnotes":""},"_links":{"self":[{"href":"https:\/\/eventos.ifbaiano.edu.br\/portal\/congresso\/wp-json\/wp\/v2\/pages\/3272"}],"collection":[{"href":"https:\/\/eventos.ifbaiano.edu.br\/portal\/congresso\/wp-json\/wp\/v2\/pages"}],"about":[{"href":"https:\/\/eventos.ifbaiano.edu.br\/portal\/congresso\/wp-json\/wp\/v2\/types\/page"}],"author":[{"embeddable":true,"href":"https:\/\/eventos.ifbaiano.edu.br\/portal\/congresso\/wp-json\/wp\/v2\/users\/74"}],"replies":[{"embeddable":true,"href":"https:\/\/eventos.ifbaiano.edu.br\/portal\/congresso\/wp-json\/wp\/v2\/comments?post=3272"}],"version-history":[{"count":6,"href":"https:\/\/eventos.ifbaiano.edu.br\/portal\/congresso\/wp-json\/wp\/v2\/pages\/3272\/revisions"}],"predecessor-version":[{"id":4652,"href":"https:\/\/eventos.ifbaiano.edu.br\/portal\/congresso\/wp-json\/wp\/v2\/pages\/3272\/revisions\/4652"}],"wp:attachment":[{"href":"https:\/\/eventos.ifbaiano.edu.br\/portal\/congresso\/wp-json\/wp\/v2\/media?parent=3272"}],"curies":[{"name":"wp","href":"https:\/\/api.w.org\/{rel}","templated":true}]}}