{"id":3271,"date":"2024-05-20T09:13:43","date_gmt":"2024-05-20T12:13:43","guid":{"rendered":"https:\/\/eventos.ifbaiano.edu.br\/portal\/congresso\/?page_id=3271"},"modified":"2025-06-17T14:54:02","modified_gmt":"2025-06-17T17:54:02","slug":"seminario-institucional-de-pos-graduacao","status":"publish","type":"page","link":"https:\/\/eventos.ifbaiano.edu.br\/portal\/congresso\/seminario-institucional-de-pos-graduacao\/","title":{"rendered":"Semin\u00e1rio Institucional de P\u00f3s-Gradua\u00e7\u00e3o"},"content":{"rendered":"\n<p>O Semin\u00e1rio de P\u00f3s-Gradua\u00e7\u00e3o do IF Baiano \u00e9 um espa\u00e7o privilegiado de di\u00e1logo, reflex\u00e3o e visibilidade para a produ\u00e7\u00e3o cient\u00edfica e tecnol\u00f3gica desenvolvida nos cursos de especializa\u00e7\u00e3o e mestrado da institui\u00e7\u00e3o.<\/p>\n\n\n\n<p>Reunindo pesquisadores, estudantes, docentes e profissionais de diversas \u00e1reas do conhecimento, o evento fortalece a p\u00f3s-gradua\u00e7\u00e3o como instrumento de forma\u00e7\u00e3o cr\u00edtica, inovadora e socialmente comprometida. A programa\u00e7\u00e3o inclui apresenta\u00e7\u00f5es de trabalhos, mesas-redondas, palestras e atividades que estimulam o interc\u00e2mbio de ideias e a constru\u00e7\u00e3o coletiva do saber.<\/p>\n\n\n\n<p>Al\u00e9m de promover a divulga\u00e7\u00e3o dos resultados de trabalho de conclus\u00e3o de curso, o semin\u00e1rio contribui para o aperfei\u00e7oamento das pr\u00e1ticas acad\u00eamicas, ampliando o alcance da pesquisa na p\u00f3s-gradua\u00e7\u00e3o produzida no IF Baiano e seu impacto no desenvolvimento regional e nacional.<\/p>\n\n\n\n<p class=\"has-text-align-left\">Participe e descubra como a p\u00f3s-gradua\u00e7\u00e3o do IF Baiano est\u00e1 moldando o presente e preparando os caminhos para um futuro mais justo, sustent\u00e1vel e conectado ao mundo.<\/p>\n","protected":false},"excerpt":{"rendered":"<p>O Semin\u00e1rio de P\u00f3s-Gradua\u00e7\u00e3o do IF Baiano \u00e9 um espa\u00e7o privilegiado de di\u00e1logo, reflex\u00e3o e visibilidade para a produ\u00e7\u00e3o cient\u00edfica e tecnol\u00f3gica desenvolvida nos cursos de especializa\u00e7\u00e3o e mestrado da institui\u00e7\u00e3o. Reunindo pesquisadores, estudantes, docentes e profissionais de diversas \u00e1reas do conhecimento, o evento fortalece a p\u00f3s-gradua\u00e7\u00e3o como instrumento de forma\u00e7\u00e3o cr\u00edtica, inovadora e socialmente&hellip;&nbsp;<a href=\"https:\/\/eventos.ifbaiano.edu.br\/portal\/congresso\/seminario-institucional-de-pos-graduacao\/\" rel=\"bookmark\">Continue a ler &raquo;<span class=\"screen-reader-text\">Semin\u00e1rio Institucional de P\u00f3s-Gradua\u00e7\u00e3o<\/span><\/a><\/p>\n","protected":false},"author":74,"featured_media":0,"parent":0,"menu_order":0,"comment_status":"closed","ping_status":"closed","template":"","meta":{"neve_meta_sidebar":"left","neve_meta_container":"contained","neve_meta_enable_content_width":"","neve_meta_content_width":70,"neve_meta_title_alignment":"","neve_meta_author_avatar":"","neve_post_elements_order":"","neve_meta_disable_header":"","neve_meta_disable_footer":"","neve_meta_disable_title":"","footnotes":""},"_links":{"self":[{"href":"https:\/\/eventos.ifbaiano.edu.br\/portal\/congresso\/wp-json\/wp\/v2\/pages\/3271"}],"collection":[{"href":"https:\/\/eventos.ifbaiano.edu.br\/portal\/congresso\/wp-json\/wp\/v2\/pages"}],"about":[{"href":"https:\/\/eventos.ifbaiano.edu.br\/portal\/congresso\/wp-json\/wp\/v2\/types\/page"}],"author":[{"embeddable":true,"href":"https:\/\/eventos.ifbaiano.edu.br\/portal\/congresso\/wp-json\/wp\/v2\/users\/74"}],"replies":[{"embeddable":true,"href":"https:\/\/eventos.ifbaiano.edu.br\/portal\/congresso\/wp-json\/wp\/v2\/comments?post=3271"}],"version-history":[{"count":7,"href":"https:\/\/eventos.ifbaiano.edu.br\/portal\/congresso\/wp-json\/wp\/v2\/pages\/3271\/revisions"}],"predecessor-version":[{"id":4676,"href":"https:\/\/eventos.ifbaiano.edu.br\/portal\/congresso\/wp-json\/wp\/v2\/pages\/3271\/revisions\/4676"}],"wp:attachment":[{"href":"https:\/\/eventos.ifbaiano.edu.br\/portal\/congresso\/wp-json\/wp\/v2\/media?parent=3271"}],"curies":[{"name":"wp","href":"https:\/\/api.w.org\/{rel}","templated":true}]}}