{"id":197,"date":"2020-12-10T14:28:34","date_gmt":"2020-12-10T17:28:34","guid":{"rendered":"https:\/\/eventos.ifbaiano.edu.br\/portal\/congresso\/?page_id=197"},"modified":"2021-10-20T20:56:24","modified_gmt":"2021-10-20T23:56:24","slug":"i-seminario-interterritorial-da-sanidade-animal-2020","status":"publish","type":"page","link":"https:\/\/eventos.ifbaiano.edu.br\/portal\/congresso\/i-seminario-interterritorial-da-sanidade-animal-2020\/","title":{"rendered":"I Semin\u00e1rio Interterritorial da Sanidade Animal"},"content":{"rendered":"\n<p><strong>Tema: Boas Pr\u00e1ticas em Bovinocultura Leiteira<\/strong><\/p>\n\n\n\n<p>Com o objetivo de prestigiar esses excelentes profissionais e fortalecer a Cadeia Produtiva de Bovinocultura Leiteira o Banco do Nordeste (BNB) juntamente com o IF Baiano organizaram este evento com muito carinho e est\u00e3o ofertando gratuitamente um evento&nbsp;<em>online<\/em>&nbsp;de alto padr\u00e3o, composto por palestras relacionadas ao tema.<\/p>\n\n\n\n<p>O evento visa cumprir a a\u00e7\u00e3o de impacto BNB <em>Prodeter PAT <\/em>Bovinocultura de Leite do Territ\u00f3rio de Identidade do Piemonte do Paragua\u00e7u. O Semin\u00e1rio \u00e9 destinado aos produtores rurais dos Territ\u00f3rios de Identidade do Piemonte do Paragua\u00e7u, da Bacia do Jacu\u00edpe e Piemonte da Diamantina, al\u00e9m da comunidade cient\u00edfica e acad\u00eamica dessas regi\u00f5es. O evento oportunizar\u00e1 discuss\u00f5es sobre a \u00e1rea da sanidade de gado leiteiro.<\/p>\n\n\n\n<p>O Semin\u00e1rio contar\u00e1 com quatro palestras:<\/p>\n\n\n\n<ul><li>Palestra 1:&nbsp;<strong>Defesa Sanit\u00e1ria Bovinocultura Leiteira&nbsp;<\/strong>                                                                                                                                                                    Palestrante: Esp. Fernanda Almeida Pita <\/li><\/ul>\n\n\n\n<ul><li>Palestra 2:&nbsp;<strong>Mastite Bovina e Ordenha Higi\u00eanica                                                                                                                                                                    <\/strong>Palestrante:<strong> <\/strong>DSc. Lizziane Arg\u00f4lo-Batista<\/li><li>Palestra 3: <strong>Bem-estar e sua influ\u00eancia sobre a sanidade e produ\u00e7\u00e3o de leite<\/strong>                                                                                                                          Palestrante: DSc. Jacqueline Firmino S\u00e1                                                                                                                                                        <\/li><li>Palestra 4:&nbsp;<strong>Qualidade do leite bovino<\/strong>                                                                                                                                                                                                 Palestrante: Esp. Vagner Freitas<\/li><\/ul>\n\n\n\n<p>PALESTRANTES J\u00c1 CONFIRMADOS!<\/p>\n\n\n\n<p>Acesse a <a href=\"https:\/\/eventos.ifbaiano.edu.br\/portal\/congresso\/programacao\/\">PROGRAMA\u00c7\u00c3O<\/a> do I Congresso do IF Baiano \/ I SEMIN\u00c1RIO INTERTERRITORIAL DE SANIDADE ANIMAL<\/p>\n\n\n\n<p><strong>CARGA HOR\u00c1RIA<\/strong>:&nbsp; &nbsp; 4 horas<\/p>\n\n\n\n<p><strong>HOR\u00c1RIO DO CONGRESSO<\/strong><\/p>\n\n\n\n<ul><li>As palestras estar\u00e3o dispon\u00edveis a partir das 15h 00<\/li><\/ul>\n\n\n\n<p><strong>COMISS\u00c3O ORGANIZADORA:<\/strong><\/p>\n\n\n\n<p>Lizziane Arg\u00f4lo-Batista (IF Baiano \/<em> Campus<\/em> Itaberaba)<br>Jasiel Santana (BNB Itaberaba)<br>Nadilson Oliveira (IF Baiano \/ <em>Campus<\/em> Itaberaba)<\/p>\n\n\n\n<figure class=\"wp-block-image size-large is-resized\"><img loading=\"lazy\" decoding=\"async\" src=\"https:\/\/eventos.ifbaiano.edu.br\/portal\/congresso\/files\/2020\/12\/image-10-1024x399.png\" alt=\"\" class=\"wp-image-207\" width=\"732\" height=\"285\" srcset=\"https:\/\/eventos.ifbaiano.edu.br\/portal\/congresso\/files\/2020\/12\/image-10-1024x399.png 1024w, https:\/\/eventos.ifbaiano.edu.br\/portal\/congresso\/files\/2020\/12\/image-10-300x117.png 300w, https:\/\/eventos.ifbaiano.edu.br\/portal\/congresso\/files\/2020\/12\/image-10-768x299.png 768w, https:\/\/eventos.ifbaiano.edu.br\/portal\/congresso\/files\/2020\/12\/image-10.png 1113w\" sizes=\"(max-width: 732px) 100vw, 732px\" \/><\/figure>\n\n\n\n<figure class=\"wp-block-image size-large is-resized\"><img loading=\"lazy\" decoding=\"async\" src=\"https:\/\/eventos.ifbaiano.edu.br\/portal\/congresso\/files\/2020\/12\/image-12.png\" alt=\"\" class=\"wp-image-224\" width=\"952\" height=\"211\" srcset=\"https:\/\/eventos.ifbaiano.edu.br\/portal\/congresso\/files\/2020\/12\/image-12.png 722w, https:\/\/eventos.ifbaiano.edu.br\/portal\/congresso\/files\/2020\/12\/image-12-300x66.png 300w\" sizes=\"(max-width: 952px) 100vw, 952px\" \/><\/figure>\n\n\n\n<p><\/p>\n","protected":false},"excerpt":{"rendered":"<p>Tema: Boas Pr\u00e1ticas em Bovinocultura Leiteira Com o objetivo de prestigiar esses excelentes profissionais e fortalecer a Cadeia Produtiva de Bovinocultura Leiteira o Banco do Nordeste (BNB) juntamente com o IF Baiano organizaram este evento com muito carinho e est\u00e3o ofertando gratuitamente um evento&nbsp;online&nbsp;de alto padr\u00e3o, composto por palestras relacionadas ao tema. O evento visa&hellip;&nbsp;<a href=\"https:\/\/eventos.ifbaiano.edu.br\/portal\/congresso\/i-seminario-interterritorial-da-sanidade-animal-2020\/\" rel=\"bookmark\">Continue a ler &raquo;<span class=\"screen-reader-text\">I Semin\u00e1rio Interterritorial da Sanidade Animal<\/span><\/a><\/p>\n","protected":false},"author":20,"featured_media":0,"parent":0,"menu_order":0,"comment_status":"closed","ping_status":"closed","template":"","meta":{"neve_meta_sidebar":"full-width","neve_meta_container":"","neve_meta_enable_content_width":"on","neve_meta_content_width":100,"neve_meta_title_alignment":"","neve_meta_author_avatar":"","neve_post_elements_order":"","neve_meta_disable_header":"","neve_meta_disable_footer":"","neve_meta_disable_title":"","footnotes":""},"_links":{"self":[{"href":"https:\/\/eventos.ifbaiano.edu.br\/portal\/congresso\/wp-json\/wp\/v2\/pages\/197"}],"collection":[{"href":"https:\/\/eventos.ifbaiano.edu.br\/portal\/congresso\/wp-json\/wp\/v2\/pages"}],"about":[{"href":"https:\/\/eventos.ifbaiano.edu.br\/portal\/congresso\/wp-json\/wp\/v2\/types\/page"}],"author":[{"embeddable":true,"href":"https:\/\/eventos.ifbaiano.edu.br\/portal\/congresso\/wp-json\/wp\/v2\/users\/20"}],"replies":[{"embeddable":true,"href":"https:\/\/eventos.ifbaiano.edu.br\/portal\/congresso\/wp-json\/wp\/v2\/comments?post=197"}],"version-history":[{"count":8,"href":"https:\/\/eventos.ifbaiano.edu.br\/portal\/congresso\/wp-json\/wp\/v2\/pages\/197\/revisions"}],"predecessor-version":[{"id":229,"href":"https:\/\/eventos.ifbaiano.edu.br\/portal\/congresso\/wp-json\/wp\/v2\/pages\/197\/revisions\/229"}],"wp:attachment":[{"href":"https:\/\/eventos.ifbaiano.edu.br\/portal\/congresso\/wp-json\/wp\/v2\/media?parent=197"}],"curies":[{"name":"wp","href":"https:\/\/api.w.org\/{rel}","templated":true}]}}