{"id":1374,"date":"2022-07-14T10:19:50","date_gmt":"2022-07-14T13:19:50","guid":{"rendered":"https:\/\/eventos.ifbaiano.edu.br\/portal\/congresso\/?page_id=1374"},"modified":"2022-11-08T11:01:22","modified_gmt":"2022-11-08T14:01:22","slug":"evento","status":"publish","type":"page","link":"https:\/\/eventos.ifbaiano.edu.br\/portal\/congresso\/anais-do-congresso-do-instituto-federal-baiano-2020\/evento\/","title":{"rendered":"Anais do Congresso do Instituto Federal Baiano &#8211; ISSN:2764-8036"},"content":{"rendered":"\n<div class=\"wp-block-buttons is-layout-flex wp-block-buttons-is-layout-flex\">\n<div class=\"wp-block-button\"><a class=\"wp-block-button__link\" href=\"https:\/\/eventos.ifbaiano.edu.br\/portal\/congresso\/anais-do-congresso-do-instituto-federal-baiano-2020\/\">Apresenta\u00e7\u00e3o<\/a><\/div>\n\n\n\n<div class=\"wp-block-button\"><a class=\"wp-block-button__link\" href=\"https:\/\/eventos.ifbaiano.edu.br\/portal\/congresso\/anais-do-congresso-do-instituto-federal-baiano-2020\/expediente\/\">Expediente<\/a><\/div>\n\n\n\n<div class=\"wp-block-button\"><a class=\"wp-block-button__link\" href=\"https:\/\/eventos.ifbaiano.edu.br\/portal\/congresso\/anais-do-congresso-do-instituto-federal-baiano-2020\/equipe-editorial\/\">Equipe Editorial<\/a><\/div>\n\n\n\n<div class=\"wp-block-button\"><a class=\"wp-block-button__link\" href=\"https:\/\/eventos.ifbaiano.edu.br\/portal\/congresso\/anais-do-congresso-do-instituto-federal-baiano-2020\/edicoes\/\">Edi\u00e7\u00f5es<\/a><\/div>\n\n\n\n<div class=\"wp-block-button\"><a class=\"wp-block-button__link\" href=\"https:\/\/eventos.ifbaiano.edu.br\/portal\/congresso\/anais-do-congresso-do-instituto-federal-baiano-2020\/evento\/\">Evento<\/a><\/div>\n\n\n\n<div class=\"wp-block-button\"><a class=\"wp-block-button__link\" href=\"https:\/\/eventos.ifbaiano.edu.br\/portal\/congresso\/anais-do-congresso-do-instituto-federal-baiano-2020\/nomas\/\">Normas<\/a><\/div>\n\n\n\n<div class=\"wp-block-button\"><a class=\"wp-block-button__link\" href=\"https:\/\/eventos.ifbaiano.edu.br\/portal\/congresso\/anais-do-congresso-do-instituto-federal-baiano-2020\/contato\/\">Contato<\/a><\/div>\n<\/div>\n\n\n\n<h3 class=\"has-text-align-center wp-block-heading\"><strong><a href=\"https:\/\/eventos.ifbaiano.edu.br\/portal\/congresso\/2020-2\/\" data-type=\"URL\" data-id=\"https:\/\/eventos.ifbaiano.edu.br\/portal\/congresso\/2020-2\/\">Clique aqui para acessar a p\u00e1gina Oficial do Evento<\/a><\/strong><\/h3>\n\n\n\n<p><strong>Congresso do Instituto Federal Baiano vol. I<\/strong>&nbsp;\u2013 De 15 a 18 de dezembro de 2020<\/p>\n\n\n\n<p><strong>ENSINO E PESQUISA<\/strong><\/p>\n\n\n\n<p><\/p>\n\n\n\n<p><a href=\"https:\/\/eventos.ifbaiano.edu.br\/portal\/congresso\/programacao-2020\/\" data-type=\"URL\" data-id=\"https:\/\/eventos.ifbaiano.edu.br\/portal\/congresso\/programacao-2020\/\"><strong>Acompanhe a programa\u00e7\u00e3o e acesse os <em>links<\/em> &#8211; Clique aqui<\/strong><\/a><\/p>\n\n\n\n<p><\/p>\n\n\n\n<p>No Brasil, a pandemia desencadeada pela dissemina\u00e7\u00e3o do novo coronav\u00edrus trouxe in\u00fameros desafios, bem como retomou e agravou antigas problem\u00e1ticas sociais, inclusive no campo da Educa\u00e7\u00e3o. Contudo, ilustrou tamb\u00e9m a for\u00e7a do di\u00e1logo e o quanto podemos construir mais quando estamos unidos, ainda que socialmente distantes. No Instituto Federal de Educa\u00e7\u00e3o, Ci\u00eancia e Tecnologia Baiano \u2013 IF Baiano, manter atividades educacionais em meio ao necess\u00e1rio distanciamento social foi poss\u00edvel somente porque, juntos buscamos as melhores alternativas para desenvolver tais atividades e, assim, cuidarmos uns dos outros. O&nbsp;<strong>Congresso do Instituto Federal Baiano vol. I \u2013 Ensino e Pesquisa&nbsp;<\/strong>vem justamente fortalecer e solidificar as redes de contato e parcerias que se estabeleceram nesse per\u00edodo, evidenciando que, com muito esfor\u00e7o e colabora\u00e7\u00e3o de todos, nossas atividades n\u00e3o pararam.<\/p>\n\n\n\n<p><strong>O Congresso do Instituto Federal Baiano vol. I ocorrer\u00e1 de 15 a 18 de dezembro de 2020<\/strong>, em formato&nbsp;<em>on-line<\/em>, de modo s\u00edncrono e ass\u00edncrono, por meio da plataforma RNP. Nossa proposta \u00e9 promover um espa\u00e7o de intera\u00e7\u00e3o, favor\u00e1vel ao di\u00e1logo, debate, inova\u00e7\u00e3o e compartilhamento das viv\u00eancias acad\u00eamicas e melhores pr\u00e1ticas do Ensino e da Pesquisa no \u00e2mbito do IF Baiano. Mais especificamente, o evento ter\u00e1 como eixo o Ensino e a Pesquisa \u2013 duas perspectivas educacionais que se inter-relacionam a partir da aprendizagem e do desenvolvimento do conhecimento. Nesse sentido, interessa-nos promovermos, em diferentes inst\u00e2ncias, o incentivo \u00e0 promo\u00e7\u00e3o da alfabetiza\u00e7\u00e3o cient\u00edfica, considerados os n\u00edveis do ensino m\u00e9dio-t\u00e9cnico, superior e p\u00f3s-gradua\u00e7\u00e3o, vistos como um todo no qual se deve fomentar o processo educativo para um aprimoramento do Ensino e da Pesquisa.<\/p>\n\n\n\n<p>Organizado pela Pr\u00f3-Reitoria de Pesquisa e Inova\u00e7\u00e3o e pela Pr\u00f3-Reitoria de Ensino, o Congresso do Instituto Federal Baiano vol. I busca firmar-se como um evento anual direcionado \u00e0 comunidade do IF Baiano e \u00e0 sociedade em geral, congregando discentes, docentes, movimentos sociais e civis relacionados \u00e0 educa\u00e7\u00e3o e a tem\u00e1ticas que envolvam essas duas perspectivas da educa\u00e7\u00e3o. Em sua primeira edi\u00e7\u00e3o, no corrente ano, o I Congresso do IF Baiano conforma-se como espa\u00e7o congregador de m\u00faltiplas discuss\u00f5es e comportar\u00e1 cinco eventos simult\u00e2neos: o<strong>&nbsp;I Semin\u00e1rio Institucional de P\u00f3s-Gradua\u00e7\u00e3o \u2013 SIP<\/strong>; o&nbsp;<strong>I Semin\u00e1rio de Resid\u00eancia Pedag\u00f3gica \u2013 PRP<\/strong>; a<strong>&nbsp;VII Mostra de Inicia\u00e7\u00e3o Cient\u00edfica \u2013 MIC 2020<\/strong>; e tamb\u00e9m o<strong>&nbsp;VII Semin\u00e1rio do Programa Institucional de Bolsa de Inicia\u00e7\u00e3o \u00e0 Doc\u00eancia \u2013 PIBID<\/strong>&nbsp;e o&nbsp;<strong>I Semin\u00e1rio Interterritorial de Sanidade Animal<\/strong>. Voc\u00ea \u00e9 nosso\/a convidado\/a especial para compartilhar experi\u00eancias de aprendizagem, construir conhecimento e, sobretudo, contribuir com a edifica\u00e7\u00e3o de uma sociedade justa: antirracista, inclusiva e que respeite \u00e0s disson\u00e2ncias sexuais e de g\u00eanero.<\/p>\n\n\n\n<p><\/p>\n\n\n\n<div class=\"wp-block-image\"><figure class=\"aligncenter size-large\"><img loading=\"lazy\" decoding=\"async\" width=\"1024\" height=\"1024\" src=\"https:\/\/eventos.ifbaiano.edu.br\/portal\/congresso\/files\/2022\/07\/WhatsApp-Image-2022-07-14-at-10.58.54-1024x1024.jpeg\" alt=\"\" class=\"wp-image-1397\" srcset=\"https:\/\/eventos.ifbaiano.edu.br\/portal\/congresso\/files\/2022\/07\/WhatsApp-Image-2022-07-14-at-10.58.54-1024x1024.jpeg 1024w, https:\/\/eventos.ifbaiano.edu.br\/portal\/congresso\/files\/2022\/07\/WhatsApp-Image-2022-07-14-at-10.58.54-300x300.jpeg 300w, https:\/\/eventos.ifbaiano.edu.br\/portal\/congresso\/files\/2022\/07\/WhatsApp-Image-2022-07-14-at-10.58.54-150x150.jpeg 150w, https:\/\/eventos.ifbaiano.edu.br\/portal\/congresso\/files\/2022\/07\/WhatsApp-Image-2022-07-14-at-10.58.54-768x768.jpeg 768w, https:\/\/eventos.ifbaiano.edu.br\/portal\/congresso\/files\/2022\/07\/WhatsApp-Image-2022-07-14-at-10.58.54.jpeg 1080w\" sizes=\"(max-width: 1024px) 100vw, 1024px\" \/><\/figure><\/div>\n","protected":false},"excerpt":{"rendered":"<p>Clique aqui para acessar a p\u00e1gina Oficial do Evento Congresso do Instituto Federal Baiano vol. I&nbsp;\u2013 De 15 a 18 de dezembro de 2020 ENSINO E PESQUISA Acompanhe a programa\u00e7\u00e3o e acesse os links &#8211; Clique aqui No Brasil, a pandemia desencadeada pela dissemina\u00e7\u00e3o do novo coronav\u00edrus trouxe in\u00fameros desafios, bem como retomou e agravou&hellip;&nbsp;<a href=\"https:\/\/eventos.ifbaiano.edu.br\/portal\/congresso\/anais-do-congresso-do-instituto-federal-baiano-2020\/evento\/\" rel=\"bookmark\">Continue a ler &raquo;<span class=\"screen-reader-text\">Anais do Congresso do Instituto Federal Baiano &#8211; ISSN:2764-8036<\/span><\/a><\/p>\n","protected":false},"author":69,"featured_media":0,"parent":1344,"menu_order":0,"comment_status":"closed","ping_status":"closed","template":"","meta":{"neve_meta_sidebar":"full-width","neve_meta_container":"","neve_meta_enable_content_width":"on","neve_meta_content_width":100,"neve_meta_title_alignment":"","neve_meta_author_avatar":"","neve_post_elements_order":"","neve_meta_disable_header":"on","neve_meta_disable_footer":"on","neve_meta_disable_title":"","footnotes":""},"_links":{"self":[{"href":"https:\/\/eventos.ifbaiano.edu.br\/portal\/congresso\/wp-json\/wp\/v2\/pages\/1374"}],"collection":[{"href":"https:\/\/eventos.ifbaiano.edu.br\/portal\/congresso\/wp-json\/wp\/v2\/pages"}],"about":[{"href":"https:\/\/eventos.ifbaiano.edu.br\/portal\/congresso\/wp-json\/wp\/v2\/types\/page"}],"author":[{"embeddable":true,"href":"https:\/\/eventos.ifbaiano.edu.br\/portal\/congresso\/wp-json\/wp\/v2\/users\/69"}],"replies":[{"embeddable":true,"href":"https:\/\/eventos.ifbaiano.edu.br\/portal\/congresso\/wp-json\/wp\/v2\/comments?post=1374"}],"version-history":[{"count":7,"href":"https:\/\/eventos.ifbaiano.edu.br\/portal\/congresso\/wp-json\/wp\/v2\/pages\/1374\/revisions"}],"predecessor-version":[{"id":1768,"href":"https:\/\/eventos.ifbaiano.edu.br\/portal\/congresso\/wp-json\/wp\/v2\/pages\/1374\/revisions\/1768"}],"up":[{"embeddable":true,"href":"https:\/\/eventos.ifbaiano.edu.br\/portal\/congresso\/wp-json\/wp\/v2\/pages\/1344"}],"wp:attachment":[{"href":"https:\/\/eventos.ifbaiano.edu.br\/portal\/congresso\/wp-json\/wp\/v2\/media?parent=1374"}],"curies":[{"name":"wp","href":"https:\/\/api.w.org\/{rel}","templated":true}]}}