{"id":1315,"date":"2022-07-12T15:22:28","date_gmt":"2022-07-12T18:22:28","guid":{"rendered":"https:\/\/eventos.ifbaiano.edu.br\/portal\/congresso\/?page_id=1315"},"modified":"2022-11-08T10:57:44","modified_gmt":"2022-11-08T13:57:44","slug":"evento","status":"publish","type":"page","link":"https:\/\/eventos.ifbaiano.edu.br\/portal\/congresso\/anais\/evento\/","title":{"rendered":"Anais do Congresso do Instituto Federal Baiano &#8211; ISSN:2764-8036"},"content":{"rendered":"\n<div class=\"wp-block-buttons is-layout-flex wp-block-buttons-is-layout-flex\">\n<div class=\"wp-block-button\"><a class=\"wp-block-button__link\" href=\"https:\/\/eventos.ifbaiano.edu.br\/portal\/congresso\/anais\/\">Apresenta\u00e7\u00e3o<\/a><\/div>\n\n\n\n<div class=\"wp-block-button\"><a class=\"wp-block-button__link\" href=\"https:\/\/eventos.ifbaiano.edu.br\/portal\/congresso\/anais\/expediente\/\">Expediente<\/a><\/div>\n\n\n\n<div class=\"wp-block-button\"><a class=\"wp-block-button__link\" href=\"https:\/\/eventos.ifbaiano.edu.br\/portal\/congresso\/anais\/equipe-editorial\/\">Equipe Editorial<\/a><\/div>\n\n\n\n<div class=\"wp-block-button\"><a class=\"wp-block-button__link\" href=\"https:\/\/eventos.ifbaiano.edu.br\/portal\/congresso\/anais\/edicoes\/\">Edi\u00e7\u00f5es<\/a><\/div>\n\n\n\n<div class=\"wp-block-button\"><a class=\"wp-block-button__link\" href=\"https:\/\/eventos.ifbaiano.edu.br\/portal\/congresso\/anais\/evento\/\">Evento<\/a><\/div>\n\n\n\n<div class=\"wp-block-button\"><a class=\"wp-block-button__link\" href=\"https:\/\/eventos.ifbaiano.edu.br\/portal\/congresso\/anais\/normas\/\">Normas<\/a><\/div>\n\n\n\n<div class=\"wp-block-button\"><a class=\"wp-block-button__link\" href=\"https:\/\/eventos.ifbaiano.edu.br\/portal\/congresso\/anais\/contato\/\">Contato<\/a><\/div>\n<\/div>\n\n\n\n<h3 class=\"has-text-align-center wp-block-heading\"><strong><a href=\"https:\/\/eventos.ifbaiano.edu.br\/portal\/congresso\/\" data-type=\"URL\" data-id=\"https:\/\/eventos.ifbaiano.edu.br\/portal\/congresso\/\">Clique aqui para acessar a p\u00e1gina Oficial do Evento <\/a><\/strong><\/h3>\n\n\n\n<p><strong>Congresso do Instituto Federal Baiano<\/strong> <strong>Vol. II<\/strong> &#8211;  De 23 a 26 de novembro de 2021 <\/p>\n\n\n\n<p><strong>CI\u00caNCIA, CULTURA DIGITAL E INOVA\u00c7\u00c3O:<br>A produ\u00e7\u00e3o do conhecimento no Ensino, Extens\u00e3o, Pesquisa e Internacionaliza\u00e7\u00e3o em contexto de Pandemia<\/strong><br><\/p>\n\n\n\n<p><strong><a href=\"https:\/\/eventos.ifbaiano.edu.br\/portal\/congresso\/programacao-2021\/\">Acompanhe a programa\u00e7\u00e3o e acesse os <em>links<\/em> &#8211;  Clique aqui<\/a><\/strong><\/p>\n\n\n\n<hr class=\"wp-block-separator has-text-color has-background has-nv-light-bg-background-color has-nv-light-bg-color is-style-wide\" \/>\n\n\n\n<p>O Congresso do Instituto Federal Baiano Vol. II intitulado de \u201c<strong>Ci\u00eancia, cultura digital e inova\u00e7\u00e3o: a produ\u00e7\u00e3o do conhecimento no Ensino, Extens\u00e3o, Pesquisa e Internacionaliza\u00e7\u00e3o em contexto de Pandemia<\/strong>&#8220;, realiza a sua 2a edi\u00e7\u00e3o em 2021 e agrega a\u00e7\u00f5es, palestras e resultados de trabalhos e projetos no \u00e2mbito do Ensino, Extens\u00e3o, Desenvolvimento Institucional, Pesquisa e Inova\u00e7\u00e3o. Em formato on-line, o II Congresso representa um espa\u00e7o dial\u00f3gico e de interc\u00e2mbio em n\u00edvel nacional e internacional entre estudantes, extensionistas, profissionais da educa\u00e7\u00e3o, pesquisadores(as), gestores(as) para que possam encontrar pontos em comum e oportunidades de reconstru\u00e7\u00e3o solid\u00e1ria no que se refere \u00e0s pr\u00e1ticas pedag\u00f3gicas, gest\u00e3o, conhecimentos, pesquisa e inova\u00e7\u00e3o, diversidade, inclus\u00e3o, g\u00eanero e as culturas digitais na educa\u00e7\u00e3o. <\/p>\n\n\n\n<p>\u00c9 tempo de esperan\u00e7ar e reconstruir a educa\u00e7\u00e3o a partir de boas pr\u00e1ticas, de novas perspectivas, solu\u00e7\u00f5es e ideias com o intuito de apoiar e oferecer melhor qualidade de vida a todas as pessoas. Nesta 2a edi\u00e7\u00e3o, reuniremos os seguintes eventos: a <strong>Mostra de Inicia\u00e7\u00e3o Cient\u00edfica<\/strong> (MIC 2021), o <strong>Semin\u00e1rio Institucional da P\u00f3s-Gradua\u00e7\u00e3o<\/strong> (II SIP), o <strong>Simp\u00f3sio de Internacionaliza\u00e7\u00e3o<\/strong> (II Sinter), o <strong>Semin\u00e1rio de Extens\u00e3o, Inova\u00e7\u00e3o e Cultura<\/strong> (III SEIC), al\u00e9m de outros temas agregados.<\/p>\n\n\n\n<p>Com o \u00eaxito de p\u00fablico e objetivos alcan\u00e7ados na edi\u00e7\u00e3o anterior, ainda enfrentando a pandemia de Covid-19, propomos, em 2021, reunir discuss\u00f5es em torno do tema central, envolvendo desde a educa\u00e7\u00e3o profissional t\u00e9cnica de n\u00edvel m\u00e9dio \u00e0 p\u00f3s-gradua\u00e7\u00e3o. A realiza\u00e7\u00e3o do evento tem \u00e0 frente uma atua\u00e7\u00e3o conjunta entre a Pr\u00f3-Reitoria de Pesquisa e Inova\u00e7\u00e3o, Pr\u00f3-Reitoria de Ensino, Pr\u00f3-Reitoria de Extens\u00e3o e Pr\u00f3-Reitoria de Desenvolvimento Institucional, gerenciadas pela Reitoria do Instituto Federal Baiano. Em comum acordo, entendemos que o tema proposto se apresenta como o mais apropriado para esse momento, em virtude das urg\u00eancias a serem discutidas e debatidas por toda a comunidade acad\u00eamica e cient\u00edfica de nossa institui\u00e7\u00e3o. <\/p>\n\n\n\n<p>O congresso ocorrer\u00e1 de modo online, pela plataforma RNP, no per\u00edodo 23 a 26 de novembro de 2021, com palestras, mesa-redonda, atra\u00e7\u00f5es art\u00edsticas, apresenta\u00e7\u00e3o de comunica\u00e7\u00f5es e premia\u00e7\u00f5es.<\/p>\n\n\n\n<p>Voc\u00ea \u00e9 nosso(a) convidado(a) para acompanhar, compartilhar experi\u00eancias e construir conhecimento neste espa\u00e7o que evidencia a ci\u00eancia, cultura digital e inova\u00e7\u00e3o.<\/p>\n\n\n\n<div class=\"wp-block-image\"><figure class=\"aligncenter size-large\"><img loading=\"lazy\" decoding=\"async\" width=\"1024\" height=\"1024\" src=\"https:\/\/eventos.ifbaiano.edu.br\/portal\/congresso\/files\/2022\/07\/card-congresso-if-baiano-2021-1024x1024.png\" alt=\"\" class=\"wp-image-1394\" srcset=\"https:\/\/eventos.ifbaiano.edu.br\/portal\/congresso\/files\/2022\/07\/card-congresso-if-baiano-2021-1024x1024.png 1024w, https:\/\/eventos.ifbaiano.edu.br\/portal\/congresso\/files\/2022\/07\/card-congresso-if-baiano-2021-300x300.png 300w, https:\/\/eventos.ifbaiano.edu.br\/portal\/congresso\/files\/2022\/07\/card-congresso-if-baiano-2021-150x150.png 150w, https:\/\/eventos.ifbaiano.edu.br\/portal\/congresso\/files\/2022\/07\/card-congresso-if-baiano-2021-768x768.png 768w, https:\/\/eventos.ifbaiano.edu.br\/portal\/congresso\/files\/2022\/07\/card-congresso-if-baiano-2021.png 1080w\" sizes=\"(max-width: 1024px) 100vw, 1024px\" \/><\/figure><\/div>\n\n\n\n<hr class=\"wp-block-separator has-text-color has-background has-nv-light-bg-background-color has-nv-light-bg-color is-style-wide\" \/>\n\n\n\n<div class=\"wp-block-image\"><figure class=\"aligncenter size-full\"><img loading=\"lazy\" decoding=\"async\" width=\"800\" height=\"75\" src=\"https:\/\/eventos.ifbaiano.edu.br\/portal\/congresso\/files\/2021\/10\/marcas-eventos-congresso-2021.png\" alt=\"\" class=\"wp-image-553\" srcset=\"https:\/\/eventos.ifbaiano.edu.br\/portal\/congresso\/files\/2021\/10\/marcas-eventos-congresso-2021.png 800w, https:\/\/eventos.ifbaiano.edu.br\/portal\/congresso\/files\/2021\/10\/marcas-eventos-congresso-2021-300x28.png 300w, https:\/\/eventos.ifbaiano.edu.br\/portal\/congresso\/files\/2021\/10\/marcas-eventos-congresso-2021-768x72.png 768w\" sizes=\"(max-width: 800px) 100vw, 800px\" \/><\/figure><\/div>\n","protected":false},"excerpt":{"rendered":"<p>Clique aqui para acessar a p\u00e1gina Oficial do Evento Congresso do Instituto Federal Baiano Vol. II &#8211; De 23 a 26 de novembro de 2021 CI\u00caNCIA, CULTURA DIGITAL E INOVA\u00c7\u00c3O:A produ\u00e7\u00e3o do conhecimento no Ensino, Extens\u00e3o, Pesquisa e Internacionaliza\u00e7\u00e3o em contexto de Pandemia Acompanhe a programa\u00e7\u00e3o e acesse os links &#8211; Clique aqui O Congresso&hellip;&nbsp;<a href=\"https:\/\/eventos.ifbaiano.edu.br\/portal\/congresso\/anais\/evento\/\" rel=\"bookmark\">Continue a ler &raquo;<span class=\"screen-reader-text\">Anais do Congresso do Instituto Federal Baiano &#8211; ISSN:2764-8036<\/span><\/a><\/p>\n","protected":false},"author":20,"featured_media":0,"parent":1290,"menu_order":0,"comment_status":"closed","ping_status":"closed","template":"","meta":{"neve_meta_sidebar":"full-width","neve_meta_container":"","neve_meta_enable_content_width":"on","neve_meta_content_width":100,"neve_meta_title_alignment":"","neve_meta_author_avatar":"","neve_post_elements_order":"","neve_meta_disable_header":"on","neve_meta_disable_footer":"on","neve_meta_disable_title":"","footnotes":""},"_links":{"self":[{"href":"https:\/\/eventos.ifbaiano.edu.br\/portal\/congresso\/wp-json\/wp\/v2\/pages\/1315"}],"collection":[{"href":"https:\/\/eventos.ifbaiano.edu.br\/portal\/congresso\/wp-json\/wp\/v2\/pages"}],"about":[{"href":"https:\/\/eventos.ifbaiano.edu.br\/portal\/congresso\/wp-json\/wp\/v2\/types\/page"}],"author":[{"embeddable":true,"href":"https:\/\/eventos.ifbaiano.edu.br\/portal\/congresso\/wp-json\/wp\/v2\/users\/20"}],"replies":[{"embeddable":true,"href":"https:\/\/eventos.ifbaiano.edu.br\/portal\/congresso\/wp-json\/wp\/v2\/comments?post=1315"}],"version-history":[{"count":8,"href":"https:\/\/eventos.ifbaiano.edu.br\/portal\/congresso\/wp-json\/wp\/v2\/pages\/1315\/revisions"}],"predecessor-version":[{"id":1761,"href":"https:\/\/eventos.ifbaiano.edu.br\/portal\/congresso\/wp-json\/wp\/v2\/pages\/1315\/revisions\/1761"}],"up":[{"embeddable":true,"href":"https:\/\/eventos.ifbaiano.edu.br\/portal\/congresso\/wp-json\/wp\/v2\/pages\/1290"}],"wp:attachment":[{"href":"https:\/\/eventos.ifbaiano.edu.br\/portal\/congresso\/wp-json\/wp\/v2\/media?parent=1315"}],"curies":[{"name":"wp","href":"https:\/\/api.w.org\/{rel}","templated":true}]}}