{"id":1290,"date":"2022-07-05T09:42:14","date_gmt":"2022-07-05T12:42:14","guid":{"rendered":"https:\/\/eventos.ifbaiano.edu.br\/portal\/congresso\/?page_id=1290"},"modified":"2022-11-08T10:56:53","modified_gmt":"2022-11-08T13:56:53","slug":"anais","status":"publish","type":"page","link":"https:\/\/eventos.ifbaiano.edu.br\/portal\/congresso\/anais\/","title":{"rendered":"Anais do Congresso do Instituto Federal Baiano &#8211; ISSN:2764-8036"},"content":{"rendered":"\n<div class=\"wp-block-buttons is-layout-flex wp-block-buttons-is-layout-flex\">\n<div class=\"wp-block-button\"><a class=\"wp-block-button__link\" href=\"https:\/\/eventos.ifbaiano.edu.br\/portal\/congresso\/anais\/\">Apresenta\u00e7\u00e3o<\/a><\/div>\n\n\n\n<div class=\"wp-block-button\"><a class=\"wp-block-button__link\" href=\"https:\/\/eventos.ifbaiano.edu.br\/portal\/congresso\/anais\/expediente\/\">Expediente<\/a><\/div>\n\n\n\n<div class=\"wp-block-button\"><a class=\"wp-block-button__link\" href=\"https:\/\/eventos.ifbaiano.edu.br\/portal\/congresso\/anais\/equipe-editorial\/\">Equipe Editorial<\/a><\/div>\n\n\n\n<div class=\"wp-block-button\"><a class=\"wp-block-button__link\" href=\"https:\/\/eventos.ifbaiano.edu.br\/portal\/congresso\/anais\/edicoes\/\">Edi\u00e7\u00f5es<\/a><\/div>\n\n\n\n<div class=\"wp-block-button\"><a class=\"wp-block-button__link\" href=\"https:\/\/eventos.ifbaiano.edu.br\/portal\/congresso\/anais\/evento\/\">Evento<\/a><\/div>\n\n\n\n<div class=\"wp-block-button\"><a class=\"wp-block-button__link\" href=\"https:\/\/eventos.ifbaiano.edu.br\/portal\/congresso\/anais\/normas\/\">Normas<\/a><\/div>\n\n\n\n<div class=\"wp-block-button\"><a class=\"wp-block-button__link\" href=\"https:\/\/eventos.ifbaiano.edu.br\/portal\/congresso\/anais\/contato\/\">Contato<\/a><\/div>\n<\/div>\n\n\n\n<div style=\"height:40px\" aria-hidden=\"true\" class=\"wp-block-spacer\"><\/div>\n\n\n\n<p>O Congresso do Instituto Federal Baiano vol. II intitulado de \u201c<strong>Ci\u00eancia, cultura digital e inova\u00e7\u00e3o: a produ\u00e7\u00e3o do conhecimento no Ensino, Extens\u00e3o, Pesquisa e Internacionaliza\u00e7\u00e3o em contexto de Pandemia<\/strong>\u201c, realiza a sua 2a edi\u00e7\u00e3o em 2021 e agrega a\u00e7\u00f5es, palestras e resultados de trabalhos e projetos no \u00e2mbito do Ensino, Extens\u00e3o, Desenvolvimento Institucional, Pesquisa e Inova\u00e7\u00e3o. Em formato on-line, o Congresso vol. II representa um espa\u00e7o dial\u00f3gico e de interc\u00e2mbio em n\u00edvel nacional e internacional entre estudantes, extensionistas, profissionais da educa\u00e7\u00e3o, pesquisadores(as), gestores(as) para que possam encontrar pontos em comum e oportunidades de reconstru\u00e7\u00e3o solid\u00e1ria no que se refere \u00e0s pr\u00e1ticas pedag\u00f3gicas, gest\u00e3o, conhecimentos, pesquisa e inova\u00e7\u00e3o, diversidade, inclus\u00e3o, g\u00eanero e as culturas digitais na educa\u00e7\u00e3o.<\/p>\n\n\n\n<p>\u00c9 tempo de esperan\u00e7ar e reconstruir a educa\u00e7\u00e3o a partir de boas pr\u00e1ticas, de novas perspectivas, solu\u00e7\u00f5es e ideias com o intuito de apoiar e oferecer melhor qualidade de vida a todas as pessoas. Nesta 2a edi\u00e7\u00e3o, reuniremos os seguintes eventos: a&nbsp;<strong>Mostra de Inicia\u00e7\u00e3o Cient\u00edfica<\/strong>&nbsp;(MIC 2021), o&nbsp;<strong>Semin\u00e1rio Institucional da P\u00f3s-Gradua\u00e7\u00e3o<\/strong>&nbsp;(II SIP), o&nbsp;<strong>Simp\u00f3sio de Internacionaliza\u00e7\u00e3o<\/strong>&nbsp;(II Sinter), o&nbsp;<strong>Semin\u00e1rio de Extens\u00e3o, Inova\u00e7\u00e3o e Cultura<\/strong>&nbsp;(III SEIC), al\u00e9m de outros temas agregados.<\/p>\n\n\n\n<p>Com o \u00eaxito de p\u00fablico e objetivos alcan\u00e7ados na edi\u00e7\u00e3o anterior, ainda enfrentando a pandemia de Covid-19, propomos, em 2021, reunir discuss\u00f5es em torno do tema central, envolvendo desde a educa\u00e7\u00e3o profissional t\u00e9cnica de n\u00edvel m\u00e9dio \u00e0 p\u00f3s-gradua\u00e7\u00e3o. A realiza\u00e7\u00e3o do evento tem \u00e0 frente uma atua\u00e7\u00e3o conjunta entre a Pr\u00f3-Reitoria de Pesquisa e Inova\u00e7\u00e3o, Pr\u00f3-Reitoria de Ensino, Pr\u00f3-Reitoria de Extens\u00e3o e Pr\u00f3-Reitoria de Desenvolvimento Institucional, gerenciadas pela Reitoria do Instituto Federal Baiano. Em comum acordo, entendemos que o tema proposto se apresenta como o mais apropriado para esse momento, em virtude das urg\u00eancias a serem discutidas e debatidas por toda a comunidade acad\u00eamica e cient\u00edfica de nossa institui\u00e7\u00e3o.<\/p>\n\n\n\n<p><\/p>\n\n\n\n<p><\/p>\n\n\n\n<p><\/p>\n\n\n\n<p><\/p>\n\n\n\n<p><\/p>\n\n\n\n<div class=\"wp-block-image\"><figure class=\"aligncenter size-full\"><img loading=\"lazy\" decoding=\"async\" width=\"800\" height=\"75\" src=\"https:\/\/eventos.ifbaiano.edu.br\/portal\/congresso\/files\/2021\/10\/marcas-eventos-congresso-2021.png\" alt=\"\" class=\"wp-image-553\" srcset=\"https:\/\/eventos.ifbaiano.edu.br\/portal\/congresso\/files\/2021\/10\/marcas-eventos-congresso-2021.png 800w, https:\/\/eventos.ifbaiano.edu.br\/portal\/congresso\/files\/2021\/10\/marcas-eventos-congresso-2021-300x28.png 300w, https:\/\/eventos.ifbaiano.edu.br\/portal\/congresso\/files\/2021\/10\/marcas-eventos-congresso-2021-768x72.png 768w\" sizes=\"(max-width: 800px) 100vw, 800px\" \/><\/figure><\/div>\n","protected":false},"excerpt":{"rendered":"<p>O Congresso do Instituto Federal Baiano vol. II intitulado de \u201cCi\u00eancia, cultura digital e inova\u00e7\u00e3o: a produ\u00e7\u00e3o do conhecimento no Ensino, Extens\u00e3o, Pesquisa e Internacionaliza\u00e7\u00e3o em contexto de Pandemia\u201c, realiza a sua 2a edi\u00e7\u00e3o em 2021 e agrega a\u00e7\u00f5es, palestras e resultados de trabalhos e projetos no \u00e2mbito do Ensino, Extens\u00e3o, Desenvolvimento Institucional, Pesquisa e&hellip;&nbsp;<a href=\"https:\/\/eventos.ifbaiano.edu.br\/portal\/congresso\/anais\/\" rel=\"bookmark\">Continue a ler &raquo;<span class=\"screen-reader-text\">Anais do Congresso do Instituto Federal Baiano &#8211; ISSN:2764-8036<\/span><\/a><\/p>\n","protected":false},"author":20,"featured_media":0,"parent":0,"menu_order":0,"comment_status":"closed","ping_status":"closed","template":"","meta":{"neve_meta_sidebar":"full-width","neve_meta_container":"","neve_meta_enable_content_width":"on","neve_meta_content_width":100,"neve_meta_title_alignment":"","neve_meta_author_avatar":"","neve_post_elements_order":"","neve_meta_disable_header":"on","neve_meta_disable_footer":"on","neve_meta_disable_title":"","footnotes":""},"_links":{"self":[{"href":"https:\/\/eventos.ifbaiano.edu.br\/portal\/congresso\/wp-json\/wp\/v2\/pages\/1290"}],"collection":[{"href":"https:\/\/eventos.ifbaiano.edu.br\/portal\/congresso\/wp-json\/wp\/v2\/pages"}],"about":[{"href":"https:\/\/eventos.ifbaiano.edu.br\/portal\/congresso\/wp-json\/wp\/v2\/types\/page"}],"author":[{"embeddable":true,"href":"https:\/\/eventos.ifbaiano.edu.br\/portal\/congresso\/wp-json\/wp\/v2\/users\/20"}],"replies":[{"embeddable":true,"href":"https:\/\/eventos.ifbaiano.edu.br\/portal\/congresso\/wp-json\/wp\/v2\/comments?post=1290"}],"version-history":[{"count":18,"href":"https:\/\/eventos.ifbaiano.edu.br\/portal\/congresso\/wp-json\/wp\/v2\/pages\/1290\/revisions"}],"predecessor-version":[{"id":1758,"href":"https:\/\/eventos.ifbaiano.edu.br\/portal\/congresso\/wp-json\/wp\/v2\/pages\/1290\/revisions\/1758"}],"wp:attachment":[{"href":"https:\/\/eventos.ifbaiano.edu.br\/portal\/congresso\/wp-json\/wp\/v2\/media?parent=1290"}],"curies":[{"name":"wp","href":"https:\/\/api.w.org\/{rel}","templated":true}]}}