{"id":1213,"date":"2022-05-31T09:43:44","date_gmt":"2022-05-31T12:43:44","guid":{"rendered":"https:\/\/eventos.ifbaiano.edu.br\/portal\/congresso\/?page_id=1213"},"modified":"2024-02-07T12:13:46","modified_gmt":"2024-02-07T15:13:46","slug":"anais-2021","status":"publish","type":"page","link":"https:\/\/eventos.ifbaiano.edu.br\/portal\/congresso\/apresentacao-de-trabalhos-2021\/https-eventos-ifbaiano-edu-br-portal-congresso-apresentacao-de-trabalhos-2021-anais\/anais-2021\/","title":{"rendered":"Anais"},"content":{"rendered":"\n<ul>\n<li><a href=\"https:\/\/eventos.ifbaiano.edu.br\/portal\/congresso\/anais-2023\/\">Anais 2023 (arquivos separados)<\/a> &#8211; <a href=\"https:\/\/eventos.ifbaiano.edu.br\/portal\/congresso\/files\/2024\/02\/ANAIS-2023.-vol-1-COMPLETO.pdf\">Volume I<\/a> <\/li>\n\n\n\n<li><a rel=\"noreferrer noopener\" href=\"https:\/\/eventos.ifbaiano.edu.br\/portal\/congresso\/files\/2023\/09\/VOLUME-I-congresso-2022-atualizado-1.pdf\" data-type=\"URL\" data-id=\"https:\/\/eventos.ifbaiano.edu.br\/portal\/congresso\/files\/2023\/09\/VOLUME-I-congresso-2022-atualizado-1.pdf\" target=\"_blank\">Anais 2022 &#8211; Volume I<\/a> <a rel=\"noreferrer noopener\" href=\"https:\/\/eventos.ifbaiano.edu.br\/portal\/congresso\/files\/2023\/09\/VOLUME-II-congresso-2022-atualizado-1.pdf\" data-type=\"URL\" data-id=\"https:\/\/eventos.ifbaiano.edu.br\/portal\/congresso\/files\/2023\/09\/VOLUME-II-congresso-2022-atualizado-1.pdf\" target=\"_blank\">Volume II<\/a> <a rel=\"noreferrer noopener\" href=\"https:\/\/eventos.ifbaiano.edu.br\/portal\/congresso\/files\/2023\/09\/VOLUME-III-congresso-2022-atualizado-2.pdf\" data-type=\"URL\" data-id=\"https:\/\/eventos.ifbaiano.edu.br\/portal\/congresso\/files\/2023\/09\/VOLUME-III-congresso-2022-atualizado-2.pdf\" target=\"_blank\">Volume III<\/a> <a href=\"https:\/\/eventos.ifbaiano.edu.br\/portal\/congresso\/files\/2023\/11\/VOLUME-IV-congresso-2022-atualizado-Novembro-1.pdf\">Volume IV<\/a><\/li>\n\n\n\n<li><a rel=\"noreferrer noopener\" href=\"https:\/\/periodicos.ifbaiano.edu.br\/index.php\/trilhas\/issue\/view\/4\" data-type=\"URL\" data-id=\"https:\/\/periodicos.ifbaiano.edu.br\/index.php\/trilhas\/issue\/view\/4\" target=\"_blank\">Anais 2021 &#8211; III S<\/a><a rel=\"noreferrer noopener\" href=\"https:\/\/periodicos.ifbaiano.edu.br\/index.php\/trilhas\/issue\/view\/4\" data-type=\"URL\" data-id=\"https:\/\/periodicos.ifbaiano.edu.br\/index.php\/trilhas\/issue\/view\/4\" target=\"_blank\">e<\/a><a rel=\"noreferrer noopener\" href=\"https:\/\/periodicos.ifbaiano.edu.br\/index.php\/trilhas\/issue\/view\/4\" data-type=\"URL\" data-id=\"https:\/\/periodicos.ifbaiano.edu.br\/index.php\/trilhas\/issue\/view\/4\" target=\"_blank\">m<\/a><a rel=\"noreferrer noopener\" href=\"https:\/\/periodicos.ifbaiano.edu.br\/index.php\/trilhas\/issue\/view\/4\" data-type=\"URL\" data-id=\"https:\/\/periodicos.ifbaiano.edu.br\/index.php\/trilhas\/issue\/view\/4\" target=\"_blank\">i<\/a><a rel=\"noreferrer noopener\" href=\"https:\/\/periodicos.ifbaiano.edu.br\/index.php\/trilhas\/issue\/view\/4\" data-type=\"URL\" data-id=\"https:\/\/periodicos.ifbaiano.edu.br\/index.php\/trilhas\/issue\/view\/4\" target=\"_blank\">n<\/a><a rel=\"noreferrer noopener\" href=\"https:\/\/periodicos.ifbaiano.edu.br\/index.php\/trilhas\/issue\/view\/4\" data-type=\"URL\" data-id=\"https:\/\/periodicos.ifbaiano.edu.br\/index.php\/trilhas\/issue\/view\/4\" target=\"_blank\">\u00e1<\/a><a rel=\"noreferrer noopener\" href=\"https:\/\/periodicos.ifbaiano.edu.br\/index.php\/trilhas\/issue\/view\/4\" data-type=\"URL\" data-id=\"https:\/\/periodicos.ifbaiano.edu.br\/index.php\/trilhas\/issue\/view\/4\" target=\"_blank\">r<\/a><a rel=\"noreferrer noopener\" href=\"https:\/\/periodicos.ifbaiano.edu.br\/index.php\/trilhas\/issue\/view\/4\" data-type=\"URL\" data-id=\"https:\/\/periodicos.ifbaiano.edu.br\/index.php\/trilhas\/issue\/view\/4\" target=\"_blank\">i<\/a><a rel=\"noreferrer noopener\" href=\"https:\/\/periodicos.ifbaiano.edu.br\/index.php\/trilhas\/issue\/view\/4\" data-type=\"URL\" data-id=\"https:\/\/periodicos.ifbaiano.edu.br\/index.php\/trilhas\/issue\/view\/4\" target=\"_blank\">o<\/a><a rel=\"noreferrer noopener\" href=\"https:\/\/periodicos.ifbaiano.edu.br\/index.php\/trilhas\/issue\/view\/4\" data-type=\"URL\" data-id=\"https:\/\/periodicos.ifbaiano.edu.br\/index.php\/trilhas\/issue\/view\/4\" target=\"_blank\"> <\/a><a rel=\"noreferrer noopener\" href=\"https:\/\/periodicos.ifbaiano.edu.br\/index.php\/trilhas\/issue\/view\/4\" data-type=\"URL\" data-id=\"https:\/\/periodicos.ifbaiano.edu.br\/index.php\/trilhas\/issue\/view\/4\" target=\"_blank\">d<\/a><a rel=\"noreferrer noopener\" href=\"https:\/\/periodicos.ifbaiano.edu.br\/index.php\/trilhas\/issue\/view\/4\" data-type=\"URL\" data-id=\"https:\/\/periodicos.ifbaiano.edu.br\/index.php\/trilhas\/issue\/view\/4\" target=\"_blank\">e<\/a><a rel=\"noreferrer noopener\" href=\"https:\/\/periodicos.ifbaiano.edu.br\/index.php\/trilhas\/issue\/view\/4\" data-type=\"URL\" data-id=\"https:\/\/periodicos.ifbaiano.edu.br\/index.php\/trilhas\/issue\/view\/4\" target=\"_blank\"> Extens\u00e3o Inova\u00e7\u00e3o e Cultura<\/a><\/li>\n\n\n\n<li><a rel=\"noreferrer noopener\" href=\"https:\/\/eventos.ifbaiano.edu.br\/portal\/congresso\/anais-do-congresso-do-instituto-federal-baiano-2020\/edicoes\/\" data-type=\"URL\" data-id=\"https:\/\/eventos.ifbaiano.edu.br\/portal\/congresso\/anais-do-congresso-do-instituto-federal-baiano-2020\/edicoes\/\" target=\"_blank\">Anais 2021 &#8211; <\/a><a rel=\"noreferrer noopener\" href=\"https:\/\/eventos.ifbaiano.edu.br\/portal\/congresso\/anais-do-congresso-do-instituto-federal-baiano-2020\/edicoes\/\" data-type=\"URL\" data-id=\"https:\/\/eventos.ifbaiano.edu.br\/portal\/congresso\/anais-do-congresso-do-instituto-federal-baiano-2020\/edicoes\/\" target=\"_blank\">V<\/a><a rel=\"noreferrer noopener\" href=\"https:\/\/eventos.ifbaiano.edu.br\/portal\/congresso\/anais-do-congresso-do-instituto-federal-baiano-2020\/edicoes\/\" data-type=\"URL\" data-id=\"https:\/\/eventos.ifbaiano.edu.br\/portal\/congresso\/anais-do-congresso-do-instituto-federal-baiano-2020\/edicoes\/\" target=\"_blank\">I<\/a><a rel=\"noreferrer noopener\" href=\"https:\/\/eventos.ifbaiano.edu.br\/portal\/congresso\/anais-do-congresso-do-instituto-federal-baiano-2020\/edicoes\/\" data-type=\"URL\" data-id=\"https:\/\/eventos.ifbaiano.edu.br\/portal\/congresso\/anais-do-congresso-do-instituto-federal-baiano-2020\/edicoes\/\" target=\"_blank\">I<\/a><a href=\"https:\/\/eventos.ifbaiano.edu.br\/portal\/congresso\/anais-do-congresso-do-instituto-federal-baiano-2020\/edicoes\/\" data-type=\"URL\" data-id=\"https:\/\/eventos.ifbaiano.edu.br\/portal\/congresso\/anais-do-congresso-do-instituto-federal-baiano-2020\/edicoes\/\" target=\"_blank\" rel=\"noreferrer noopener\">I<\/a><a rel=\"noreferrer noopener\" href=\"https:\/\/eventos.ifbaiano.edu.br\/portal\/congresso\/anais-do-congresso-do-instituto-federal-baiano-2020\/edicoes\/\" data-type=\"URL\" data-id=\"https:\/\/eventos.ifbaiano.edu.br\/portal\/congresso\/anais-do-congresso-do-instituto-federal-baiano-2020\/edicoes\/\" target=\"_blank\"> <\/a><a rel=\"noreferrer noopener\" href=\"https:\/\/eventos.ifbaiano.edu.br\/portal\/congresso\/anais-do-congresso-do-instituto-federal-baiano-2020\/edicoes\/\" data-type=\"URL\" data-id=\"https:\/\/eventos.ifbaiano.edu.br\/portal\/congresso\/anais-do-congresso-do-instituto-federal-baiano-2020\/edicoes\/\" target=\"_blank\">Mostra de Inicia\u00e7\u00e3o Cient\u00edfica <\/a><\/li>\n\n\n\n<li><a rel=\"noreferrer noopener\" href=\"https:\/\/eventos.ifbaiano.edu.br\/portal\/congresso\/anais-do-congresso-do-instituto-federal-baiano-2020\/edicoes\/\" data-type=\"URL\" data-id=\"https:\/\/eventos.ifbaiano.edu.br\/portal\/congresso\/anais-do-congresso-do-instituto-federal-baiano-2020\/edicoes\/\" target=\"_blank\">Anais 2020<\/a><\/li>\n<\/ul>\n","protected":false},"excerpt":{"rendered":"","protected":false},"author":20,"featured_media":0,"parent":1198,"menu_order":0,"comment_status":"closed","ping_status":"closed","template":"","meta":{"neve_meta_sidebar":"full-width","neve_meta_container":"","neve_meta_enable_content_width":"on","neve_meta_content_width":100,"neve_meta_title_alignment":"","neve_meta_author_avatar":"","neve_post_elements_order":"","neve_meta_disable_header":"","neve_meta_disable_footer":"","neve_meta_disable_title":"","footnotes":""},"_links":{"self":[{"href":"https:\/\/eventos.ifbaiano.edu.br\/portal\/congresso\/wp-json\/wp\/v2\/pages\/1213"}],"collection":[{"href":"https:\/\/eventos.ifbaiano.edu.br\/portal\/congresso\/wp-json\/wp\/v2\/pages"}],"about":[{"href":"https:\/\/eventos.ifbaiano.edu.br\/portal\/congresso\/wp-json\/wp\/v2\/types\/page"}],"author":[{"embeddable":true,"href":"https:\/\/eventos.ifbaiano.edu.br\/portal\/congresso\/wp-json\/wp\/v2\/users\/20"}],"replies":[{"embeddable":true,"href":"https:\/\/eventos.ifbaiano.edu.br\/portal\/congresso\/wp-json\/wp\/v2\/comments?post=1213"}],"version-history":[{"count":13,"href":"https:\/\/eventos.ifbaiano.edu.br\/portal\/congresso\/wp-json\/wp\/v2\/pages\/1213\/revisions"}],"predecessor-version":[{"id":3129,"href":"https:\/\/eventos.ifbaiano.edu.br\/portal\/congresso\/wp-json\/wp\/v2\/pages\/1213\/revisions\/3129"}],"up":[{"embeddable":true,"href":"https:\/\/eventos.ifbaiano.edu.br\/portal\/congresso\/wp-json\/wp\/v2\/pages\/1198"}],"wp:attachment":[{"href":"https:\/\/eventos.ifbaiano.edu.br\/portal\/congresso\/wp-json\/wp\/v2\/media?parent=1213"}],"curies":[{"name":"wp","href":"https:\/\/api.w.org\/{rel}","templated":true}]}}