{"id":7,"date":"2022-03-14T09:28:32","date_gmt":"2022-03-14T12:28:32","guid":{"rendered":"https:\/\/eventos.ifbaiano.edu.br\/portal\/congresso-iniciacao-docencia\/?page_id=7"},"modified":"2022-03-23T12:48:34","modified_gmt":"2022-03-23T15:48:34","slug":"pagina-inicial","status":"publish","type":"page","link":"https:\/\/eventos.ifbaiano.edu.br\/portal\/congresso-iniciacao-docencia\/","title":{"rendered":"P\u00e1gina inicial"},"content":{"rendered":"\n<p><strong>CONGRESSO DE INICIA\u00c7\u00c3O \u00c0 DOC\u00caNCIA DO IF BAIANO 2022: <\/strong><br><em>Pensamento freireano no \u00e2mbito dos programas de forma\u00e7\u00e3o de professores\/as no contexto pand\u00eamico.<\/em><\/p>\n\n\n\n<p><strong>VIII Semin\u00e1rio do PIBID IF Baiano &#8211; Edi\u00e7\u00e3o 2020\/2022<\/strong> | <strong>II Semin\u00e1rio do PRP IF Baiano &#8211; Edi\u00e7\u00e3o 2020\/2022<\/strong><\/p>\n\n\n\n<hr class=\"wp-block-separator has-text-color has-background has-neve-link-hover-color-background-color has-neve-link-hover-color-color is-style-dots\"\/>\n\n\n\n<h2 class=\"wp-block-heading\"><strong>De 04 a 06 de abril de 2022<\/strong><\/h2>\n\n\n\n<p><\/p>\n\n\n\n<p>O <strong>CONGRESSO DE INICIA\u00c7\u00c3O \u00c0 DOC\u00caNCIA DO IF BAIANO 2022, <\/strong>\u00e9 um evento que tem uma grande relev\u00e2ncia para os cursos de forma\u00e7\u00e3o de professores do Instituto Federal Baiano. Atrav\u00e9s desse Congresso, ser\u00e1 estabelecido um espa\u00e7o de di\u00e1logo entre diversos atores da comunidade do IF Baiano. Haver\u00e1 ao longo de toda a programa\u00e7\u00e3o, a participa\u00e7\u00e3o ativa dos estudantes e professores dos cursos de licenciatura, principalmente daqueles que atuam com os programas: Programa Institucional de Bolsas de Inicia\u00e7\u00e3o \u00e0 Doc\u00eancia (PIBID); e do Programa Resid\u00eancia Pedag\u00f3gica (PRP).<\/p>\n\n\n\n<p>O Congresso de Inicia\u00e7\u00e3o \u00e0 Doc\u00eancia do IF Baiano traz como tema: <strong>Pensamento freireano no \u00e2mbito dos programas de forma\u00e7\u00e3o de professores\/as no contexto pand\u00eamico<\/strong>. A escolha do referido tema, se deu em virtude das comemora\u00e7\u00f5es do centen\u00e1rio do grande educador popular, fil\u00f3sofo e professor universit\u00e1rio Paulo Freire, patrono da Educa\u00e7\u00e3o Brasileira. As categorias do pensamento de Freire dialogam permanentemente com a forma\u00e7\u00e3o de professores e contribuem para as reflex\u00f5es em torno dos desafios da educa\u00e7\u00e3o contempor\u00e2nea.<\/p>\n\n\n\n<p>O IF Baiano at\u00e9 o in\u00edcio dos anos 2000, tinha como sua principal voca\u00e7\u00e3o formativa a educa\u00e7\u00e3o profissional de n\u00edvel m\u00e9dio. Foi a partir da d\u00e9cada de 2010 que esta institui\u00e7\u00e3o iniciou a oferta de cursos de forma\u00e7\u00e3o de professores. Observa-se que a identidade institucional do IF Baiano, desde ent\u00e3o, vem passando por profundas transforma\u00e7\u00f5es e que h\u00e1 uma crescente oferta e implanta\u00e7\u00e3o de novos cursos de forma\u00e7\u00e3o de professores. Os programas PIBID e Resid\u00eancia Pedag\u00f3gica t\u00eam uma importante contribui\u00e7\u00e3o nesse processo de consolida\u00e7\u00e3o de uma pol\u00edtica institucional da forma\u00e7\u00e3o de professores no IF Baiano. Portanto, a realiza\u00e7\u00e3o desse Congresso contribui fortemente para a<strong>s a\u00e7\u00f5es de institucionaliza\u00e7\u00e3o da forma\u00e7\u00e3o de professores<\/strong> no \u00e2mbito do IF Baiano<strong>.<\/strong><\/p>\n\n\n\n<p>Dentro da programa\u00e7\u00e3o do Congresso estar\u00e3o acontecendo: o <strong>VIII Semin\u00e1rio PIBID e o II Semin\u00e1rio do Programa Resid\u00eancia Pedag\u00f3gica do IF Baiano. <\/strong>Nestes dois semin\u00e1rios haver\u00e1 submiss\u00e3o de trabalhos voltados \u00e0s pr\u00e1ticas desenvolvidas na inicia\u00e7\u00e3o \u00e0 doc\u00eancia e no exerc\u00edcio da resid\u00eancia pedag\u00f3gica. Os trabalhos ser\u00e3o apresentados em sess\u00f5es de comunica\u00e7\u00e3o oral ao longo da programa\u00e7\u00e3o no per\u00edodo de 04 a 06 de abril de 2022.<\/p>\n\n\n\n<p>Ressalta-se que os Semin\u00e1rios PIBID e PRP, est\u00e3o sendo promovidos como atividade de socializa\u00e7\u00e3o dos resultados de todo o trabalho desenvolvido pelos projetos institucionais no \u00e2mbito do IF Baiano e das Escolas Campo da Educa\u00e7\u00e3o B\u00e1sica ao longo da edi\u00e7\u00e3o 2020\/2022.<\/p>\n\n\n\n<p>Os interessados em apresentar trabalho no VIII Semin\u00e1rio PIBID e II Semin\u00e1rio PRP do IF Baiano poder\u00e3o submeter em uma das duas modalidades de trabalho: Resumo Simples ou Resumo Expandido. Os trabalhos ser\u00e3o submetidos por meio de envio ao e-mail\u00a0<a href=\"mailto:pibid_prp2022@ifbaiano.edu.br\">pibid_prp2022@ifbaiano.edu.br<\/a>\u00a0at\u00e9 o dia <strong>27 de mar\u00e7o de 2022<\/strong>, indicando o Grupo de Trabalho pretendido.<\/p>\n\n\n\n<p>Bom evento!<\/p>\n\n\n\n<p>Comiss\u00e3o Organizadora.<\/p>\n\n\n\n<figure class=\"wp-block-image size-full\"><img loading=\"lazy\" decoding=\"async\" width=\"800\" height=\"74\" src=\"https:\/\/eventos.ifbaiano.edu.br\/portal\/congresso-iniciacao-docencia\/files\/2022\/03\/marcas-pibid-prp-congresso-iniciacao-docencia-2022.png\" alt=\"\" class=\"wp-image-8\" srcset=\"https:\/\/eventos.ifbaiano.edu.br\/portal\/congresso-iniciacao-docencia\/files\/2022\/03\/marcas-pibid-prp-congresso-iniciacao-docencia-2022.png 800w, https:\/\/eventos.ifbaiano.edu.br\/portal\/congresso-iniciacao-docencia\/files\/2022\/03\/marcas-pibid-prp-congresso-iniciacao-docencia-2022-300x28.png 300w, https:\/\/eventos.ifbaiano.edu.br\/portal\/congresso-iniciacao-docencia\/files\/2022\/03\/marcas-pibid-prp-congresso-iniciacao-docencia-2022-768x71.png 768w\" sizes=\"(max-width: 800px) 100vw, 800px\" \/><\/figure>\n","protected":false},"excerpt":{"rendered":"<p>CONGRESSO DE INICIA\u00c7\u00c3O \u00c0 DOC\u00caNCIA DO IF BAIANO 2022: Pensamento freireano no \u00e2mbito dos programas de forma\u00e7\u00e3o de professores\/as no contexto pand\u00eamico. VIII Semin\u00e1rio do PIBID IF Baiano &#8211; Edi\u00e7\u00e3o 2020\/2022 | II Semin\u00e1rio do PRP IF Baiano &#8211; Edi\u00e7\u00e3o 2020\/2022 De 04 a 06 de abril de 2022 O CONGRESSO DE INICIA\u00c7\u00c3O \u00c0 DOC\u00caNCIA&hellip;&nbsp;<a href=\"https:\/\/eventos.ifbaiano.edu.br\/portal\/congresso-iniciacao-docencia\/\" rel=\"bookmark\">Continue a ler &raquo;<span class=\"screen-reader-text\">P\u00e1gina inicial<\/span><\/a><\/p>\n","protected":false},"author":20,"featured_media":0,"parent":0,"menu_order":0,"comment_status":"closed","ping_status":"closed","template":"","meta":{"neve_meta_sidebar":"","neve_meta_container":"","neve_meta_enable_content_width":"","neve_meta_content_width":0,"neve_meta_title_alignment":"","neve_meta_author_avatar":"","neve_post_elements_order":"","neve_meta_disable_header":"","neve_meta_disable_footer":"","neve_meta_disable_title":"on","footnotes":""},"_links":{"self":[{"href":"https:\/\/eventos.ifbaiano.edu.br\/portal\/congresso-iniciacao-docencia\/wp-json\/wp\/v2\/pages\/7"}],"collection":[{"href":"https:\/\/eventos.ifbaiano.edu.br\/portal\/congresso-iniciacao-docencia\/wp-json\/wp\/v2\/pages"}],"about":[{"href":"https:\/\/eventos.ifbaiano.edu.br\/portal\/congresso-iniciacao-docencia\/wp-json\/wp\/v2\/types\/page"}],"author":[{"embeddable":true,"href":"https:\/\/eventos.ifbaiano.edu.br\/portal\/congresso-iniciacao-docencia\/wp-json\/wp\/v2\/users\/20"}],"replies":[{"embeddable":true,"href":"https:\/\/eventos.ifbaiano.edu.br\/portal\/congresso-iniciacao-docencia\/wp-json\/wp\/v2\/comments?post=7"}],"version-history":[{"count":6,"href":"https:\/\/eventos.ifbaiano.edu.br\/portal\/congresso-iniciacao-docencia\/wp-json\/wp\/v2\/pages\/7\/revisions"}],"predecessor-version":[{"id":114,"href":"https:\/\/eventos.ifbaiano.edu.br\/portal\/congresso-iniciacao-docencia\/wp-json\/wp\/v2\/pages\/7\/revisions\/114"}],"wp:attachment":[{"href":"https:\/\/eventos.ifbaiano.edu.br\/portal\/congresso-iniciacao-docencia\/wp-json\/wp\/v2\/media?parent=7"}],"curies":[{"name":"wp","href":"https:\/\/api.w.org\/{rel}","templated":true}]}}