{"id":10,"date":"2018-10-31T14:08:15","date_gmt":"2018-10-31T16:08:15","guid":{"rendered":"http:\/\/eventos.ifbaiano.edu.br\/portal\/arvorecer-negro-teixeira\/?page_id=10"},"modified":"2018-11-09T17:04:35","modified_gmt":"2018-11-09T19:04:35","slug":"pagina-inicial","status":"publish","type":"page","link":"https:\/\/eventos.ifbaiano.edu.br\/portal\/arvorecer-negro-teixeira\/","title":{"rendered":"O EVENTO"},"content":{"rendered":"<p style=\"text-align: justify\"><span style=\"color: #000000\">O primeiro arvorecer negro: interfaces e di\u00e1logos \u00e9 um evento organizado pelo N\u00facleo de Estudos Afro-Brasileiros e Ind\u00edgenas (NEABI) do Instituto Federal de Educa\u00e7\u00e3o, Ci\u00eancia e Tecnologia Baiano do campus Teixeira de Freitas que ser\u00e1 realizado entre os dias 23 e 24 de novembro de 2018. O m\u00eas de novembro deve ser entendido como momento de culmin\u00e2ncia de uma s\u00e9rie de a\u00e7\u00f5es voltadas ao fortalecimento das discuss\u00f5es acerca da inser\u00e7\u00e3o e lutas hist\u00f3ricas das comunidades negras no Brasil. O Extremo Sul da Bahia \u00e9 antes de mais nada uma zona de resist\u00eancia. A presen\u00e7a de in\u00fameras comunidades remanescentes quilombolas e a car\u00eancia de uma maior intera\u00e7\u00e3o entre estas e o meio acad\u00eamico regional faz com que o I Arvorecer Negro: Interfaces e Di\u00e1logos apare\u00e7a como uma contribui\u00e7\u00e3o da nossa institui\u00e7\u00e3o como espa\u00e7o prop\u00edcio para intera\u00e7\u00e3o destes universos.<\/span><\/p>\n<p style=\"text-align: justify\"><span style=\"color: #000000\">O\u00a0Evento vai acontecer\u00a0nos dias\u00a0<strong>23 e 24\u00a0<span id=\"OBJ_PREFIX_DWT971_com_zimbra_date\" class=\"Object\"><span id=\"OBJ_PREFIX_DWT1003_com_zimbra_date\" class=\"Object\">de novembro<\/span><\/span><\/strong>\u00a0de 2018, no Instituto Federal de Educa\u00e7\u00e3o, Ci\u00eancia e Tecnologia \u2013\u00a0Campus Teixeira de Freitas.<\/span><\/p>\n<p style=\"text-align: justify\"><span style=\"color: #000000\">As <a href=\"http:\/\/eventos.ifbaiano.edu.br\/portal\/arvorecer-negro-teixeira\/inscricao\/\" target=\"_blank\"><strong>Inscri\u00e7\u00f5es<\/strong><\/a> para\u00a0os minicursos e oficinas podem ser realizadas at\u00e9 o dia <strong>22 de novembro de 2018.<\/strong><\/span><\/p>\n<p style=\"text-align: justify\"><span style=\"color: #000000\">As <a href=\"http:\/\/eventos.ifbaiano.edu.br\/portal\/arvorecer-negro-teixeira\/submissao-de-trabalhos\/\" target=\"_blank\"><strong>Submiss\u00f5es de Trabalhos<\/strong><\/a> para apresenta\u00e7\u00f5es orais podem ser realizadas at\u00e9 o dia\u00a0<strong><span id=\"OBJ_PREFIX_DWT1563_com_zimbra_date\" class=\"Object\"><span id=\"OBJ_PREFIX_DWT1582_com_zimbra_date\" class=\"Object\">18 de novembro<\/span><\/span>\u00a0de 2018.<\/strong><\/span><\/p>\n","protected":false},"excerpt":{"rendered":"<p>O primeiro arvorecer negro: interfaces e di\u00e1logos \u00e9 um evento organizado pelo N\u00facleo de Estudos Afro-Brasileiros e Ind\u00edgenas (NEABI) do Instituto Federal de Educa\u00e7\u00e3o, Ci\u00eancia e Tecnologia Baiano do campus Teixeira de Freitas que ser\u00e1 realizado entre os dias 23 e 24 de novembro de 2018. O m\u00eas de novembro deve ser entendido como momento [&hellip;]<\/p>\n","protected":false},"author":20,"featured_media":0,"parent":0,"menu_order":0,"comment_status":"closed","ping_status":"closed","template":"","meta":{"footnotes":""},"_links":{"self":[{"href":"https:\/\/eventos.ifbaiano.edu.br\/portal\/arvorecer-negro-teixeira\/wp-json\/wp\/v2\/pages\/10"}],"collection":[{"href":"https:\/\/eventos.ifbaiano.edu.br\/portal\/arvorecer-negro-teixeira\/wp-json\/wp\/v2\/pages"}],"about":[{"href":"https:\/\/eventos.ifbaiano.edu.br\/portal\/arvorecer-negro-teixeira\/wp-json\/wp\/v2\/types\/page"}],"author":[{"embeddable":true,"href":"https:\/\/eventos.ifbaiano.edu.br\/portal\/arvorecer-negro-teixeira\/wp-json\/wp\/v2\/users\/20"}],"replies":[{"embeddable":true,"href":"https:\/\/eventos.ifbaiano.edu.br\/portal\/arvorecer-negro-teixeira\/wp-json\/wp\/v2\/comments?post=10"}],"version-history":[{"count":8,"href":"https:\/\/eventos.ifbaiano.edu.br\/portal\/arvorecer-negro-teixeira\/wp-json\/wp\/v2\/pages\/10\/revisions"}],"predecessor-version":[{"id":68,"href":"https:\/\/eventos.ifbaiano.edu.br\/portal\/arvorecer-negro-teixeira\/wp-json\/wp\/v2\/pages\/10\/revisions\/68"}],"wp:attachment":[{"href":"https:\/\/eventos.ifbaiano.edu.br\/portal\/arvorecer-negro-teixeira\/wp-json\/wp\/v2\/media?parent=10"}],"curies":[{"name":"wp","href":"https:\/\/api.w.org\/{rel}","templated":true}]}}