{"id":338,"date":"2025-05-14T15:06:28","date_gmt":"2025-05-14T18:06:28","guid":{"rendered":"https:\/\/eventos.ifbaiano.edu.br\/portal\/5-reneabi\/?page_id=338"},"modified":"2025-05-14T15:06:29","modified_gmt":"2025-05-14T18:06:29","slug":"comissao-organizadora-local-campus-bom-jesus-da-lapa","status":"publish","type":"page","link":"https:\/\/eventos.ifbaiano.edu.br\/portal\/5-reneabi\/comissao-organizadora-local-campus-bom-jesus-da-lapa\/","title":{"rendered":"Comiss\u00e3o Organizadora Local \u2013 Campus Bom Jesus da Lapa"},"content":{"rendered":"\n<p>Composi\u00e7\u00e3o da comiss\u00e3o:<\/p>\n\n\n\n<figure class=\"wp-block-table\"><table><tbody><tr><td>Raphael Rodrigues<\/td><td>Presidente<\/td><\/tr><tr><td>Grace Itana Cruz de Oliveira<\/td><td>Vice-Presidente<\/td><\/tr><tr><td>Edi\u00eanio Vieira Farias<\/td><td>Membro<\/td><\/tr><tr><td>Camila Abdon Fidelis de Souza<\/td><td>Membro<\/td><\/tr><tr><td>\u00cdsis Gabriela Sampaio Souza<\/td><td>Membro<\/td><\/tr><\/tbody><\/table><figcaption class=\"wp-element-caption\"><a href=\"https:\/\/eventos.ifbaiano.edu.br\/portal\/5-reneabi\/files\/2025\/05\/Bom-Jesus-da-Lapa.pdf\">Portaria de composi\u00e7\u00e3o da Comiss\u00e3o interna para organizar o V RENEABI no Campus Bom Jesus da Lapa<\/a>.<\/figcaption><\/figure>\n","protected":false},"excerpt":{"rendered":"<p>Composi\u00e7\u00e3o da comiss\u00e3o: Raphael Rodrigues Presidente Grace Itana Cruz de Oliveira Vice-Presidente Edi\u00eanio Vieira Farias Membro Camila Abdon Fidelis de Souza Membro \u00cdsis Gabriela Sampaio Souza Membro Portaria de composi\u00e7\u00e3o da Comiss\u00e3o interna para organizar o V RENEABI no Campus Bom Jesus da Lapa.<\/p>\n","protected":false},"author":43,"featured_media":0,"parent":0,"menu_order":0,"comment_status":"closed","ping_status":"closed","template":"","meta":{"footnotes":""},"_links":{"self":[{"href":"https:\/\/eventos.ifbaiano.edu.br\/portal\/5-reneabi\/wp-json\/wp\/v2\/pages\/338"}],"collection":[{"href":"https:\/\/eventos.ifbaiano.edu.br\/portal\/5-reneabi\/wp-json\/wp\/v2\/pages"}],"about":[{"href":"https:\/\/eventos.ifbaiano.edu.br\/portal\/5-reneabi\/wp-json\/wp\/v2\/types\/page"}],"author":[{"embeddable":true,"href":"https:\/\/eventos.ifbaiano.edu.br\/portal\/5-reneabi\/wp-json\/wp\/v2\/users\/43"}],"replies":[{"embeddable":true,"href":"https:\/\/eventos.ifbaiano.edu.br\/portal\/5-reneabi\/wp-json\/wp\/v2\/comments?post=338"}],"version-history":[{"count":1,"href":"https:\/\/eventos.ifbaiano.edu.br\/portal\/5-reneabi\/wp-json\/wp\/v2\/pages\/338\/revisions"}],"predecessor-version":[{"id":340,"href":"https:\/\/eventos.ifbaiano.edu.br\/portal\/5-reneabi\/wp-json\/wp\/v2\/pages\/338\/revisions\/340"}],"wp:attachment":[{"href":"https:\/\/eventos.ifbaiano.edu.br\/portal\/5-reneabi\/wp-json\/wp\/v2\/media?parent=338"}],"curies":[{"name":"wp","href":"https:\/\/api.w.org\/{rel}","templated":true}]}}