{"id":225,"date":"2025-04-15T13:40:24","date_gmt":"2025-04-15T16:40:24","guid":{"rendered":"https:\/\/eventos.ifbaiano.edu.br\/portal\/5-reneabi\/?page_id=225"},"modified":"2025-04-15T13:40:25","modified_gmt":"2025-04-15T16:40:25","slug":"comissao-organizadora-local-campus-teixeira-de-freitas","status":"publish","type":"page","link":"https:\/\/eventos.ifbaiano.edu.br\/portal\/5-reneabi\/comissao-organizadora-local-campus-teixeira-de-freitas\/","title":{"rendered":"Comiss\u00e3o Organizadora Local \u2013 Campus Teixeira de Freitas"},"content":{"rendered":"\n<p>Composi\u00e7\u00e3o da comiss\u00e3o:<\/p>\n\n\n\n<figure class=\"wp-block-table\"><table><tbody><tr><td>Jardelson Rocha Oliveira<\/td><td>GENI<\/td><\/tr><tr><td>Marilene Fontoura Alves<\/td><td>PROSEL<\/td><\/tr><tr><td>Juliana de Oliveira Sena Gomes<\/td><td>TAE<\/td><\/tr><tr><td>Francisco Esdras Nunes Nascimento<\/td><td>TAE<\/td><\/tr><tr><td>Dhanyane Alves Castro<\/td><td>NEABI<\/td><\/tr><tr><td>Rosane Silva dos Santos<\/td><td>Pesquisa<\/td><\/tr><tr><td>Ruth Leia Concei\u00e7\u00e3o Cancela de Jesus<\/td><td>Extens\u00e3o<\/td><\/tr><tr><td>Hugo Luiz Oliveira da Silva<\/td><td>GENI<\/td><\/tr><tr><td>Ana Carolina Bessa<\/td><td>Estudantil<\/td><\/tr><tr><td>Raissa Vieira Souza<\/td><td>Estudantil<\/td><\/tr><tr><td>Kau\u00e3 Rodrigues Duarte<\/td><td>Estudantil<\/td><\/tr><\/tbody><\/table><figcaption class=\"wp-element-caption\"><a href=\"https:\/\/eventos.ifbaiano.edu.br\/portal\/5-reneabi\/files\/2025\/04\/Teixeira-de-Freitas.pdf\">Portaria de composi\u00e7\u00e3o da Comiss\u00e3o interna para organizar o V RENEABI no <em>Campus<\/em> Teixeira de Freitas<\/a><\/figcaption><\/figure>\n","protected":false},"excerpt":{"rendered":"<p>Composi\u00e7\u00e3o da comiss\u00e3o: Jardelson Rocha Oliveira GENI Marilene Fontoura Alves PROSEL Juliana de Oliveira Sena Gomes TAE Francisco Esdras Nunes Nascimento TAE Dhanyane Alves Castro NEABI Rosane Silva dos Santos Pesquisa Ruth Leia Concei\u00e7\u00e3o Cancela de Jesus Extens\u00e3o Hugo Luiz Oliveira da Silva GENI Ana Carolina Bessa Estudantil Raissa Vieira Souza Estudantil Kau\u00e3 Rodrigues Duarte &#8230; <a title=\"Comiss\u00e3o Organizadora Local \u2013 Campus Teixeira de Freitas\" class=\"read-more\" href=\"https:\/\/eventos.ifbaiano.edu.br\/portal\/5-reneabi\/comissao-organizadora-local-campus-teixeira-de-freitas\/\" aria-label=\"Read more about Comiss\u00e3o Organizadora Local \u2013 Campus Teixeira de Freitas\">Ler mais<\/a><\/p>\n","protected":false},"author":43,"featured_media":0,"parent":0,"menu_order":0,"comment_status":"closed","ping_status":"closed","template":"","meta":{"footnotes":""},"_links":{"self":[{"href":"https:\/\/eventos.ifbaiano.edu.br\/portal\/5-reneabi\/wp-json\/wp\/v2\/pages\/225"}],"collection":[{"href":"https:\/\/eventos.ifbaiano.edu.br\/portal\/5-reneabi\/wp-json\/wp\/v2\/pages"}],"about":[{"href":"https:\/\/eventos.ifbaiano.edu.br\/portal\/5-reneabi\/wp-json\/wp\/v2\/types\/page"}],"author":[{"embeddable":true,"href":"https:\/\/eventos.ifbaiano.edu.br\/portal\/5-reneabi\/wp-json\/wp\/v2\/users\/43"}],"replies":[{"embeddable":true,"href":"https:\/\/eventos.ifbaiano.edu.br\/portal\/5-reneabi\/wp-json\/wp\/v2\/comments?post=225"}],"version-history":[{"count":1,"href":"https:\/\/eventos.ifbaiano.edu.br\/portal\/5-reneabi\/wp-json\/wp\/v2\/pages\/225\/revisions"}],"predecessor-version":[{"id":226,"href":"https:\/\/eventos.ifbaiano.edu.br\/portal\/5-reneabi\/wp-json\/wp\/v2\/pages\/225\/revisions\/226"}],"wp:attachment":[{"href":"https:\/\/eventos.ifbaiano.edu.br\/portal\/5-reneabi\/wp-json\/wp\/v2\/media?parent=225"}],"curies":[{"name":"wp","href":"https:\/\/api.w.org\/{rel}","templated":true}]}}