{"id":200,"date":"2025-04-15T11:41:46","date_gmt":"2025-04-15T14:41:46","guid":{"rendered":"https:\/\/eventos.ifbaiano.edu.br\/portal\/5-reneabi\/?page_id=200"},"modified":"2025-04-15T12:06:20","modified_gmt":"2025-04-15T15:06:20","slug":"comissao-organizadora-local-campus-guanambi","status":"publish","type":"page","link":"https:\/\/eventos.ifbaiano.edu.br\/portal\/5-reneabi\/comissao-organizadora-local-campus-guanambi\/","title":{"rendered":"Comiss\u00e3o Organizadora Local \u2013 Campus Guanambi"},"content":{"rendered":"\n<p>Composi\u00e7\u00e3o da comiss\u00e3o:<\/p>\n\n\n\n<figure class=\"wp-block-table\"><table><tbody><tr><td>D\u00e1rio Ribeiro de Sales J\u00fanior<\/td><td>Presidente<\/td><\/tr><tr><td>Nilda Loiola Sarmento<\/td><td>Membro<\/td><\/tr><tr><td>Erijane da Silva Ferreira<\/td><td>Membro<\/td><\/tr><tr><td>Ana Marta Prado Barreto<\/td><td>Membro<\/td><\/tr><tr><td>Felizarda Viana Beb\u00e9<\/td><td>Membro<\/td><\/tr><tr><td>Joilma Pereira dos Santos<\/td><td>Membro<\/td><\/tr><tr><td>Jo\u00e3o Pedro Bastos da Silva<\/td><td>Membro<\/td><\/tr><\/tbody><\/table><figcaption class=\"wp-element-caption\"><a href=\"https:\/\/eventos.ifbaiano.edu.br\/portal\/5-reneabi\/files\/2025\/04\/Guanambi.pdf\">Portaria de composi\u00e7\u00e3o da Comiss\u00e3o interna para organizar o V RENEABI no <em>Campus <\/em>Guanambi<\/a><\/figcaption><\/figure>\n","protected":false},"excerpt":{"rendered":"<p>Composi\u00e7\u00e3o da comiss\u00e3o: D\u00e1rio Ribeiro de Sales J\u00fanior Presidente Nilda Loiola Sarmento Membro Erijane da Silva Ferreira Membro Ana Marta Prado Barreto Membro Felizarda Viana Beb\u00e9 Membro Joilma Pereira dos Santos Membro Jo\u00e3o Pedro Bastos da Silva Membro Portaria de composi\u00e7\u00e3o da Comiss\u00e3o interna para organizar o V RENEABI no Campus Guanambi<\/p>\n","protected":false},"author":43,"featured_media":0,"parent":0,"menu_order":0,"comment_status":"closed","ping_status":"closed","template":"","meta":{"footnotes":""},"_links":{"self":[{"href":"https:\/\/eventos.ifbaiano.edu.br\/portal\/5-reneabi\/wp-json\/wp\/v2\/pages\/200"}],"collection":[{"href":"https:\/\/eventos.ifbaiano.edu.br\/portal\/5-reneabi\/wp-json\/wp\/v2\/pages"}],"about":[{"href":"https:\/\/eventos.ifbaiano.edu.br\/portal\/5-reneabi\/wp-json\/wp\/v2\/types\/page"}],"author":[{"embeddable":true,"href":"https:\/\/eventos.ifbaiano.edu.br\/portal\/5-reneabi\/wp-json\/wp\/v2\/users\/43"}],"replies":[{"embeddable":true,"href":"https:\/\/eventos.ifbaiano.edu.br\/portal\/5-reneabi\/wp-json\/wp\/v2\/comments?post=200"}],"version-history":[{"count":2,"href":"https:\/\/eventos.ifbaiano.edu.br\/portal\/5-reneabi\/wp-json\/wp\/v2\/pages\/200\/revisions"}],"predecessor-version":[{"id":204,"href":"https:\/\/eventos.ifbaiano.edu.br\/portal\/5-reneabi\/wp-json\/wp\/v2\/pages\/200\/revisions\/204"}],"wp:attachment":[{"href":"https:\/\/eventos.ifbaiano.edu.br\/portal\/5-reneabi\/wp-json\/wp\/v2\/media?parent=200"}],"curies":[{"name":"wp","href":"https:\/\/api.w.org\/{rel}","templated":true}]}}