{"id":107,"date":"2025-04-14T14:02:14","date_gmt":"2025-04-14T17:02:14","guid":{"rendered":"https:\/\/eventos.ifbaiano.edu.br\/portal\/5-reneabi\/?page_id=107"},"modified":"2025-05-20T16:27:19","modified_gmt":"2025-05-20T19:27:19","slug":"28-de-maio","status":"publish","type":"page","link":"https:\/\/eventos.ifbaiano.edu.br\/portal\/5-reneabi\/programacao\/28-de-maio\/","title":{"rendered":"28 de maio"},"content":{"rendered":"\n<figure class=\"wp-block-table is-style-regular has-medium-font-size\"><table class=\"has-contrast-color has-text-color has-background has-link-color\" style=\"background-color:#fffaf0\"><thead><tr><th><strong>HOR\u00c1RIO<\/strong><\/th><th><strong>ATIVIDADE<\/strong><\/th><th><strong>LOCAL<\/strong><\/th><\/tr><\/thead><tbody><tr><td>08 \u00e0s 12h<\/td><td><strong>MESA REDONDA 2<\/strong>: A import\u00e2ncia dos NEABIs no enfrentamento ao racismo institucional<br>experi\u00eancias dos Institutos Federais (IFAL, IFBA, IF Baiano, IFCE, IFMA, IFPE, IFPI e IFRN). Moderadora: Profa. Ma. Rafaela Magalh\u00e3es<\/td><td><em><em>No pr\u00e9dio administrativo -JB (Salvador) &#8211; Com Transmiss\u00e3o para todos os campi<\/em><\/em><\/td><\/tr><tr><td>10h \u00e0s 10h30<\/td><td><strong>Intervalo para <em>coffee break<\/em><\/strong><\/td><td><em>No pr\u00e9dio administrativo -JB (Salvador) <\/em><\/td><\/tr><tr><td>13h30 \u00e0s 14h<\/td><td>Momento Cultural <\/td><td><em>No pr\u00e9dio administrativo -JB (Salvador) <\/em><\/td><\/tr><tr><td>14h \u00e0s 17h30<\/td><td><strong>Reuni\u00e3o entre as representa\u00e7\u00f5es dos IFs, constru\u00e7\u00e3o de comit\u00ea interinstitucional de<br>enfrentamento ao racismo.<\/strong><\/td><td>No pr\u00e9dio <em>administrativo -JB (Salvador)<\/em><\/td><\/tr><tr><td>14h \u00e0s 17h30<\/td><td><strong>Reuni\u00e3o das coordena\u00e7\u00f5es locais dos NEABIs &#8211; Momento I<\/strong><\/td><td><em>No pr\u00e9dio administrativo -JB (Salvador)<\/em><\/td><\/tr><tr><td>15h30 \u00e0s 16h<\/td><td><strong><strong>Intervalo para <em>coffee break<\/em><\/strong><\/strong><\/td><td><em>No pr\u00e9dio administrativo -JB (Salvador) <\/em><\/td><\/tr><tr><td>13h30 \u00e0s 17h<\/td><td>Oficinas multicampi (cursos Subsequentes )<\/td><td><em>Em todos os campi<\/em><\/td><\/tr><tr><td>17h30 \u00e0s18h30<\/td><td>Ato Antirracista <\/td><td><em>No pr\u00e9dio administrativo -JB (Salvador) <\/em><\/td><\/tr><tr><td>19h \u00e0s 21h<\/td><td><strong>MESA REDONDA 3<\/strong>: Interseccionalidades e as pol\u00edticas afirmativas \u00e9tnico-raciais no IF Baiano. Composi\u00e7\u00e3o da Mesa : representa\u00e7\u00e3o de cada n\u00facleo que atua com diversidade e inclus\u00e3o<br>no IF Baiano: Profa. Dra. D\u00e9bora Mendel (NEABI), NAPNE, Profa. Dra. Luciana Mazutti (GENI), Profa. Dra. Shauane Nunes (CEVAER) e Jo\u00e3o Vitor da Silva (representa\u00e7\u00e3o Discente &#8211; UGE). Modera\u00e7\u00e3o: Profa. Dra. Cec\u00edlia Nunes (CPAAED)<\/td><td><em><em>No pr\u00e9dio administrativo &#8211; JB (Salvador) <\/em><\/em>&#8211; <em>Com transmiss\u00e3o para todos os campi<\/em><\/td><\/tr><\/tbody><\/table><\/figure>\n\n\n\n<h2 class=\"wp-block-heading\">Programa\u00e7\u00e3o por Campus<\/h2>\n\n\n\n<p><a href=\"#alagoinhas\">Alagoinhas<\/a> | <a href=\"#bom-jesus-da-lapa\">Bom Jesus da Lapa<\/a> | <a href=\"#catu\">Catu<\/a> | <a href=\"#governador-mangabeira\">Governador Mangabeira<\/a> | <a href=\"#guanambi\">Guanambi<\/a> | <a href=\"#itaberaba\">Itaberaba<\/a> | <a href=\"#itapetinga\">Itapetinga<\/a> | <a href=\"#santa-ines\">Santa In\u00eas<\/a> | <a href=\"#serrinha\">Serrinha<\/a> | <a href=\"#teixeira-de-freitas\">Teixeira de Freitas<\/a> | <a href=\"#urucuca\">Uru\u00e7uca<\/a> | <a href=\"#xique-xique\">Xique-Xique<\/a><\/p>\n\n\n\n<div id=\"alagoinhas\" class=\"wp-block-group\"><div class=\"wp-block-group__inner-container is-layout-constrained wp-block-group-is-layout-constrained\">\n<h3 class=\"wp-block-heading\">Campus Alagoinhas<\/h3>\n\n\n\n<p>Programa\u00e7\u00e3o das oficinas no campus.<\/p>\n\n\n\n<figure class=\"wp-block-table\"><table><tbody><tr><td>14h \u00e0s 16h<\/td><td>Capoeira Angola e Samba Rural<\/td><td>Clayton Alves Santos, Jo\u00e3o Mateus Nunes Costa<br>e Giulianna Barci Hon\u00f3rio<\/td><\/tr><tr><td>14h \u00e0s 16h<\/td><td>&#8220;Pele, Palavra, Poder:<br>identifica\u00e7\u00e3o racial no Brasil&#8221;<\/td><td>Fernanda da Silva Machado<\/td><\/tr><\/tbody><\/table><\/figure>\n<\/div><\/div>\n\n\n\n<div id=\"bom-jesus-da-lapa\" class=\"wp-block-group\"><div class=\"wp-block-group__inner-container is-layout-constrained wp-block-group-is-layout-constrained\">\n<h3 class=\"wp-block-heading\">Campus Bom Jesus da Lapa<\/h3>\n\n\n\n<p>Programa\u00e7\u00e3o das oficinas no campus.<\/p>\n\n\n\n<figure class=\"wp-block-table\"><table><tbody><tr><td>19h30<br>(On line)<\/td><td>Corpos que Falam: Letramento Racial Cr\u00edtico <br>e Po\u00e9ticas da Resist\u00eancia<\/td><td>Edv\u00e2nio Campos Macedo<\/td><\/tr><\/tbody><\/table><\/figure>\n<\/div><\/div>\n\n\n\n<div id=\"catu\" class=\"wp-block-group\"><div class=\"wp-block-group__inner-container is-layout-constrained wp-block-group-is-layout-constrained\">\n<h3 class=\"wp-block-heading\">Campus Catu<\/h3>\n\n\n\n<p>Programa\u00e7\u00e3o das oficinas no campus.<\/p>\n\n\n\n<figure class=\"wp-block-table\"><table><tbody><tr><td>13h \u00e0s 17h<\/td><td>Educa\u00e7\u00e3o ao p\u00e9 do Berimbau: a capoeira no <br>ch\u00e3o da escola<\/td><td>Petry Rocha Lordelo<\/td><\/tr><tr><td>13h \u00e0s 17h<\/td><td>Diversidade de Pigmenta\u00e7\u00e3o Cut\u00e2nea e <br>Textura dos Cabelos:  Implica\u00e7\u00f5es na <br>Constru\u00e7\u00e3o Social de Ra\u00e7a e Etnia<\/td><td>Dalila dos Santos Monteiro<\/td><\/tr><tr><td>13h \u00e0s 17h<\/td><td>Por uma mobilidade Antirracista na cidade<\/td><td>C\u00e9lio Santos<\/td><\/tr><tr><td>13h \u00e0s 17h<\/td><td>O jogo Ntxuva<\/td><td>Jacson de Jesus dos Santos e <br>Janio Paim de Jesus<\/td><\/tr><\/tbody><\/table><\/figure>\n<\/div><\/div>\n\n\n\n<div id=\"governador-mangabeira\" class=\"wp-block-group\"><div class=\"wp-block-group__inner-container is-layout-constrained wp-block-group-is-layout-constrained\">\n<h3 class=\"wp-block-heading\">Campus Governador Mangabeira<\/h3>\n\n\n\n<p>Programa\u00e7\u00e3o da oficina no campus.<\/p>\n\n\n\n<figure class=\"wp-block-table\"><table><tbody><tr><td>13h \u00e0s 16h30 <\/td><td>Negritude e autocuidado: experienciar <br>o amor interior<\/td><td>Maria Asenate Concei\u00e7\u00e3o Franco<\/td><\/tr><\/tbody><\/table><\/figure>\n<\/div><\/div>\n\n\n\n<div id=\"guanambi\" class=\"wp-block-group\"><div class=\"wp-block-group__inner-container is-layout-constrained wp-block-group-is-layout-constrained\">\n<h3 class=\"wp-block-heading\">Campus Guanambi<\/h3>\n\n\n\n<p>Programa\u00e7\u00e3o das oficinas no campus.<\/p>\n\n\n\n<figure class=\"wp-block-table\"><table><tbody><tr><td>10h \u00e0s 11h30<\/td><td>Entre Folhas e Saberes: conhecimentos quilombolas sobre plantas medicinais  como instrumento de educa\u00e7\u00e3o antirracista<\/td><td>Fernanda da Silva Santos, Camila Vitoria Costa Ferreira, Leonor Neves Martins Pereira, Luziane Neves Martins, Robert Oliveira da Silva, Daniele de Brito Trindade, <br>Luciene Alves dos Santos Silva (Tia Iy\u00f4)<\/td><\/tr><tr><td>15h \u00e0s 17h30<\/td><td>Estat\u00edstica como ferramenta de emancipa\u00e7\u00e3o: an\u00e1lise de dados com foco nas rela\u00e7\u00f5es \u00e9tnico-raciais<\/td><td>Jo\u00e3o Vitor Lima Castro Teixeira e Daniele de Brito Trindade<\/td><\/tr><\/tbody><\/table><\/figure>\n<\/div><\/div>\n\n\n\n<div id=\"itaberaba\" class=\"wp-block-group\"><div class=\"wp-block-group__inner-container is-layout-constrained wp-block-group-is-layout-constrained\">\n<h3 class=\"wp-block-heading\">Campus Itaberaba<\/h3>\n\n\n\n<p>Programa\u00e7\u00e3o das oficinas no campus.<\/p>\n\n\n\n<figure class=\"wp-block-table\"><table><tbody><tr><td>13h \u00e0s 15h<\/td><td>Tran\u00e7ando Mem\u00f3rias: Est\u00e9tica, Identidade e Resist\u00eancia<\/td><td>Ana Lu\u00edsa de Almeida Costa, <br>Estefane da Silva Barbosa, <br>Ramille de Souza Guerra, Su\u00eade Santos Barbosa (Profa. Orientadora)<\/td><\/tr><tr><td>14h \u00e0s 16h<\/td><td>Ginga e Resist\u00eancia: Viv\u00eancia com a Capoeira<\/td><td>L\u00e1zaro da Silva Cerqueira, Suelen Santos de Almeida, Wedson Oliveira dos Santos<\/td><\/tr><tr><td>15h20 \u00e0s 17h20<\/td><td>Saberes ancestrais em jogo: Explorando os tabuleiros africanos<\/td><td>Andressa dos Santos Brand\u00e3o, Ana Marta Pereira de Oliveira,Juan Matos de Oliveira, <br>Su\u00eade Santos Barbosa (Profa. Orientadora)<\/td><\/tr><\/tbody><\/table><\/figure>\n<\/div><\/div>\n\n\n\n<div id=\"itapetinga\" class=\"wp-block-group\"><div class=\"wp-block-group__inner-container is-layout-constrained wp-block-group-is-layout-constrained\">\n<h3 class=\"wp-block-heading\">Campus Itapetinga<\/h3>\n\n\n\n<p>Programa\u00e7\u00e3o das oficinas no campus.<\/p>\n\n\n\n<figure class=\"wp-block-table\"><table><tbody><tr><td>10h30 \u00e0s 11h30<\/td><td>Matem\u00e1tica e Arte ind\u00edgena<\/td><td>Fabr\u00edcio Santos<\/td><\/tr><tr><td>10h30 \u00e0s 11h30<\/td><td>Capoeira: ra\u00edzes quilombo<\/td><td>Mestre Val\u00e9rio do Nascimento <br>e Prof. Vagner Saiajin<\/td><\/tr><tr><td>10h30 \u00e0s 11h30<\/td><td>M\u00fasica, ancestralidade, mulheres e resist\u00eancia<\/td><td>Daniela Moura<\/td><\/tr><tr><td>10h30 \u00e0s 11h30<\/td><td>Rela\u00e7\u00f5es \u00e9tnico-raciais e educa\u00e7\u00e3o no Brasil: quest\u00f5es para a agenda dos(as)<br>professores(as) da e na Educa\u00e7\u00e3o B\u00e1sica<\/td><td>Andirana Oliveira Lima<\/td><\/tr><tr><td>10h30 \u00e0s 11h30<\/td><td>Mulheres negras<\/td><td>Amanda Coelho<\/td><\/tr><tr><td>10h30 \u00e0s 11h30<\/td><td>Ci\u00eancia Negra<\/td><td>Alan Jhonny<\/td><\/tr><\/tbody><\/table><\/figure>\n<\/div><\/div>\n\n\n\n<div id=\"santa-ines\" class=\"wp-block-group\"><div class=\"wp-block-group__inner-container is-layout-constrained wp-block-group-is-layout-constrained\">\n<h3 class=\"wp-block-heading\">Campus Santa In\u00eas<\/h3>\n\n\n\n<p>Programa\u00e7\u00e3o da oficina no campus.<\/p>\n\n\n\n<figure class=\"wp-block-table\"><table><tbody><tr><td>10h \u00e0s 11h30<\/td><td>Literatura de Mulheres Pretas: Insurg\u00eancias, Desobedi\u00eancia e Outros Arrombamentos<\/td><td>Jos\u00e9 Rosa dos Santos Junior<\/td><\/tr><tr><td>10h \u00e0s 11h30<\/td><td>Oficina de cria\u00e7\u00e3o liter\u00e1ria com protagonismo negro<\/td><td>Ivo Ferreira de Jesus<\/td><\/tr><\/tbody><\/table><\/figure>\n<\/div><\/div>\n\n\n\n<div id=\"serrinha\" class=\"wp-block-group\"><div class=\"wp-block-group__inner-container is-layout-constrained wp-block-group-is-layout-constrained\">\n<h3 class=\"wp-block-heading\">Campus Serrinha<\/h3>\n\n\n\n<p>Programa\u00e7\u00e3o da oficina no campus.<\/p>\n\n\n\n<figure class=\"wp-block-table\"><table><tbody><tr><td>10h <\/td><td>\u201cReflex\u00f5es sobre a Hist\u00f3ria do Negro no Brasil\u201d<\/td><td>Thiago Alberto Alves dos Santos<\/td><\/tr><tr><td>10h<\/td><td>\u201cAlma em performance &#8211; Encenar para existir \u201d<\/td><td>Bruno Henrique Pereira da Silva<\/td><\/tr><tr><td>10h<\/td><td>\u201cEscreviv\u00eancias po\u00e9ticas: palavras que curam\u201d<\/td><td>Marline Ara\u00fajo Santos<\/td><\/tr><\/tbody><\/table><\/figure>\n<\/div><\/div>\n\n\n\n<div id=\"teixeira-de-freitas\" class=\"wp-block-group\"><div class=\"wp-block-group__inner-container is-layout-constrained wp-block-group-is-layout-constrained\">\n<h3 class=\"wp-block-heading\">Campus Teixeira de Freitas<\/h3>\n\n\n\n<p>Programa\u00e7\u00e3o das oficinas no campus.<\/p>\n\n\n\n<figure class=\"wp-block-table\"><table><tbody><tr><td>14h \u00e0s 17h<\/td><td>Existem ra\u00e7as na esp\u00e9cie humana?<\/td><td>Alana Araujo dos Santos<\/td><\/tr><tr><td>14h \u00e0s 17h<\/td><td>Slam e performance<\/td><td>Eliza Maria da Silva Metzker e Izabella Germano Santos de Oliveira<\/td><\/tr><tr><td>14h \u00e0s 17h<\/td><td>(Re)Florestar e (Re)Significar: Racismo ambiental, Sustentabilidade, Povos tradicionais e a rela\u00e7\u00e3o do  <br>Engenheiro agr\u00f4nomo nesse cen\u00e1rio<\/td><td>Gabriel Souza de Jesus, <br>Rayane Santos Silva e Gabriela Santana Luz<\/td><\/tr><\/tbody><\/table><\/figure>\n<\/div><\/div>\n\n\n\n<div id=\"urucuca\" class=\"wp-block-group\"><div class=\"wp-block-group__inner-container is-layout-constrained wp-block-group-is-layout-constrained\">\n<h3 class=\"wp-block-heading\">Campus Uru\u00e7uca<\/h3>\n\n\n\n<p>Programa\u00e7\u00e3o das oficinas no campus.<\/p>\n\n\n\n<figure class=\"wp-block-table\"><table><tbody><tr><td>10h \u00e0s 12h<\/td><td>Oficina de turbantes: valorizando a cultura <br>afro-brasileira<\/td><td>Barbara Silva de Souza<\/td><\/tr><tr><td>13h30 \u00e0s 15h30<\/td><td>Um \u201cencontro precioso\u201d: oficina de confec\u00e7\u00e3o de <br>Bonecas Abayomi<\/td><td>Verena Santos Abreu<\/td><\/tr><\/tbody><\/table><\/figure>\n<\/div><\/div>\n\n\n\n<div id=\"xique-xique\" class=\"wp-block-group\"><div class=\"wp-block-group__inner-container is-layout-constrained wp-block-group-is-layout-constrained\">\n<h3 class=\"wp-block-heading\">Campus Xique-Xique<\/h3>\n\n\n\n<p>Programa\u00e7\u00e3o das oficinas no campus.<\/p>\n\n\n\n<figure class=\"wp-block-table\"><table><tbody><tr><td>10h \u00e0s 12h<\/td><td>&#8220;Meu turbante \u00e9 minha Coroa: Valorizando a ancestralidade da Identidade Negra&#8221;<\/td><td>Leninha Santus<\/td><\/tr><tr><td>10h \u00e0s 12h<\/td><td>Afroletramento e educa\u00e7\u00e3o profissional &#8211; construindo afrobetos<\/td><td>Bianca Barreto do Nascimento<\/td><\/tr><tr><td>15h30 \u00e0s 17h30<\/td><td>Quem Sou Eu? Identidade e Autodeclara\u00e7\u00e3o \u00c9tnico-Racial<\/td><td>Carolina Antonia Silva Trindade<\/td><\/tr><\/tbody><\/table><\/figure>\n<\/div><\/div>\n\n\n\n<script>\r\ndocument.querySelectorAll('a[href^=\"#\"]').forEach(anchor => {\r\n  anchor.addEventListener('click', function(e) {\r\n    e.preventDefault();\r\n    const target = document.querySelector(this.getAttribute('href'));\r\n    if (target) {\r\n      target.scrollIntoView({ behavior: 'smooth' });\r\n    }\r\n  });\r\n});\r\n<\/script>\n","protected":false},"excerpt":{"rendered":"<p>HOR\u00c1RIO ATIVIDADE LOCAL 08 \u00e0s 12h MESA REDONDA 2: A import\u00e2ncia dos NEABIs no enfrentamento ao racismo institucionalexperi\u00eancias dos Institutos Federais (IFAL, IFBA, IF Baiano, IFCE, IFMA, IFPE, IFPI e IFRN). Moderadora: Profa. Ma. Rafaela Magalh\u00e3es No pr\u00e9dio administrativo -JB (Salvador) &#8211; Com Transmiss\u00e3o para todos os campi 10h \u00e0s 10h30 Intervalo para coffee break &#8230; <a title=\"28 de maio\" class=\"read-more\" href=\"https:\/\/eventos.ifbaiano.edu.br\/portal\/5-reneabi\/programacao\/28-de-maio\/\" aria-label=\"Read more about 28 de maio\">Ler mais<\/a><\/p>\n","protected":false},"author":43,"featured_media":0,"parent":38,"menu_order":0,"comment_status":"closed","ping_status":"closed","template":"","meta":{"footnotes":""},"_links":{"self":[{"href":"https:\/\/eventos.ifbaiano.edu.br\/portal\/5-reneabi\/wp-json\/wp\/v2\/pages\/107"}],"collection":[{"href":"https:\/\/eventos.ifbaiano.edu.br\/portal\/5-reneabi\/wp-json\/wp\/v2\/pages"}],"about":[{"href":"https:\/\/eventos.ifbaiano.edu.br\/portal\/5-reneabi\/wp-json\/wp\/v2\/types\/page"}],"author":[{"embeddable":true,"href":"https:\/\/eventos.ifbaiano.edu.br\/portal\/5-reneabi\/wp-json\/wp\/v2\/users\/43"}],"replies":[{"embeddable":true,"href":"https:\/\/eventos.ifbaiano.edu.br\/portal\/5-reneabi\/wp-json\/wp\/v2\/comments?post=107"}],"version-history":[{"count":22,"href":"https:\/\/eventos.ifbaiano.edu.br\/portal\/5-reneabi\/wp-json\/wp\/v2\/pages\/107\/revisions"}],"predecessor-version":[{"id":383,"href":"https:\/\/eventos.ifbaiano.edu.br\/portal\/5-reneabi\/wp-json\/wp\/v2\/pages\/107\/revisions\/383"}],"up":[{"embeddable":true,"href":"https:\/\/eventos.ifbaiano.edu.br\/portal\/5-reneabi\/wp-json\/wp\/v2\/pages\/38"}],"wp:attachment":[{"href":"https:\/\/eventos.ifbaiano.edu.br\/portal\/5-reneabi\/wp-json\/wp\/v2\/media?parent=107"}],"curies":[{"name":"wp","href":"https:\/\/api.w.org\/{rel}","templated":true}]}}