{"id":31,"date":"2021-09-02T17:10:06","date_gmt":"2021-09-02T20:10:06","guid":{"rendered":"https:\/\/eventos.ifbaiano.edu.br\/portal\/4-seminario-sisal-serrinha\/?page_id=31"},"modified":"2023-11-28T16:26:28","modified_gmt":"2023-11-28T19:26:28","slug":"convidados","status":"publish","type":"page","link":"https:\/\/eventos.ifbaiano.edu.br\/portal\/4-seminario-sisal-serrinha\/convidados\/","title":{"rendered":"Convidados"},"content":{"rendered":"\n<figure class=\"wp-block-image size-thumbnail is-style-rounded\"><img loading=\"lazy\" decoding=\"async\" width=\"150\" height=\"150\" src=\"https:\/\/eventos.ifbaiano.edu.br\/portal\/4-seminario-sisal-serrinha\/files\/2023\/09\/Fernando-150x150.jpeg\" alt=\"\" class=\"wp-image-143\" \/><\/figure>\n\n\n\n<p>Fernando Marinho (IF Baiano \u2013 Mediador)<br><a href=\"http:\/\/lattes.cnpq.br\/1312495288388541\" target=\"_blank\" rel=\"noreferrer noopener\">http:\/\/lattes.cnpq.br\/1312495288388541<\/a><\/p>\n\n\n\n<hr>\n\n\n\n<figure class=\"wp-block-image size-thumbnail is-style-rounded\"><img loading=\"lazy\" decoding=\"async\" width=\"150\" height=\"150\" src=\"https:\/\/eventos.ifbaiano.edu.br\/portal\/4-seminario-sisal-serrinha\/files\/2023\/09\/Foto-02-150x150.jpg\" alt=\"\" class=\"wp-image-145\" \/><\/figure>\n\n\n\n<p>Agripino Souza Coelho Neto (UNEB)<br><a href=\"http:\/\/lattes.cnpq.br\/1597179534966668\" target=\"_blank\" rel=\"noreferrer noopener\">http:\/\/lattes.cnpq.br\/1597179534966668<\/a>  <\/p>\n\n\n\n<hr>\n\n\n\n<p>Heron Ferreira Souza (IF Baiano)<br><a href=\"http:\/\/lattes.cnpq.br\/9527831284464333\" target=\"_blank\" rel=\"noreferrer noopener\">http:\/\/lattes.cnpq.br\/9527831284464333<\/a> <\/p>\n\n\n\n<hr>\n\n\n\n<figure class=\"wp-block-image size-full is-resized is-style-rounded\"><img loading=\"lazy\" decoding=\"async\" src=\"https:\/\/eventos.ifbaiano.edu.br\/portal\/4-seminario-sisal-serrinha\/files\/2023\/10\/Leina-Marques.jpg\" alt=\"\" class=\"wp-image-151\" width=\"150\" height=\"150\" \/><\/figure>\n\n\n\n<p>Leina Brito Marques (Associa\u00e7\u00e3o de Vaqueiros de Biritinga)<br><\/p>\n\n\n\n<hr>\n\n\n\n<p>Maria Aparecida Brito Oliveira (IF Baiano &#8211; Mediadora)<br><a href=\"http:\/\/lattes.cnpq.br\/8916707698424177\" target=\"_blank\" rel=\"noreferrer noopener\">http:\/\/lattes.cnpq.br\/8916707698424177<\/a> <\/p>\n\n\n\n<hr>\n\n\n\n<p>Miguel \u00c2ngelo Almeida Teles (Biblioteca Central da Bahia)<br><a href=\"http:\/\/lattes.cnpq.br\/5933326013665222\" target=\"_blank\" rel=\"noreferrer noopener\">http:\/\/lattes.cnpq.br\/5933326013665222<\/a><\/p>\n\n\n\n<hr>\n\n\n\n<p>Paula Silva Ferreira (N\u00facleo Ra\u00edzes do Sert\u00e3o)<\/p>\n","protected":false},"excerpt":{"rendered":"<p>Fernando Marinho (IF Baiano \u2013 Mediador)http:\/\/lattes.cnpq.br\/1312495288388541 Agripino Souza Coelho Neto (UNEB)http:\/\/lattes.cnpq.br\/1597179534966668 Heron Ferreira Souza (IF Baiano)http:\/\/lattes.cnpq.br\/9527831284464333 Leina Brito Marques (Associa\u00e7\u00e3o de Vaqueiros de Biritinga) Maria Aparecida Brito Oliveira (IF Baiano &#8211; Mediadora)http:\/\/lattes.cnpq.br\/8916707698424177 Miguel \u00c2ngelo Almeida Teles (Biblioteca Central da Bahia)http:\/\/lattes.cnpq.br\/5933326013665222 Paula Silva Ferreira (N\u00facleo Ra\u00edzes do Sert\u00e3o)<\/p>\n","protected":false},"author":20,"featured_media":0,"parent":0,"menu_order":0,"comment_status":"closed","ping_status":"closed","template":"","meta":{"neve_meta_sidebar":"","neve_meta_container":"","neve_meta_enable_content_width":"","neve_meta_content_width":0,"neve_meta_title_alignment":"","neve_meta_author_avatar":"","neve_post_elements_order":"","neve_meta_disable_header":"","neve_meta_disable_footer":"","neve_meta_disable_title":"","footnotes":""},"_links":{"self":[{"href":"https:\/\/eventos.ifbaiano.edu.br\/portal\/4-seminario-sisal-serrinha\/wp-json\/wp\/v2\/pages\/31"}],"collection":[{"href":"https:\/\/eventos.ifbaiano.edu.br\/portal\/4-seminario-sisal-serrinha\/wp-json\/wp\/v2\/pages"}],"about":[{"href":"https:\/\/eventos.ifbaiano.edu.br\/portal\/4-seminario-sisal-serrinha\/wp-json\/wp\/v2\/types\/page"}],"author":[{"embeddable":true,"href":"https:\/\/eventos.ifbaiano.edu.br\/portal\/4-seminario-sisal-serrinha\/wp-json\/wp\/v2\/users\/20"}],"replies":[{"embeddable":true,"href":"https:\/\/eventos.ifbaiano.edu.br\/portal\/4-seminario-sisal-serrinha\/wp-json\/wp\/v2\/comments?post=31"}],"version-history":[{"count":14,"href":"https:\/\/eventos.ifbaiano.edu.br\/portal\/4-seminario-sisal-serrinha\/wp-json\/wp\/v2\/pages\/31\/revisions"}],"predecessor-version":[{"id":173,"href":"https:\/\/eventos.ifbaiano.edu.br\/portal\/4-seminario-sisal-serrinha\/wp-json\/wp\/v2\/pages\/31\/revisions\/173"}],"wp:attachment":[{"href":"https:\/\/eventos.ifbaiano.edu.br\/portal\/4-seminario-sisal-serrinha\/wp-json\/wp\/v2\/media?parent=31"}],"curies":[{"name":"wp","href":"https:\/\/api.w.org\/{rel}","templated":true}]}}