{"id":20,"date":"2020-08-04T15:04:15","date_gmt":"2020-08-04T18:04:15","guid":{"rendered":"https:\/\/eventos.ifbaiano.edu.br\/portal\/2-simposio-tecnologia-agroindustria-guanambi\/?page_id=20"},"modified":"2020-10-06T07:24:51","modified_gmt":"2020-10-06T10:24:51","slug":"pagina-inicial","status":"publish","type":"page","link":"https:\/\/eventos.ifbaiano.edu.br\/portal\/2-simposio-tecnologia-agroindustria-guanambi\/pagina-inicial\/","title":{"rendered":"O Evento"},"content":{"rendered":"\n<div class=\"wp-block-image\"><figure class=\"aligncenter\"><img loading=\"lazy\" decoding=\"async\" width=\"1024\" height=\"213\" src=\"https:\/\/eventos.ifbaiano.edu.br\/portal\/2-simposio-tecnologia-agroindustria-guanambi\/files\/2020\/08\/banner-2-simta-guanambi-1024x213.jpg\" alt=\"\" class=\"wp-image-24\" srcset=\"https:\/\/eventos.ifbaiano.edu.br\/portal\/2-simposio-tecnologia-agroindustria-guanambi\/files\/2020\/08\/banner-2-simta-guanambi-1024x213.jpg 1024w, https:\/\/eventos.ifbaiano.edu.br\/portal\/2-simposio-tecnologia-agroindustria-guanambi\/files\/2020\/08\/banner-2-simta-guanambi-300x63.jpg 300w, https:\/\/eventos.ifbaiano.edu.br\/portal\/2-simposio-tecnologia-agroindustria-guanambi\/files\/2020\/08\/banner-2-simta-guanambi-768x160.jpg 768w, https:\/\/eventos.ifbaiano.edu.br\/portal\/2-simposio-tecnologia-agroindustria-guanambi\/files\/2020\/08\/banner-2-simta-guanambi.jpg 1440w\" sizes=\"(max-width: 1024px) 100vw, 1024px\" \/><\/figure><\/div>\n\n\n\n<div class=\"wp-block-columns has-2-columns is-layout-flex wp-container-core-columns-is-layout-1 wp-block-columns-is-layout-flex\">\n<div class=\"wp-block-column is-layout-flow wp-block-column-is-layout-flow\">\n<p style=\"text-align:left\"><strong>O EVENTO<\/strong><\/p>\n\n\n\n<p>Com o Tema central \u201cCi\u00eancia e Inova\u00e7\u00e3o a Servi\u00e7o da Agroind\u00fastria\u201d o II Simp\u00f3sio de Tecnologia em Agroind\u00fastria &#8211; SIMTA &#8211; objetiva apresentar inova\u00e7\u00f5es tecnol\u00f3gicas de interesse nacional, discutir e difundir tecnologias inovadoras geradas para a ind\u00fastria de alimentos a n\u00edvel nacional, em especial do Estado da Bahia. Al\u00e9m disso, o evento visa divulgar os trabalhos acad\u00eamicos desenvolvidos pelos discentes deste Curso, atrav\u00e9s de mini-cursos\/oficinas, a fim de valorizar as ementas e os trabalhos constru\u00eddos em sala de aula e\/ou em laborat\u00f3rios.<\/p>\n<\/div>\n\n\n\n<div class=\"wp-block-column is-layout-flow wp-block-column-is-layout-flow\">\n<p><strong>P\u00daBLICO ALVO<\/strong><\/p>\n\n\n\n<p>Estudantes, t\u00e9cnicos, pesquisadores e empreendedores do setor de agroind\u00fastria<\/p>\n\n\n\n<p><strong>INSCRI\u00c7\u00d5ES<\/strong><\/p>\n\n\n\n<p>Inscri\u00e7\u00f5es Encerradas<\/p>\n<\/div>\n<\/div>\n","protected":false},"excerpt":{"rendered":"<p>O EVENTO Com o Tema central \u201cCi\u00eancia e Inova\u00e7\u00e3o a Servi\u00e7o da Agroind\u00fastria\u201d o II Simp\u00f3sio de Tecnologia em Agroind\u00fastria &#8211; SIMTA &#8211; objetiva apresentar inova\u00e7\u00f5es tecnol\u00f3gicas de interesse nacional, discutir e difundir tecnologias inovadoras geradas para a ind\u00fastria de alimentos a n\u00edvel nacional, em especial do Estado da Bahia. Al\u00e9m disso, o evento visa&hellip;&nbsp;<a href=\"https:\/\/eventos.ifbaiano.edu.br\/portal\/2-simposio-tecnologia-agroindustria-guanambi\/pagina-inicial\/\" rel=\"bookmark\">Continue a ler &raquo;<span class=\"screen-reader-text\">O Evento<\/span><\/a><\/p>\n","protected":false},"author":20,"featured_media":0,"parent":0,"menu_order":0,"comment_status":"closed","ping_status":"closed","template":"","meta":{"neve_meta_sidebar":"","neve_meta_container":"","neve_meta_enable_content_width":"off","neve_meta_content_width":0,"neve_meta_title_alignment":"","neve_meta_author_avatar":"","neve_post_elements_order":"","neve_meta_disable_header":"","neve_meta_disable_footer":"","neve_meta_disable_title":"","footnotes":""},"_links":{"self":[{"href":"https:\/\/eventos.ifbaiano.edu.br\/portal\/2-simposio-tecnologia-agroindustria-guanambi\/wp-json\/wp\/v2\/pages\/20"}],"collection":[{"href":"https:\/\/eventos.ifbaiano.edu.br\/portal\/2-simposio-tecnologia-agroindustria-guanambi\/wp-json\/wp\/v2\/pages"}],"about":[{"href":"https:\/\/eventos.ifbaiano.edu.br\/portal\/2-simposio-tecnologia-agroindustria-guanambi\/wp-json\/wp\/v2\/types\/page"}],"author":[{"embeddable":true,"href":"https:\/\/eventos.ifbaiano.edu.br\/portal\/2-simposio-tecnologia-agroindustria-guanambi\/wp-json\/wp\/v2\/users\/20"}],"replies":[{"embeddable":true,"href":"https:\/\/eventos.ifbaiano.edu.br\/portal\/2-simposio-tecnologia-agroindustria-guanambi\/wp-json\/wp\/v2\/comments?post=20"}],"version-history":[{"count":8,"href":"https:\/\/eventos.ifbaiano.edu.br\/portal\/2-simposio-tecnologia-agroindustria-guanambi\/wp-json\/wp\/v2\/pages\/20\/revisions"}],"predecessor-version":[{"id":118,"href":"https:\/\/eventos.ifbaiano.edu.br\/portal\/2-simposio-tecnologia-agroindustria-guanambi\/wp-json\/wp\/v2\/pages\/20\/revisions\/118"}],"wp:attachment":[{"href":"https:\/\/eventos.ifbaiano.edu.br\/portal\/2-simposio-tecnologia-agroindustria-guanambi\/wp-json\/wp\/v2\/media?parent=20"}],"curies":[{"name":"wp","href":"https:\/\/api.w.org\/{rel}","templated":true}]}}