{"id":28,"date":"2018-03-09T01:31:44","date_gmt":"2018-03-09T04:31:44","guid":{"rendered":"http:\/\/eventos.ifbaiano.edu.br\/portal\/2-seminario-agroecologia-guanambi\/?page_id=28"},"modified":"2018-03-09T01:31:44","modified_gmt":"2018-03-09T04:31:44","slug":"localizacao","status":"publish","type":"page","link":"https:\/\/eventos.ifbaiano.edu.br\/portal\/2-seminario-agroecologia-guanambi\/localizacao\/","title":{"rendered":"Localiza\u00e7\u00e3o"},"content":{"rendered":"<p><strong>LOCAL DO EVENTO<\/strong><\/p>\n<p>Instituto Federal Baiano \u2013 Campus Guanambi<br \/>\nDistrito de Cera\u00edma \u2013 Guanambi\/Bahia<\/p>\n<p style=\"text-align: justify\"><strong>Guanambi<\/strong>\u00a0\u00e9 um munic\u00edpio\u00a0brasileiro\u00a0do estado da\u00a0Bahia, distante 796 quil\u00f4metros a sudoeste de\u00a0Salvador, sendo interligado \u00e0 capital pela\u00a0BR-030,\u00a0BR-242\u00a0e\u00a0BR-324, a 45\u00a0km de\u00a0Caetit\u00e9\u00a0e a 43\u00a0km de\u00a0Palmas de Monte Alto\u00a0pela\u00a0BR-030, a 33\u00a0km de\u00a0Pinda\u00ed\u00a0pela\u00a0BR-122\u00a0e a 29\u00a0km de\u00a0Candiba\u00a0pela\u00a0BA-262. Sua popula\u00e7\u00e3o fora estimada em 2016, segundo o\u00a0IBGE, em 86,320 habitantes, o que a faz continuar sendo o\u00a0vig\u00e9simo munic\u00edpio mais populoso da Bahia. \u00c9 munic\u00edpio polo da\u00a0Microrregi\u00e3o de Guanambi, estabelecendo influ\u00eancia comercial e de infraestrutura para uma \u00e1rea de aproximadamente 400 mil habitantes. Abriga, ao lado de\u00a0Caetit\u00e9\u00a0e\u00a0Igapor\u00e3, o maior complexo e\u00f3lico da\u00a0Am\u00e9rica Latina. \u00c9 o munic\u00edpio mais desenvolvido da Bahia, segundo o\u00a0IFDM. (Wikipedia)<\/p>\n<p><img loading=\"lazy\" decoding=\"async\" class=\"alignnone size-full wp-image-52 aligncenter\" src=\"http:\/\/eventos.ifbaiano.edu.br\/portal\/seminario-pibid-2017\/files\/2017\/08\/Mapa-Guanambi.jpg\" alt=\"Mapa Guanambi\" width=\"747\" height=\"547\" \/><\/p>\n<p style=\"text-align: center\"><strong>Op\u00e7\u00f5es de Hospedagem<\/strong><img loading=\"lazy\" decoding=\"async\" class=\"alignnone size-full wp-image-48 aligncenter\" src=\"http:\/\/eventos.ifbaiano.edu.br\/portal\/seminario-pibid-2017\/files\/2017\/08\/op%C3%A7%C3%B5es-de-hospedagem.jpg\" alt=\"op\u00e7\u00f5es de hospedagem\" width=\"654\" height=\"502\" \/><\/p>\n","protected":false},"excerpt":{"rendered":"<p>LOCAL DO EVENTO Instituto Federal Baiano \u2013 Campus Guanambi Distrito de Cera\u00edma \u2013 Guanambi\/Bahia Guanambi\u00a0\u00e9 um munic\u00edpio\u00a0brasileiro\u00a0do estado da\u00a0Bahia, distante 796 quil\u00f4metros a sudoeste de\u00a0Salvador, sendo interligado \u00e0 capital pela\u00a0BR-030,\u00a0BR-242\u00a0e\u00a0BR-324, a 45\u00a0km de\u00a0Caetit\u00e9\u00a0e a 43\u00a0km de\u00a0Palmas de Monte Alto\u00a0pela\u00a0BR-030, a 33\u00a0km de\u00a0Pinda\u00ed\u00a0pela\u00a0BR-122\u00a0e a 29\u00a0km de\u00a0Candiba\u00a0pela\u00a0BA-262. Sua popula\u00e7\u00e3o fora estimada em 2016, segundo o\u00a0IBGE, em 86,320&hellip;&nbsp;<a href=\"https:\/\/eventos.ifbaiano.edu.br\/portal\/2-seminario-agroecologia-guanambi\/localizacao\/\" rel=\"bookmark\">Continue a ler &raquo;<span class=\"screen-reader-text\">Localiza\u00e7\u00e3o<\/span><\/a><\/p>\n","protected":false},"author":48,"featured_media":0,"parent":0,"menu_order":0,"comment_status":"closed","ping_status":"closed","template":"","meta":{"neve_meta_sidebar":"","neve_meta_container":"","neve_meta_enable_content_width":"","neve_meta_content_width":0,"neve_meta_title_alignment":"","neve_meta_author_avatar":"","neve_post_elements_order":"","neve_meta_disable_header":"","neve_meta_disable_footer":"","neve_meta_disable_title":"","footnotes":""},"_links":{"self":[{"href":"https:\/\/eventos.ifbaiano.edu.br\/portal\/2-seminario-agroecologia-guanambi\/wp-json\/wp\/v2\/pages\/28"}],"collection":[{"href":"https:\/\/eventos.ifbaiano.edu.br\/portal\/2-seminario-agroecologia-guanambi\/wp-json\/wp\/v2\/pages"}],"about":[{"href":"https:\/\/eventos.ifbaiano.edu.br\/portal\/2-seminario-agroecologia-guanambi\/wp-json\/wp\/v2\/types\/page"}],"author":[{"embeddable":true,"href":"https:\/\/eventos.ifbaiano.edu.br\/portal\/2-seminario-agroecologia-guanambi\/wp-json\/wp\/v2\/users\/48"}],"replies":[{"embeddable":true,"href":"https:\/\/eventos.ifbaiano.edu.br\/portal\/2-seminario-agroecologia-guanambi\/wp-json\/wp\/v2\/comments?post=28"}],"version-history":[{"count":1,"href":"https:\/\/eventos.ifbaiano.edu.br\/portal\/2-seminario-agroecologia-guanambi\/wp-json\/wp\/v2\/pages\/28\/revisions"}],"predecessor-version":[{"id":29,"href":"https:\/\/eventos.ifbaiano.edu.br\/portal\/2-seminario-agroecologia-guanambi\/wp-json\/wp\/v2\/pages\/28\/revisions\/29"}],"wp:attachment":[{"href":"https:\/\/eventos.ifbaiano.edu.br\/portal\/2-seminario-agroecologia-guanambi\/wp-json\/wp\/v2\/media?parent=28"}],"curies":[{"name":"wp","href":"https:\/\/api.w.org\/{rel}","templated":true}]}}

Localização

<p><strong>LOCAL DO EVENTO</strong></p>
<p>Instituto Federal Baiano – Campus Guanambi<br />
Distrito de Ceraíma – Guanambi/Bahia</p>
<p style="text-align: justify"><strong>Guanambi</strong> é um município brasileiro do estado da Bahia, distante 796 quilômetros a sudoeste de Salvador, sendo interligado à capital pela BR-030, BR-242 e BR-324, a 45 km de Caetité e a 43 km de Palmas de Monte Alto pela BR-030, a 33 km de Pindaí pela BR-122 e a 29 km de Candiba pela BA-262. Sua população fora estimada em 2016, segundo o IBGE, em 86,320 habitantes, o que a faz continuar sendo o vigésimo município mais populoso da Bahia. É município polo da Microrregião de Guanambi, estabelecendo influência comercial e de infraestrutura para uma área de aproximadamente 400 mil habitantes. Abriga, ao lado de Caetité e Igaporã, o maior complexo eólico da América Latina. É o município mais desenvolvido da Bahia, segundo o IFDM. (Wikipedia)</p>
<p><img loading="lazy" decoding="async" class="alignnone size-full wp-image-52 aligncenter" src="http://eventos.ifbaiano.edu.br/portal/seminario-pibid-2017/files/2017/08/Mapa-Guanambi.jpg" alt="Mapa Guanambi" width="747" height="547" /></p>
<p style="text-align: center"><strong>Opções de Hospedagem</strong><img loading="lazy" decoding="async" class="alignnone size-full wp-image-48 aligncenter" src="http://eventos.ifbaiano.edu.br/portal/seminario-pibid-2017/files/2017/08/op%C3%A7%C3%B5es-de-hospedagem.jpg" alt="opções de hospedagem" width="654" height="502" /></p>

<p>LOCAL DO EVENTO Instituto Federal Baiano – Campus Guanambi Distrito de Ceraíma – Guanambi/Bahia Guanambi é um município brasileiro do estado da Bahia, distante 796 quilômetros a sudoeste de Salvador, sendo interligado à capital pela BR-030, BR-242 e BR-324, a 45 km de Caetité e a 43 km de Palmas de Monte Alto pela BR-030, a 33 km de Pindaí pela BR-122 e a 29 km de Candiba pela BA-262. Sua população fora estimada em 2016, segundo o IBGE, em 86,320&hellip;&nbsp;<a href="https://eventos.ifbaiano.edu.br/portal/2-seminario-agroecologia-guanambi/localizacao/" rel="bookmark">Continue a ler &raquo;<span class="screen-reader-text">Localização</span></a></p>
